74.7.243.205 - - [10/Feb/2026:09:43:22 -0500] "GET /search.php?detail/06903981122085 HTTP/1.1" 500 720 "https://embajadores.clickboxgo.com/search.php?detail/0240205040068" "Mozilla/5.0 AppleWebKit/537.36 (KHTML, like Gecko; compatible; GPTBot/1.3; +https://openai.com/gptbot)"
74.7.243.205 - - [10/Feb/2026:09:44:26 -0500] "GET /search.php?detail/03401538790498 HTTP/1.1" 500 720 "https://embajadores.clickboxgo.com/search.php?detail/112032466780" "Mozilla/5.0 AppleWebKit/537.36 (KHTML, like Gecko; compatible; GPTBot/1.3; +https://openai.com/gptbot)"
45.142.193.232 - - [10/Feb/2026:09:44:51 -0500] "GET /+CSCOE+/logon.html HTTP/1.1" 500 720 "-" "Mozilla/5.0 (Windows NT 10.0; Win64; x64) AppleWebKit/537.36 (KHTML, like Gecko) Chrome/144.0.0.0 Safari/537.36 Edg/144.0.3719.82"
74.7.243.205 - - [10/Feb/2026:09:45:28 -0500] "GET /search.php?detail/19302775154129 HTTP/1.1" 500 720 "https://embajadores.clickboxgo.com/search.php?detail/11400835635994" "Mozilla/5.0 AppleWebKit/537.36 (KHTML, like Gecko; compatible; GPTBot/1.3; +https://openai.com/gptbot)"
74.7.243.205 - - [10/Feb/2026:09:46:30 -0500] "GET /search.php?detail/19802448215477 HTTP/1.1" 500 720 "https://embajadores.clickboxgo.com/search.php?detail/19800634712410" "Mozilla/5.0 AppleWebKit/537.36 (KHTML, like Gecko; compatible; GPTBot/1.3; +https://openai.com/gptbot)"
74.7.244.34 - - [10/Feb/2026:09:46:30 -0500] "GET /robots.txt HTTP/1.1" 500 720 "-" "Mozilla/5.0 (Macintosh; Intel Mac OS X 10_15_7) AppleWebKit/537.36 (KHTML, like Gecko) Chrome/131.0.0.0 Safari/537.36; compatible; OAI-SearchBot/1.3; robots.txt; +https://openai.com/searchbot"
74.7.243.205 - - [10/Feb/2026:09:47:31 -0500] "GET /search.php?detail/10901215476418 HTTP/1.1" 500 720 "https://embajadores.clickboxgo.com/search.php?detail/300038349563" "Mozilla/5.0 AppleWebKit/537.36 (KHTML, like Gecko; compatible; GPTBot/1.3; +https://openai.com/gptbot)"
74.7.243.205 - - [10/Feb/2026:09:48:31 -0500] "GET /search.php?detail/24303201718876 HTTP/1.1" 500 720 "https://embajadores.clickboxgo.com/search.php?detail/243032030066" "Mozilla/5.0 AppleWebKit/537.36 (KHTML, like Gecko; compatible; GPTBot/1.3; +https://openai.com/gptbot)"
74.7.243.205 - - [10/Feb/2026:09:49:32 -0500] "GET /search.php?detail/29703394801137 HTTP/1.1" 500 720 "https://embajadores.clickboxgo.com/search.php?jp/176033102.html" "Mozilla/5.0 AppleWebKit/537.36 (KHTML, like Gecko; compatible; GPTBot/1.3; +https://openai.com/gptbot)"
74.7.243.205 - - [10/Feb/2026:09:50:33 -0500] "GET /search.php?detail/05204113827074 HTTP/1.1" 500 720 "https://embajadores.clickboxgo.com/search.php?detail/0520272670627" "Mozilla/5.0 AppleWebKit/537.36 (KHTML, like Gecko; compatible; GPTBot/1.3; +https://openai.com/gptbot)"
74.7.243.205 - - [10/Feb/2026:09:51:34 -0500] "GET /search.php?detail/09504362998780 HTTP/1.1" 500 720 "https://embajadores.clickboxgo.com/search.php?detail/162000945110" "Mozilla/5.0 AppleWebKit/537.36 (KHTML, like Gecko; compatible; GPTBot/1.3; +https://openai.com/gptbot)"
74.7.244.34 - - [10/Feb/2026:09:51:34 -0500] "GET /robots.txt HTTP/1.1" 500 720 "-" "Mozilla/5.0 (Macintosh; Intel Mac OS X 10_15_7) AppleWebKit/537.36 (KHTML, like Gecko) Chrome/131.0.0.0 Safari/537.36; compatible; OAI-SearchBot/1.3; robots.txt; +https://openai.com/searchbot"
74.7.243.205 - - [10/Feb/2026:09:52:34 -0500] "GET /search.php?detail/07500848623958 HTTP/1.1" 500 720 "https://embajadores.clickboxgo.com/search.php?detail/024042318961" "Mozilla/5.0 AppleWebKit/537.36 (KHTML, like Gecko; compatible; GPTBot/1.3; +https://openai.com/gptbot)"
74.7.243.205 - - [10/Feb/2026:09:53:35 -0500] "GET /search.php?detail/04902869610313 HTTP/1.1" 500 720 "https://embajadores.clickboxgo.com/search.php?detail/049028691256" "Mozilla/5.0 AppleWebKit/537.36 (KHTML, like Gecko; compatible; GPTBot/1.3; +https://openai.com/gptbot)"
74.7.243.205 - - [10/Feb/2026:09:54:37 -0500] "GET /search.php?detail/25102375582429 HTTP/1.1" 500 720 "https://embajadores.clickboxgo.com/search.php?detail/2220432674767" "Mozilla/5.0 AppleWebKit/537.36 (KHTML, like Gecko; compatible; GPTBot/1.3; +https://openai.com/gptbot)"
74.7.243.205 - - [10/Feb/2026:09:55:43 -0500] "GET /search.php?detail/09204730121466 HTTP/1.1" 500 720 "https://embajadores.clickboxgo.com/search.php?detail/242047380119" "Mozilla/5.0 AppleWebKit/537.36 (KHTML, like Gecko; compatible; GPTBot/1.3; +https://openai.com/gptbot)"
74.7.243.205 - - [10/Feb/2026:09:56:43 -0500] "GET /search.php?detail/24503849590573 HTTP/1.1" 500 720 "https://embajadores.clickboxgo.com/search.php?detail/111002883116" "Mozilla/5.0 AppleWebKit/537.36 (KHTML, like Gecko; compatible; GPTBot/1.3; +https://openai.com/gptbot)"
74.7.244.34 - - [10/Feb/2026:09:56:43 -0500] "GET /robots.txt HTTP/1.1" 500 720 "-" "Mozilla/5.0 (Macintosh; Intel Mac OS X 10_15_7) AppleWebKit/537.36 (KHTML, like Gecko) Chrome/131.0.0.0 Safari/537.36; compatible; OAI-SearchBot/1.3; robots.txt; +https://openai.com/searchbot"
74.7.243.205 - - [10/Feb/2026:09:57:43 -0500] "GET /search.php?detail/25601219475729 HTTP/1.1" 500 720 "https://embajadores.clickboxgo.com/search.php?detail/0920222945925" "Mozilla/5.0 AppleWebKit/537.36 (KHTML, like Gecko; compatible; GPTBot/1.3; +https://openai.com/gptbot)"
141.98.83.188 - - [10/Feb/2026:09:58:01 -0500] "GET /sslvpn_logon.shtml HTTP/1.1" 500 720 "-" "Mozilla/5.0 (Windows NT 10.0; Win64; x64) AppleWebKit/537.36 (KHTML, like Gecko) Chrome/115.0.0.0 Safari/537.36 Edg/115.0.1901.203"
74.7.243.205 - - [10/Feb/2026:09:58:44 -0500] "GET /search.php?detail/04703227816500 HTTP/1.1" 500 720 "https://embajadores.clickboxgo.com/search.php?detail/04703566236154" "Mozilla/5.0 AppleWebKit/537.36 (KHTML, like Gecko; compatible; GPTBot/1.3; +https://openai.com/gptbot)"
206.168.34.202 - - [10/Feb/2026:09:59:43 -0500] "GET /sitemap.xml HTTP/1.1" 500 720 "-" "Mozilla/5.0 (compatible; CensysInspect/1.1; +https://about.censys.io/)"
74.7.243.205 - - [10/Feb/2026:09:59:47 -0500] "GET /search.php?detail/26501811693058 HTTP/1.1" 500 720 "https://embajadores.clickboxgo.com/search.php?detail/265047806433" "Mozilla/5.0 AppleWebKit/537.36 (KHTML, like Gecko; compatible; GPTBot/1.3; +https://openai.com/gptbot)"
74.7.243.205 - - [10/Feb/2026:10:00:50 -0500] "GET /search.php?detail/08900306213546 HTTP/1.1" 500 720 "https://embajadores.clickboxgo.com/search.php?detail/0850002848072" "Mozilla/5.0 AppleWebKit/537.36 (KHTML, like Gecko; compatible; GPTBot/1.3; +https://openai.com/gptbot)"
162.142.125.127 - - [10/Feb/2026:10:00:55 -0500] "GET /sitemap.xml HTTP/1.1" 500 720 "-" "Mozilla/5.0 (compatible; CensysInspect/1.1; +https://about.censys.io/)"
167.94.138.33 - - [10/Feb/2026:10:01:24 -0500] "GET /sitemap.xml HTTP/1.1" 500 720 "-" "Mozilla/5.0 (compatible; CensysInspect/1.1; +https://about.censys.io/)"
74.7.243.205 - - [10/Feb/2026:10:01:53 -0500] "GET /search.php?detail/26300278658933 HTTP/1.1" 500 720 "https://embajadores.clickboxgo.com/search.php?detail/263008312897" "Mozilla/5.0 AppleWebKit/537.36 (KHTML, like Gecko; compatible; GPTBot/1.3; +https://openai.com/gptbot)"
74.7.244.34 - - [10/Feb/2026:10:01:53 -0500] "GET /robots.txt HTTP/1.1" 500 720 "-" "Mozilla/5.0 (Macintosh; Intel Mac OS X 10_15_7) AppleWebKit/537.36 (KHTML, like Gecko) Chrome/131.0.0.0 Safari/537.36; compatible; OAI-SearchBot/1.3; robots.txt; +https://openai.com/searchbot"
74.7.243.205 - - [10/Feb/2026:10:02:54 -0500] "GET /search.php?detail/13303968523584 HTTP/1.1" 500 720 "https://embajadores.clickboxgo.com/search.php?detail/287015190392" "Mozilla/5.0 AppleWebKit/537.36 (KHTML, like Gecko; compatible; GPTBot/1.3; +https://openai.com/gptbot)"
74.7.243.205 - - [10/Feb/2026:10:03:58 -0500] "GET /search.php?detail/23002137485804 HTTP/1.1" 500 720 "https://embajadores.clickboxgo.com/search.php?detail/230032283243" "Mozilla/5.0 AppleWebKit/537.36 (KHTML, like Gecko; compatible; GPTBot/1.3; +https://openai.com/gptbot)"
74.7.243.205 - - [10/Feb/2026:10:05:02 -0500] "GET /search.php?detail/12703683864728 HTTP/1.1" 500 720 "https://embajadores.clickboxgo.com/search.php?detail/273023243288" "Mozilla/5.0 AppleWebKit/537.36 (KHTML, like Gecko; compatible; GPTBot/1.3; +https://openai.com/gptbot)"
74.7.243.205 - - [10/Feb/2026:10:06:08 -0500] "GET /search.php?detail/29800254467859 HTTP/1.1" 500 720 "https://embajadores.clickboxgo.com/search.php?detail/292018181286" "Mozilla/5.0 AppleWebKit/537.36 (KHTML, like Gecko; compatible; GPTBot/1.3; +https://openai.com/gptbot)"
74.7.243.205 - - [10/Feb/2026:10:07:13 -0500] "GET /search.php?detail/21701581897596 HTTP/1.1" 500 720 "https://embajadores.clickboxgo.com/search.php?detail/28103658024592" "Mozilla/5.0 AppleWebKit/537.36 (KHTML, like Gecko; compatible; GPTBot/1.3; +https://openai.com/gptbot)"
74.7.244.34 - - [10/Feb/2026:10:07:13 -0500] "GET /robots.txt HTTP/1.1" 500 720 "-" "Mozilla/5.0 (Macintosh; Intel Mac OS X 10_15_7) AppleWebKit/537.36 (KHTML, like Gecko) Chrome/131.0.0.0 Safari/537.36; compatible; OAI-SearchBot/1.3; robots.txt; +https://openai.com/searchbot"
74.7.243.205 - - [10/Feb/2026:10:08:17 -0500] "GET /search.php?detail/26901856797107 HTTP/1.1" 500 720 "https://embajadores.clickboxgo.com/search.php?detail/0340350843094" "Mozilla/5.0 AppleWebKit/537.36 (KHTML, like Gecko; compatible; GPTBot/1.3; +https://openai.com/gptbot)"
74.7.243.205 - - [10/Feb/2026:10:09:21 -0500] "GET /search.php?detail/21501744562069 HTTP/1.1" 500 720 "https://embajadores.clickboxgo.com/search.php?detail/0230003096018" "Mozilla/5.0 AppleWebKit/537.36 (KHTML, like Gecko; compatible; GPTBot/1.3; +https://openai.com/gptbot)"
44.235.91.112 - - [10/Feb/2026:10:10:21 -0500] "GET /robots.txt HTTP/1.1" 500 720 "-" "Mozilla/5.0 (compatible; wpbot/1.4; +https://forms.gle/ajBaxygz9jSR8p8G9)"
44.235.91.112 - - [10/Feb/2026:10:10:21 -0500] "GET / HTTP/1.1" 500 720 "-" "Mozilla/5.0 (compatible; wpbot/1.4; +https://forms.gle/ajBaxygz9jSR8p8G9)"
74.7.243.205 - - [10/Feb/2026:10:10:24 -0500] "GET /search.php?detail/27303610794172 HTTP/1.1" 500 720 "https://embajadores.clickboxgo.com/search.php?detail/273007488868" "Mozilla/5.0 AppleWebKit/537.36 (KHTML, like Gecko; compatible; GPTBot/1.3; +https://openai.com/gptbot)"
74.7.243.205 - - [10/Feb/2026:10:11:29 -0500] "GET /search.php?detail/24600642198836 HTTP/1.1" 500 720 "https://embajadores.clickboxgo.com/search.php?detail/246003213233" "Mozilla/5.0 AppleWebKit/537.36 (KHTML, like Gecko; compatible; GPTBot/1.3; +https://openai.com/gptbot)"
74.7.243.205 - - [10/Feb/2026:10:12:30 -0500] "GET /search.php?detail/27302399820581 HTTP/1.1" 500 720 "https://embajadores.clickboxgo.com/search.php?detail/10104589605386" "Mozilla/5.0 AppleWebKit/537.36 (KHTML, like Gecko; compatible; GPTBot/1.3; +https://openai.com/gptbot)"
74.7.244.34 - - [10/Feb/2026:10:12:30 -0500] "GET /robots.txt HTTP/1.1" 500 720 "-" "Mozilla/5.0 (Macintosh; Intel Mac OS X 10_15_7) AppleWebKit/537.36 (KHTML, like Gecko) Chrome/131.0.0.0 Safari/537.36; compatible; OAI-SearchBot/1.3; robots.txt; +https://openai.com/searchbot"
74.7.243.205 - - [10/Feb/2026:10:13:32 -0500] "GET /search.php?detail/00302778994965 HTTP/1.1" 500 720 "https://embajadores.clickboxgo.com/search.php?detail/2890076446407" "Mozilla/5.0 AppleWebKit/537.36 (KHTML, like Gecko; compatible; GPTBot/1.3; +https://openai.com/gptbot)"
74.7.243.205 - - [10/Feb/2026:10:14:33 -0500] "GET /search.php?detail/16900672364778 HTTP/1.1" 500 720 "https://embajadores.clickboxgo.com/search.php?detail/06203497505850" "Mozilla/5.0 AppleWebKit/537.36 (KHTML, like Gecko; compatible; GPTBot/1.3; +https://openai.com/gptbot)"
74.7.243.205 - - [10/Feb/2026:10:15:34 -0500] "GET /search.php?detail/29701133828074 HTTP/1.1" 500 720 "https://embajadores.clickboxgo.com/search.php?detail/2970329691854" "Mozilla/5.0 AppleWebKit/537.36 (KHTML, like Gecko; compatible; GPTBot/1.3; +https://openai.com/gptbot)"
74.7.243.205 - - [10/Feb/2026:10:16:36 -0500] "GET /search.php?detail/05303759072894 HTTP/1.1" 500 720 "https://embajadores.clickboxgo.com/search.php?detail/13601190844536" "Mozilla/5.0 AppleWebKit/537.36 (KHTML, like Gecko; compatible; GPTBot/1.3; +https://openai.com/gptbot)"
74.7.243.205 - - [10/Feb/2026:10:17:42 -0500] "GET /search.php?detail/11800421279253 HTTP/1.1" 500 720 "https://embajadores.clickboxgo.com/search.php?detail/04800717624833" "Mozilla/5.0 AppleWebKit/537.36 (KHTML, like Gecko; compatible; GPTBot/1.3; +https://openai.com/gptbot)"
74.7.243.205 - - [10/Feb/2026:10:18:42 -0500] "GET /search.php?detail/01702996451918 HTTP/1.1" 500 720 "https://embajadores.clickboxgo.com/search.php?detail/135048705763" "Mozilla/5.0 AppleWebKit/537.36 (KHTML, like Gecko; compatible; GPTBot/1.3; +https://openai.com/gptbot)"
74.7.243.205 - - [10/Feb/2026:10:19:43 -0500] "GET /search.php?detail/10801796894439 HTTP/1.1" 500 720 "https://embajadores.clickboxgo.com/search.php?detail/108002102529" "Mozilla/5.0 AppleWebKit/537.36 (KHTML, like Gecko; compatible; GPTBot/1.3; +https://openai.com/gptbot)"
74.7.243.205 - - [10/Feb/2026:10:20:48 -0500] "GET /search.php?detail/13901978145936 HTTP/1.1" 500 720 "https://embajadores.clickboxgo.com/search.php?detail/2280266308347" "Mozilla/5.0 AppleWebKit/537.36 (KHTML, like Gecko; compatible; GPTBot/1.3; +https://openai.com/gptbot)"
74.7.243.205 - - [10/Feb/2026:10:21:53 -0500] "GET /search.php?detail/03001496088273 HTTP/1.1" 500 720 "https://embajadores.clickboxgo.com/search.php?detail/030001997962" "Mozilla/5.0 AppleWebKit/537.36 (KHTML, like Gecko; compatible; GPTBot/1.3; +https://openai.com/gptbot)"
74.7.243.205 - - [10/Feb/2026:10:22:58 -0500] "GET /search.php?detail/27501781182306 HTTP/1.1" 500 720 "https://embajadores.clickboxgo.com/search.php?detail/07401692028741" "Mozilla/5.0 AppleWebKit/537.36 (KHTML, like Gecko; compatible; GPTBot/1.3; +https://openai.com/gptbot)"
213.209.159.55 - - [10/Feb/2026:10:23:24 -0500] "GET //.env HTTP/1.1" 500 720 "-" "Go-http-client/1.1"
74.7.243.205 - - [10/Feb/2026:10:24:01 -0500] "GET /search.php?detail/27204947086903 HTTP/1.1" 500 720 "https://embajadores.clickboxgo.com/search.php?detail/2720494815724" "Mozilla/5.0 AppleWebKit/537.36 (KHTML, like Gecko; compatible; GPTBot/1.3; +https://openai.com/gptbot)"
74.7.243.205 - - [10/Feb/2026:10:25:04 -0500] "GET /search.php?detail/18802925150632 HTTP/1.1" 500 720 "https://embajadores.clickboxgo.com/search.php?detail/040039301002" "Mozilla/5.0 AppleWebKit/537.36 (KHTML, like Gecko; compatible; GPTBot/1.3; +https://openai.com/gptbot)"
74.7.243.205 - - [10/Feb/2026:10:26:06 -0500] "GET /search.php?detail/20501529947858 HTTP/1.1" 500 720 "https://embajadores.clickboxgo.com/search.php?detail/0320161036612" "Mozilla/5.0 AppleWebKit/537.36 (KHTML, like Gecko; compatible; GPTBot/1.3; +https://openai.com/gptbot)"
74.7.243.205 - - [10/Feb/2026:10:27:08 -0500] "GET /search.php?detail/28902313920651 HTTP/1.1" 500 720 "https://embajadores.clickboxgo.com/search.php?detail/28902038794110" "Mozilla/5.0 AppleWebKit/537.36 (KHTML, like Gecko; compatible; GPTBot/1.3; +https://openai.com/gptbot)"
74.7.243.205 - - [10/Feb/2026:10:28:09 -0500] "GET /search.php?detail/17501527266243 HTTP/1.1" 500 720 "https://embajadores.clickboxgo.com/search.php?detail/111049822147" "Mozilla/5.0 AppleWebKit/537.36 (KHTML, like Gecko; compatible; GPTBot/1.3; +https://openai.com/gptbot)"
74.7.244.34 - - [10/Feb/2026:10:28:10 -0500] "GET /robots.txt HTTP/1.1" 500 720 "-" "Mozilla/5.0 (Macintosh; Intel Mac OS X 10_15_7) AppleWebKit/537.36 (KHTML, like Gecko) Chrome/131.0.0.0 Safari/537.36; compatible; OAI-SearchBot/1.3; robots.txt; +https://openai.com/searchbot"
74.7.243.205 - - [10/Feb/2026:10:29:13 -0500] "GET /search.php?detail/21503419857911 HTTP/1.1" 500 720 "https://embajadores.clickboxgo.com/search.php?detail/26804353933278" "Mozilla/5.0 AppleWebKit/537.36 (KHTML, like Gecko; compatible; GPTBot/1.3; +https://openai.com/gptbot)"
74.7.243.205 - - [10/Feb/2026:10:30:17 -0500] "GET /search.php?detail/09500151336828 HTTP/1.1" 500 720 "https://embajadores.clickboxgo.com/search.php?detail/270027802525" "Mozilla/5.0 AppleWebKit/537.36 (KHTML, like Gecko; compatible; GPTBot/1.3; +https://openai.com/gptbot)"
74.7.243.205 - - [10/Feb/2026:10:31:19 -0500] "GET /search.php?detail/13402350718537 HTTP/1.1" 500 720 "https://embajadores.clickboxgo.com/search.php?goods/134023501" "Mozilla/5.0 AppleWebKit/537.36 (KHTML, like Gecko; compatible; GPTBot/1.3; +https://openai.com/gptbot)"
74.7.243.205 - - [10/Feb/2026:10:32:21 -0500] "GET /search.php?detail/25602886243457 HTTP/1.1" 500 720 "https://embajadores.clickboxgo.com/search.php?detail/2560287453470" "Mozilla/5.0 AppleWebKit/537.36 (KHTML, like Gecko; compatible; GPTBot/1.3; +https://openai.com/gptbot)"
74.7.243.205 - - [10/Feb/2026:10:33:23 -0500] "GET /search.php?detail/16900342629804 HTTP/1.1" 500 720 "https://embajadores.clickboxgo.com/search.php?detail/0320426333422" "Mozilla/5.0 AppleWebKit/537.36 (KHTML, like Gecko; compatible; GPTBot/1.3; +https://openai.com/gptbot)"
74.7.244.34 - - [10/Feb/2026:10:33:23 -0500] "GET /robots.txt HTTP/1.1" 500 720 "-" "Mozilla/5.0 (Macintosh; Intel Mac OS X 10_15_7) AppleWebKit/537.36 (KHTML, like Gecko) Chrome/131.0.0.0 Safari/537.36; compatible; OAI-SearchBot/1.3; robots.txt; +https://openai.com/searchbot"
152.57.139.223 - - [10/Feb/2026:10:34:20 -0500] "HEAD / HTTP/1.1" 500 - "-" "Wget/1.21.4"
74.7.243.205 - - [10/Feb/2026:10:34:26 -0500] "GET /search.php?detail/12503307264176 HTTP/1.1" 500 720 "https://embajadores.clickboxgo.com/search.php?detail/113013800024" "Mozilla/5.0 AppleWebKit/537.36 (KHTML, like Gecko; compatible; GPTBot/1.3; +https://openai.com/gptbot)"
103.147.137.105 - - [10/Feb/2026:10:34:29 -0500] "POST /xmlrpc.php HTTP/1.1" 500 720 "-" "curl/7.88.1"
136.158.35.217 - - [10/Feb/2026:10:34:31 -0500] "POST /xmlrpc.php HTTP/1.1" 500 720 "-" "curl/8.6.0"
41.208.191.74 - - [10/Feb/2026:10:34:33 -0500] "GET /wp-login.php HTTP/1.1" 500 720 "-" "curl/8.6.0"
37.236.17.20 - - [10/Feb/2026:10:34:38 -0500] "GET /wp-admin/ HTTP/1.1" 500 720 "-" "curl/8.6.0"
198.163.194.47 - - [10/Feb/2026:10:34:42 -0500] "GET /my-account/ HTTP/1.1" 500 720 "-" "Wget/1.21.4"
74.7.243.205 - - [10/Feb/2026:10:35:25 -0500] "GET /search.php?detail/29900459177396 HTTP/1.1" 500 720 "https://embajadores.clickboxgo.com/search.php?detail/1570043739522" "Mozilla/5.0 AppleWebKit/537.36 (KHTML, like Gecko; compatible; GPTBot/1.3; +https://openai.com/gptbot)"
74.7.243.205 - - [10/Feb/2026:10:36:25 -0500] "GET /search.php?detail/05204407762985 HTTP/1.1" 500 720 "https://embajadores.clickboxgo.com/search.php?detail/052002078333" "Mozilla/5.0 AppleWebKit/537.36 (KHTML, like Gecko; compatible; GPTBot/1.3; +https://openai.com/gptbot)"
74.7.243.205 - - [10/Feb/2026:10:37:28 -0500] "GET /search.php?detail/11003685227065 HTTP/1.1" 500 720 "https://embajadores.clickboxgo.com/search.php?detail/110036811212" "Mozilla/5.0 AppleWebKit/537.36 (KHTML, like Gecko; compatible; GPTBot/1.3; +https://openai.com/gptbot)"
74.7.243.205 - - [10/Feb/2026:10:38:33 -0500] "GET /search.php?detail/17902678201693 HTTP/1.1" 500 720 "https://embajadores.clickboxgo.com/search.php?detail/222011007631" "Mozilla/5.0 AppleWebKit/537.36 (KHTML, like Gecko; compatible; GPTBot/1.3; +https://openai.com/gptbot)"
74.7.244.34 - - [10/Feb/2026:10:38:33 -0500] "GET /robots.txt HTTP/1.1" 500 720 "-" "Mozilla/5.0 (Macintosh; Intel Mac OS X 10_15_7) AppleWebKit/537.36 (KHTML, like Gecko) Chrome/131.0.0.0 Safari/537.36; compatible; OAI-SearchBot/1.3; robots.txt; +https://openai.com/searchbot"
74.7.243.205 - - [10/Feb/2026:10:39:39 -0500] "GET /search.php?detail/07802374413684 HTTP/1.1" 500 720 "https://embajadores.clickboxgo.com/search.php?detail/078003302202" "Mozilla/5.0 AppleWebKit/537.36 (KHTML, like Gecko; compatible; GPTBot/1.3; +https://openai.com/gptbot)"
74.7.243.205 - - [10/Feb/2026:10:40:43 -0500] "GET /search.php?detail/15302454668051 HTTP/1.1" 500 720 "https://embajadores.clickboxgo.com/search.php?detail/153004913265" "Mozilla/5.0 AppleWebKit/537.36 (KHTML, like Gecko; compatible; GPTBot/1.3; +https://openai.com/gptbot)"
74.7.243.205 - - [10/Feb/2026:10:41:43 -0500] "GET /search.php?detail/09800729136489 HTTP/1.1" 500 720 "https://embajadores.clickboxgo.com/search.php?detail/09802505626660" "Mozilla/5.0 AppleWebKit/537.36 (KHTML, like Gecko; compatible; GPTBot/1.3; +https://openai.com/gptbot)"
74.7.243.205 - - [10/Feb/2026:10:42:45 -0500] "GET /search.php?detail/20704115597829 HTTP/1.1" 500 720 "https://embajadores.clickboxgo.com/search.php?goods/207027965" "Mozilla/5.0 AppleWebKit/537.36 (KHTML, like Gecko; compatible; GPTBot/1.3; +https://openai.com/gptbot)"
74.7.243.205 - - [10/Feb/2026:10:43:48 -0500] "GET /search.php?detail/17703026983899 HTTP/1.1" 500 720 "https://embajadores.clickboxgo.com/search.php?detail/183048147365" "Mozilla/5.0 AppleWebKit/537.36 (KHTML, like Gecko; compatible; GPTBot/1.3; +https://openai.com/gptbot)"
74.7.244.34 - - [10/Feb/2026:10:43:48 -0500] "GET /robots.txt HTTP/1.1" 500 720 "-" "Mozilla/5.0 (Macintosh; Intel Mac OS X 10_15_7) AppleWebKit/537.36 (KHTML, like Gecko) Chrome/131.0.0.0 Safari/537.36; compatible; OAI-SearchBot/1.3; robots.txt; +https://openai.com/searchbot"
74.7.243.205 - - [10/Feb/2026:10:44:50 -0500] "GET /search.php?detail/12601976144957 HTTP/1.1" 500 720 "https://embajadores.clickboxgo.com/search.php?detail/126047647477" "Mozilla/5.0 AppleWebKit/537.36 (KHTML, like Gecko; compatible; GPTBot/1.3; +https://openai.com/gptbot)"
74.7.243.205 - - [10/Feb/2026:10:45:51 -0500] "GET /search.php?detail/21201475037626 HTTP/1.1" 500 720 "https://embajadores.clickboxgo.com/search.php?detail/1920033949444" "Mozilla/5.0 AppleWebKit/537.36 (KHTML, like Gecko; compatible; GPTBot/1.3; +https://openai.com/gptbot)"
81.29.142.100 - - [10/Feb/2026:10:46:27 -0500] "GET / HTTP/1.1" 500 720 "-" "Mozilla/5.0 (Windows NT 6.1; Win64; x64) AppleWebKit/537.36 (KHTML, like Gecko) Chrome/92.0.4515.107 Safari/537.36"
74.7.243.205 - - [10/Feb/2026:10:46:56 -0500] "GET /search.php?detail/00103895784767 HTTP/1.1" 500 720 "https://embajadores.clickboxgo.com/search.php?detail/0690337249216" "Mozilla/5.0 AppleWebKit/537.36 (KHTML, like Gecko; compatible; GPTBot/1.3; +https://openai.com/gptbot)"
74.7.243.205 - - [10/Feb/2026:10:48:01 -0500] "GET /search.php?detail/29704128918206 HTTP/1.1" 500 720 "https://embajadores.clickboxgo.com/search.php?detail/209011095899" "Mozilla/5.0 AppleWebKit/537.36 (KHTML, like Gecko; compatible; GPTBot/1.3; +https://openai.com/gptbot)"
74.7.243.205 - - [10/Feb/2026:10:49:04 -0500] "GET /search.php?detail/05503366428831 HTTP/1.1" 500 720 "https://embajadores.clickboxgo.com/search.php?detail/16603025188777" "Mozilla/5.0 AppleWebKit/537.36 (KHTML, like Gecko; compatible; GPTBot/1.3; +https://openai.com/gptbot)"
74.7.244.34 - - [10/Feb/2026:10:49:05 -0500] "GET /robots.txt HTTP/1.1" 500 720 "-" "Mozilla/5.0 (Macintosh; Intel Mac OS X 10_15_7) AppleWebKit/537.36 (KHTML, like Gecko) Chrome/131.0.0.0 Safari/537.36; compatible; OAI-SearchBot/1.3; robots.txt; +https://openai.com/searchbot"
74.7.243.205 - - [10/Feb/2026:10:50:09 -0500] "GET /search.php?detail/13801235496336 HTTP/1.1" 500 720 "https://embajadores.clickboxgo.com/search.php?goods/138012354" "Mozilla/5.0 AppleWebKit/537.36 (KHTML, like Gecko; compatible; GPTBot/1.3; +https://openai.com/gptbot)"
74.7.243.205 - - [10/Feb/2026:10:51:14 -0500] "GET /search.php?detail/13002245216782 HTTP/1.1" 500 720 "https://embajadores.clickboxgo.com/search.php?detail/130022339423" "Mozilla/5.0 AppleWebKit/537.36 (KHTML, like Gecko; compatible; GPTBot/1.3; +https://openai.com/gptbot)"
74.7.243.205 - - [10/Feb/2026:10:52:16 -0500] "GET /search.php?detail/29401671739743 HTTP/1.1" 500 720 "https://embajadores.clickboxgo.com/search.php?detail/29401852787107" "Mozilla/5.0 AppleWebKit/537.36 (KHTML, like Gecko; compatible; GPTBot/1.3; +https://openai.com/gptbot)"
74.7.243.205 - - [10/Feb/2026:10:53:16 -0500] "GET /search.php?detail/02701157126453 HTTP/1.1" 500 720 "https://embajadores.clickboxgo.com/search.php?detail/02703351442780" "Mozilla/5.0 AppleWebKit/537.36 (KHTML, like Gecko; compatible; GPTBot/1.3; +https://openai.com/gptbot)"
74.7.243.205 - - [10/Feb/2026:10:54:19 -0500] "GET /search.php?detail/10601279803252 HTTP/1.1" 500 720 "https://embajadores.clickboxgo.com/search.php?detail/276008975233" "Mozilla/5.0 AppleWebKit/537.36 (KHTML, like Gecko; compatible; GPTBot/1.3; +https://openai.com/gptbot)"
74.7.244.34 - - [10/Feb/2026:10:54:19 -0500] "GET /robots.txt HTTP/1.1" 500 720 "-" "Mozilla/5.0 (Macintosh; Intel Mac OS X 10_15_7) AppleWebKit/537.36 (KHTML, like Gecko) Chrome/131.0.0.0 Safari/537.36; compatible; OAI-SearchBot/1.3; robots.txt; +https://openai.com/searchbot"
74.7.243.205 - - [10/Feb/2026:10:55:21 -0500] "GET /search.php?detail/23701265591990 HTTP/1.1" 500 720 "https://embajadores.clickboxgo.com/search.php?goods/237008756" "Mozilla/5.0 AppleWebKit/537.36 (KHTML, like Gecko; compatible; GPTBot/1.3; +https://openai.com/gptbot)"
74.7.243.205 - - [10/Feb/2026:10:56:22 -0500] "GET /search.php?detail/23101548062536 HTTP/1.1" 500 720 "https://embajadores.clickboxgo.com/search.php?detail/030005359236" "Mozilla/5.0 AppleWebKit/537.36 (KHTML, like Gecko; compatible; GPTBot/1.3; +https://openai.com/gptbot)"
165.232.66.142 - - [10/Feb/2026:10:57:06 -0500] "SSTP_DUPLEX_POST /sra_{BA195980-CD49-458b-9E23-C84EE0ADCD75}/ HTTP/1.1" 500 - "-" "-"
74.7.243.205 - - [10/Feb/2026:10:57:25 -0500] "GET /search.php?detail/22404549319601 HTTP/1.1" 500 720 "https://embajadores.clickboxgo.com/search.php?detail/116006861633" "Mozilla/5.0 AppleWebKit/537.36 (KHTML, like Gecko; compatible; GPTBot/1.3; +https://openai.com/gptbot)"
74.7.243.205 - - [10/Feb/2026:10:58:26 -0500] "GET /search.php?detail/02603517947057 HTTP/1.1" 500 720 "https://embajadores.clickboxgo.com/search.php?detail/0600012601407" "Mozilla/5.0 AppleWebKit/537.36 (KHTML, like Gecko; compatible; GPTBot/1.3; +https://openai.com/gptbot)"
74.7.243.205 - - [10/Feb/2026:10:59:28 -0500] "GET /search.php?detail/25300398466893 HTTP/1.1" 500 720 "https://embajadores.clickboxgo.com/search.php?detail/08500175968325" "Mozilla/5.0 AppleWebKit/537.36 (KHTML, like Gecko; compatible; GPTBot/1.3; +https://openai.com/gptbot)"
74.7.244.34 - - [10/Feb/2026:10:59:29 -0500] "GET /robots.txt HTTP/1.1" 500 720 "-" "Mozilla/5.0 (Macintosh; Intel Mac OS X 10_15_7) AppleWebKit/537.36 (KHTML, like Gecko) Chrome/131.0.0.0 Safari/537.36; compatible; OAI-SearchBot/1.3; robots.txt; +https://openai.com/searchbot"
74.7.243.205 - - [10/Feb/2026:11:00:32 -0500] "GET /search.php?detail/10702808321554 HTTP/1.1" 500 720 "https://embajadores.clickboxgo.com/search.php?detail/107027880080" "Mozilla/5.0 AppleWebKit/537.36 (KHTML, like Gecko; compatible; GPTBot/1.3; +https://openai.com/gptbot)"
74.7.243.205 - - [10/Feb/2026:11:01:38 -0500] "GET /search.php?detail/02300827125642 HTTP/1.1" 500 720 "https://embajadores.clickboxgo.com/search.php?detail/023045005423" "Mozilla/5.0 AppleWebKit/537.36 (KHTML, like Gecko; compatible; GPTBot/1.3; +https://openai.com/gptbot)"
74.7.243.205 - - [10/Feb/2026:11:02:42 -0500] "GET /search.php?detail/20604865513280 HTTP/1.1" 500 720 "https://embajadores.clickboxgo.com/search.php?detail/206032988771" "Mozilla/5.0 AppleWebKit/537.36 (KHTML, like Gecko; compatible; GPTBot/1.3; +https://openai.com/gptbot)"
74.7.243.205 - - [10/Feb/2026:11:03:48 -0500] "GET /search.php?detail/18901719550434 HTTP/1.1" 500 720 "https://embajadores.clickboxgo.com/search.php?detail/189019643350" "Mozilla/5.0 AppleWebKit/537.36 (KHTML, like Gecko; compatible; GPTBot/1.3; +https://openai.com/gptbot)"
74.7.243.205 - - [10/Feb/2026:11:04:49 -0500] "GET /search.php?detail/04903728834452 HTTP/1.1" 500 720 "https://embajadores.clickboxgo.com/search.php?detail/0490372987131" "Mozilla/5.0 AppleWebKit/537.36 (KHTML, like Gecko; compatible; GPTBot/1.3; +https://openai.com/gptbot)"
74.7.244.34 - - [10/Feb/2026:11:04:49 -0500] "GET /robots.txt HTTP/1.1" 500 720 "-" "Mozilla/5.0 (Macintosh; Intel Mac OS X 10_15_7) AppleWebKit/537.36 (KHTML, like Gecko) Chrome/131.0.0.0 Safari/537.36; compatible; OAI-SearchBot/1.3; robots.txt; +https://openai.com/searchbot"
74.7.243.205 - - [10/Feb/2026:11:05:53 -0500] "GET /search.php?detail/08504234982063 HTTP/1.1" 500 720 "https://embajadores.clickboxgo.com/search.php?detail/0850008109149" "Mozilla/5.0 AppleWebKit/537.36 (KHTML, like Gecko; compatible; GPTBot/1.3; +https://openai.com/gptbot)"
74.7.243.205 - - [10/Feb/2026:11:06:55 -0500] "GET /search.php?detail/25501537918970 HTTP/1.1" 500 720 "https://embajadores.clickboxgo.com/search.php?detail/068011674928" "Mozilla/5.0 AppleWebKit/537.36 (KHTML, like Gecko; compatible; GPTBot/1.3; +https://openai.com/gptbot)"
74.7.243.205 - - [10/Feb/2026:11:08:00 -0500] "GET /search.php?detail/15502284065919 HTTP/1.1" 500 720 "https://embajadores.clickboxgo.com/search.php?detail/144000243294" "Mozilla/5.0 AppleWebKit/537.36 (KHTML, like Gecko; compatible; GPTBot/1.3; +https://openai.com/gptbot)"
74.7.243.205 - - [10/Feb/2026:11:09:06 -0500] "GET /search.php?detail/21701099680558 HTTP/1.1" 500 720 "https://embajadores.clickboxgo.com/search.php?detail/20504368471800" "Mozilla/5.0 AppleWebKit/537.36 (KHTML, like Gecko; compatible; GPTBot/1.3; +https://openai.com/gptbot)"
74.7.243.205 - - [10/Feb/2026:11:10:11 -0500] "GET /search.php?detail/05401967395290 HTTP/1.1" 500 720 "https://embajadores.clickboxgo.com/search.php?detail/238015679233" "Mozilla/5.0 AppleWebKit/537.36 (KHTML, like Gecko; compatible; GPTBot/1.3; +https://openai.com/gptbot)"
74.7.244.34 - - [10/Feb/2026:11:10:11 -0500] "GET /robots.txt HTTP/1.1" 500 720 "-" "Mozilla/5.0 (Macintosh; Intel Mac OS X 10_15_7) AppleWebKit/537.36 (KHTML, like Gecko) Chrome/131.0.0.0 Safari/537.36; compatible; OAI-SearchBot/1.3; robots.txt; +https://openai.com/searchbot"
74.7.243.205 - - [10/Feb/2026:11:11:11 -0500] "GET /search.php?detail/17602096327881 HTTP/1.1" 500 720 "https://embajadores.clickboxgo.com/search.php?detail/176012277789" "Mozilla/5.0 AppleWebKit/537.36 (KHTML, like Gecko; compatible; GPTBot/1.3; +https://openai.com/gptbot)"
152.32.209.62 - - [10/Feb/2026:11:11:27 -0500] "GET / HTTP/1.0" 500 - "-" "-"
152.32.209.62 - - [10/Feb/2026:11:11:37 -0500] "GET / HTTP/1.1" 500 720 "-" "curl/7.29.0"
152.32.209.62 - - [10/Feb/2026:11:11:39 -0500] "t3 12.1.2\n" 500 - "-" "-"
165.154.206.204 - - [10/Feb/2026:11:12:09 -0500] "GET / HTTP/1.1" 500 720 "-" "Mozilla/5.0 (Windows NT 7_2_1; Win64; x64) AppleWebKit/578.39 (KHTML, like Gecko) Chrome/102.0.1360 Safari/537.36"
165.154.206.204 - - [10/Feb/2026:11:12:10 -0500] "GET /favicon.ico HTTP/1.1" 500 720 "-" "Go-http-client/1.1"
165.154.206.204 - - [10/Feb/2026:11:12:10 -0500] "GET /sitemap.xml HTTP/1.1" 500 720 "-" "Go-http-client/1.1"
165.154.206.204 - - [10/Feb/2026:11:12:10 -0500] "GET /robots.txt HTTP/1.1" 500 720 "-" "Go-http-client/1.1"
74.7.243.205 - - [10/Feb/2026:11:12:16 -0500] "GET /search.php?detail/00603485140926 HTTP/1.1" 500 720 "https://embajadores.clickboxgo.com/search.php?detail/178012427930" "Mozilla/5.0 AppleWebKit/537.36 (KHTML, like Gecko; compatible; GPTBot/1.3; +https://openai.com/gptbot)"
74.7.243.205 - - [10/Feb/2026:11:13:22 -0500] "GET /search.php?detail/26703096378572 HTTP/1.1" 500 720 "https://embajadores.clickboxgo.com/search.php?detail/26703097488743" "Mozilla/5.0 AppleWebKit/537.36 (KHTML, like Gecko; compatible; GPTBot/1.3; +https://openai.com/gptbot)"
86.54.25.160 - - [10/Feb/2026:11:14:09 -0500] "GET /vpn/index.html HTTP/1.1" 500 720 "-" "Mozilla/5.0 (Macintosh; Intel Mac OS X 10_15_7) AppleWebKit/605.1.15 (KHTML, like Gecko) Version/17.6 Safari/605.1.15"
86.54.25.160 - - [10/Feb/2026:11:14:09 -0500] "GET /vpn/index.html HTTP/1.1" 500 720 "-" "Mozilla/5.0 (Macintosh; Intel Mac OS X 10_15_7) AppleWebKit/605.1.15 (KHTML, like Gecko) Version/17.6 Safari/605.1.15"
86.54.25.160 - - [10/Feb/2026:11:14:09 -0500] "GET /vpn/index.html HTTP/1.1" 500 720 "-" "Mozilla/5.0 (Macintosh; Intel Mac OS X 10_15_7) AppleWebKit/605.1.15 (KHTML, like Gecko) Version/17.6 Safari/605.1.15"
86.54.25.160 - - [10/Feb/2026:11:14:09 -0500] "GET /vpn/index.html HTTP/1.1" 500 720 "-" "Mozilla/5.0 (Macintosh; Intel Mac OS X 10_15_7) AppleWebKit/605.1.15 (KHTML, like Gecko) Version/17.6 Safari/605.1.15"
86.54.25.160 - - [10/Feb/2026:11:14:09 -0500] "GET /vpn/index.html HTTP/1.1" 500 720 "-" "Mozilla/5.0 (Macintosh; Intel Mac OS X 10_15_7) AppleWebKit/605.1.15 (KHTML, like Gecko) Version/17.6 Safari/605.1.15"
86.54.25.160 - - [10/Feb/2026:11:14:09 -0500] "GET /vpn/index.html HTTP/1.1" 500 720 "-" "Mozilla/5.0 (Macintosh; Intel Mac OS X 10_15_7) AppleWebKit/605.1.15 (KHTML, like Gecko) Version/17.6 Safari/605.1.15"
86.54.25.160 - - [10/Feb/2026:11:14:09 -0500] "GET /vpn/index.html HTTP/1.1" 500 720 "-" "Mozilla/5.0 (Macintosh; Intel Mac OS X 10_15_7) AppleWebKit/605.1.15 (KHTML, like Gecko) Version/17.6 Safari/605.1.15"
86.54.25.160 - - [10/Feb/2026:11:14:09 -0500] "GET /vpn/index.html HTTP/1.1" 500 720 "-" "Mozilla/5.0 (Macintosh; Intel Mac OS X 10_15_7) AppleWebKit/605.1.15 (KHTML, like Gecko) Version/17.6 Safari/605.1.15"
86.54.25.160 - - [10/Feb/2026:11:14:09 -0500] "GET /vpn/index.html HTTP/1.1" 500 720 "-" "Mozilla/5.0 (Macintosh; Intel Mac OS X 10_15_7) AppleWebKit/605.1.15 (KHTML, like Gecko) Version/17.6 Safari/605.1.15"
86.54.25.160 - - [10/Feb/2026:11:14:10 -0500] "GET /vpn/index.html HTTP/1.1" 500 720 "-" "Mozilla/5.0 (Macintosh; Intel Mac OS X 10_15_7) AppleWebKit/605.1.15 (KHTML, like Gecko) Version/17.6 Safari/605.1.15"
86.54.25.160 - - [10/Feb/2026:11:14:10 -0500] "GET /vpn/index.html HTTP/1.1" 500 720 "-" "Mozilla/5.0 (Macintosh; Intel Mac OS X 10_15_7) AppleWebKit/605.1.15 (KHTML, like Gecko) Version/17.6 Safari/605.1.15"
86.54.25.160 - - [10/Feb/2026:11:14:10 -0500] "GET /vpn/index.html HTTP/1.1" 500 720 "-" "Mozilla/5.0 (Macintosh; Intel Mac OS X 10_15_7) AppleWebKit/605.1.15 (KHTML, like Gecko) Version/17.6 Safari/605.1.15"
86.54.25.160 - - [10/Feb/2026:11:14:10 -0500] "GET /vpn/index.html HTTP/1.1" 500 720 "-" "Mozilla/5.0 (Macintosh; Intel Mac OS X 10_15_7) AppleWebKit/605.1.15 (KHTML, like Gecko) Version/17.6 Safari/605.1.15"
86.54.25.160 - - [10/Feb/2026:11:14:10 -0500] "GET /vpn/index.html HTTP/1.1" 500 720 "-" "Mozilla/5.0 (Macintosh; Intel Mac OS X 10_15_7) AppleWebKit/605.1.15 (KHTML, like Gecko) Version/17.6 Safari/605.1.15"
86.54.25.160 - - [10/Feb/2026:11:14:10 -0500] "GET /vpn/index.html HTTP/1.1" 500 720 "-" "Mozilla/5.0 (Macintosh; Intel Mac OS X 10_15_7) AppleWebKit/605.1.15 (KHTML, like Gecko) Version/17.6 Safari/605.1.15"
86.54.25.160 - - [10/Feb/2026:11:14:10 -0500] "GET /vpn/index.html HTTP/1.1" 500 720 "-" "Mozilla/5.0 (Macintosh; Intel Mac OS X 10_15_7) AppleWebKit/605.1.15 (KHTML, like Gecko) Version/17.6 Safari/605.1.15"
86.54.25.160 - - [10/Feb/2026:11:14:10 -0500] "GET /vpn/index.html HTTP/1.1" 500 720 "-" "Mozilla/5.0 (Macintosh; Intel Mac OS X 10_15_7) AppleWebKit/605.1.15 (KHTML, like Gecko) Version/17.6 Safari/605.1.15"
86.54.25.160 - - [10/Feb/2026:11:14:10 -0500] "GET /vpn/index.html HTTP/1.1" 500 720 "-" "Mozilla/5.0 (Macintosh; Intel Mac OS X 10_15_7) AppleWebKit/605.1.15 (KHTML, like Gecko) Version/17.6 Safari/605.1.15"
86.54.25.160 - - [10/Feb/2026:11:14:10 -0500] "GET /vpn/index.html HTTP/1.1" 500 720 "-" "Mozilla/5.0 (Macintosh; Intel Mac OS X 10_15_7) AppleWebKit/605.1.15 (KHTML, like Gecko) Version/17.6 Safari/605.1.15"
86.54.25.160 - - [10/Feb/2026:11:14:10 -0500] "GET /vpn/index.html HTTP/1.1" 500 720 "-" "Mozilla/5.0 (Macintosh; Intel Mac OS X 10_15_7) AppleWebKit/605.1.15 (KHTML, like Gecko) Version/17.6 Safari/605.1.15"
86.54.25.160 - - [10/Feb/2026:11:14:10 -0500] "GET /vpn/index.html HTTP/1.1" 500 720 "-" "Mozilla/5.0 (Macintosh; Intel Mac OS X 10_15_7) AppleWebKit/605.1.15 (KHTML, like Gecko) Version/17.6 Safari/605.1.15"
86.54.25.160 - - [10/Feb/2026:11:14:10 -0500] "GET /vpn/index.html HTTP/1.1" 500 720 "-" "Mozilla/5.0 (Macintosh; Intel Mac OS X 10_15_7) AppleWebKit/605.1.15 (KHTML, like Gecko) Version/17.6 Safari/605.1.15"
86.54.25.160 - - [10/Feb/2026:11:14:10 -0500] "GET /vpn/index.html HTTP/1.1" 500 720 "-" "Mozilla/5.0 (Macintosh; Intel Mac OS X 10_15_7) AppleWebKit/605.1.15 (KHTML, like Gecko) Version/17.6 Safari/605.1.15"
74.7.243.205 - - [10/Feb/2026:11:14:24 -0500] "GET /search.php?detail/11700923953362 HTTP/1.1" 500 720 "https://embajadores.clickboxgo.com/search.php?detail/117006606741" "Mozilla/5.0 AppleWebKit/537.36 (KHTML, like Gecko; compatible; GPTBot/1.3; +https://openai.com/gptbot)"
74.7.243.205 - - [10/Feb/2026:11:15:26 -0500] "GET /search.php?detail/05104547032763 HTTP/1.1" 500 720 "https://embajadores.clickboxgo.com/search.php?detail/051045416982" "Mozilla/5.0 AppleWebKit/537.36 (KHTML, like Gecko; compatible; GPTBot/1.3; +https://openai.com/gptbot)"
74.7.244.34 - - [10/Feb/2026:11:15:27 -0500] "GET /robots.txt HTTP/1.1" 500 720 "-" "Mozilla/5.0 (Macintosh; Intel Mac OS X 10_15_7) AppleWebKit/537.36 (KHTML, like Gecko) Chrome/131.0.0.0 Safari/537.36; compatible; OAI-SearchBot/1.3; robots.txt; +https://openai.com/searchbot"
74.7.243.205 - - [10/Feb/2026:11:16:30 -0500] "GET /search.php?detail/13002516362098 HTTP/1.1" 500 720 "https://embajadores.clickboxgo.com/search.php?detail/2040460696446" "Mozilla/5.0 AppleWebKit/537.36 (KHTML, like Gecko; compatible; GPTBot/1.3; +https://openai.com/gptbot)"
74.7.243.205 - - [10/Feb/2026:11:17:35 -0500] "GET /search.php?detail/21101769405309 HTTP/1.1" 500 720 "https://embajadores.clickboxgo.com/search.php?detail/13000903547382" "Mozilla/5.0 AppleWebKit/537.36 (KHTML, like Gecko; compatible; GPTBot/1.3; +https://openai.com/gptbot)"
74.7.243.205 - - [10/Feb/2026:11:18:35 -0500] "GET /search.php?detail/26904565339757 HTTP/1.1" 500 720 "https://embajadores.clickboxgo.com/search.php?detail/099013629001" "Mozilla/5.0 AppleWebKit/537.36 (KHTML, like Gecko; compatible; GPTBot/1.3; +https://openai.com/gptbot)"
74.7.243.205 - - [10/Feb/2026:11:19:39 -0500] "GET /search.php?detail/13804664207287 HTTP/1.1" 500 720 "https://embajadores.clickboxgo.com/search.php?detail/2220013293828" "Mozilla/5.0 AppleWebKit/537.36 (KHTML, like Gecko; compatible; GPTBot/1.3; +https://openai.com/gptbot)"
74.7.243.205 - - [10/Feb/2026:11:20:40 -0500] "GET /search.php?detail/22503172716914 HTTP/1.1" 500 720 "https://embajadores.clickboxgo.com/search.php?detail/225005092303" "Mozilla/5.0 AppleWebKit/537.36 (KHTML, like Gecko; compatible; GPTBot/1.3; +https://openai.com/gptbot)"
74.7.243.205 - - [10/Feb/2026:11:21:42 -0500] "GET /search.php?detail/24202707458896 HTTP/1.1" 500 720 "https://embajadores.clickboxgo.com/search.php?detail/200023564104" "Mozilla/5.0 AppleWebKit/537.36 (KHTML, like Gecko; compatible; GPTBot/1.3; +https://openai.com/gptbot)"
74.7.243.205 - - [10/Feb/2026:11:22:46 -0500] "GET /search.php?detail/28004992356064 HTTP/1.1" 500 720 "https://embajadores.clickboxgo.com/search.php?detail/27102669208784" "Mozilla/5.0 AppleWebKit/537.36 (KHTML, like Gecko; compatible; GPTBot/1.3; +https://openai.com/gptbot)"
74.7.243.205 - - [10/Feb/2026:11:23:50 -0500] "GET /search.php?detail/12803863014047 HTTP/1.1" 500 720 "https://embajadores.clickboxgo.com/search.php?detail/056021342173" "Mozilla/5.0 AppleWebKit/537.36 (KHTML, like Gecko; compatible; GPTBot/1.3; +https://openai.com/gptbot)"
74.7.243.205 - - [10/Feb/2026:11:24:53 -0500] "GET /search.php?detail/21501614781338 HTTP/1.1" 500 720 "https://embajadores.clickboxgo.com/search.php?detail/215040879587" "Mozilla/5.0 AppleWebKit/537.36 (KHTML, like Gecko; compatible; GPTBot/1.3; +https://openai.com/gptbot)"
74.7.243.205 - - [10/Feb/2026:11:25:54 -0500] "GET /search.php?detail/01804837476422 HTTP/1.1" 500 720 "https://embajadores.clickboxgo.com/search.php?detail/002008192401" "Mozilla/5.0 AppleWebKit/537.36 (KHTML, like Gecko; compatible; GPTBot/1.3; +https://openai.com/gptbot)"
152.59.79.210 - - [10/Feb/2026:11:26:34 -0500] "POST /xmlrpc.php HTTP/1.1" 500 720 "-" "curl/7.88.1"
178.80.43.165 - - [10/Feb/2026:11:26:40 -0500] "POST /xmlrpc.php HTTP/1.1" 500 720 "-" "curl/7.88.1"
38.156.74.79 - - [10/Feb/2026:11:26:43 -0500] "POST /xmlrpc.php HTTP/1.1" 500 720 "-" "Wget/1.21.4"
188.51.221.231 - - [10/Feb/2026:11:26:46 -0500] "GET /wp-login.php HTTP/1.1" 500 720 "-" "Wget/1.21.4"
139.64.79.101 - - [10/Feb/2026:11:26:48 -0500] "GET /wp-admin/ HTTP/1.1" 500 720 "-" "Wget/1.21.4"
143.0.19.106 - - [10/Feb/2026:11:26:51 -0500] "GET /my-account/ HTTP/1.1" 500 720 "-" "curl/8.6.0"
74.7.243.205 - - [10/Feb/2026:11:26:58 -0500] "GET /search.php?detail/23604065629835 HTTP/1.1" 500 720 "https://embajadores.clickboxgo.com/search.php?detail/09800398171653" "Mozilla/5.0 AppleWebKit/537.36 (KHTML, like Gecko; compatible; GPTBot/1.3; +https://openai.com/gptbot)"
74.7.243.205 - - [10/Feb/2026:11:27:59 -0500] "GET /search.php?detail/05900933227658 HTTP/1.1" 500 720 "https://embajadores.clickboxgo.com/search.php?goods/059041552" "Mozilla/5.0 AppleWebKit/537.36 (KHTML, like Gecko; compatible; GPTBot/1.3; +https://openai.com/gptbot)"
74.7.243.205 - - [10/Feb/2026:11:29:01 -0500] "GET /search.php?detail/06900739408241 HTTP/1.1" 500 720 "https://embajadores.clickboxgo.com/search.php?detail/222035656417" "Mozilla/5.0 AppleWebKit/537.36 (KHTML, like Gecko; compatible; GPTBot/1.3; +https://openai.com/gptbot)"
104.152.52.239 - - [10/Feb/2026:11:29:50 -0500] "GET / HTTP/1.1" 500 720 "-" "curl/7.61.1"
104.152.52.239 - - [10/Feb/2026:11:29:50 -0500] "GET /favicon.ico HTTP/1.1" 500 720 "-" "curl/7.61.1"
74.7.243.205 - - [10/Feb/2026:11:30:07 -0500] "GET /search.php?detail/00603541147758 HTTP/1.1" 500 720 "https://embajadores.clickboxgo.com/search.php?detail/0060387386637" "Mozilla/5.0 AppleWebKit/537.36 (KHTML, like Gecko; compatible; GPTBot/1.3; +https://openai.com/gptbot)"
74.7.243.205 - - [10/Feb/2026:11:31:12 -0500] "GET /search.php?detail/18803579522153 HTTP/1.1" 500 720 "https://embajadores.clickboxgo.com/search.php?detail/1060010915979" "Mozilla/5.0 AppleWebKit/537.36 (KHTML, like Gecko; compatible; GPTBot/1.3; +https://openai.com/gptbot)"
74.7.244.34 - - [10/Feb/2026:11:31:12 -0500] "GET /robots.txt HTTP/1.1" 500 720 "-" "Mozilla/5.0 (Macintosh; Intel Mac OS X 10_15_7) AppleWebKit/537.36 (KHTML, like Gecko) Chrome/131.0.0.0 Safari/537.36; compatible; OAI-SearchBot/1.3; robots.txt; +https://openai.com/searchbot"
74.7.243.205 - - [10/Feb/2026:11:32:13 -0500] "GET /search.php?detail/11602249670428 HTTP/1.1" 500 720 "https://embajadores.clickboxgo.com/search.php?detail/200015405588" "Mozilla/5.0 AppleWebKit/537.36 (KHTML, like Gecko; compatible; GPTBot/1.3; +https://openai.com/gptbot)"
74.7.243.205 - - [10/Feb/2026:11:33:15 -0500] "GET /search.php?detail/25203819897807 HTTP/1.1" 500 720 "https://embajadores.clickboxgo.com/search.php?detail/119005000302" "Mozilla/5.0 AppleWebKit/537.36 (KHTML, like Gecko; compatible; GPTBot/1.3; +https://openai.com/gptbot)"
74.7.243.205 - - [10/Feb/2026:11:34:16 -0500] "GET /search.php?detail/10204808271394 HTTP/1.1" 500 720 "https://embajadores.clickboxgo.com/search.php?detail/1020434443294" "Mozilla/5.0 AppleWebKit/537.36 (KHTML, like Gecko; compatible; GPTBot/1.3; +https://openai.com/gptbot)"
74.7.243.205 - - [10/Feb/2026:11:35:16 -0500] "GET /search.php?detail/00503699597421 HTTP/1.1" 500 720 "https://embajadores.clickboxgo.com/search.php?detail/044049092925" "Mozilla/5.0 AppleWebKit/537.36 (KHTML, like Gecko; compatible; GPTBot/1.3; +https://openai.com/gptbot)"
74.7.243.205 - - [10/Feb/2026:11:36:18 -0500] "GET /search.php?detail/18800953852172 HTTP/1.1" 500 720 "https://embajadores.clickboxgo.com/search.php?detail/110040624410" "Mozilla/5.0 AppleWebKit/537.36 (KHTML, like Gecko; compatible; GPTBot/1.3; +https://openai.com/gptbot)"
74.7.244.34 - - [10/Feb/2026:11:36:18 -0500] "GET /robots.txt HTTP/1.1" 500 720 "-" "Mozilla/5.0 (Macintosh; Intel Mac OS X 10_15_7) AppleWebKit/537.36 (KHTML, like Gecko) Chrome/131.0.0.0 Safari/537.36; compatible; OAI-SearchBot/1.3; robots.txt; +https://openai.com/searchbot"
74.7.243.205 - - [10/Feb/2026:11:37:19 -0500] "GET /search.php?detail/14703890787136 HTTP/1.1" 500 720 "https://embajadores.clickboxgo.com/search.php?detail/14701534660188" "Mozilla/5.0 AppleWebKit/537.36 (KHTML, like Gecko; compatible; GPTBot/1.3; +https://openai.com/gptbot)"
74.7.243.205 - - [10/Feb/2026:11:38:24 -0500] "GET /search.php?detail/25602729587694 HTTP/1.1" 500 720 "https://embajadores.clickboxgo.com/search.php?detail/256032601918" "Mozilla/5.0 AppleWebKit/537.36 (KHTML, like Gecko; compatible; GPTBot/1.3; +https://openai.com/gptbot)"
74.7.243.205 - - [10/Feb/2026:11:39:26 -0500] "GET /search.php?detail/25303744272609 HTTP/1.1" 500 720 "https://embajadores.clickboxgo.com/search.php?detail/2530189063592" "Mozilla/5.0 AppleWebKit/537.36 (KHTML, like Gecko; compatible; GPTBot/1.3; +https://openai.com/gptbot)"
74.7.243.205 - - [10/Feb/2026:11:40:32 -0500] "GET /search.php?detail/12304485274364 HTTP/1.1" 500 720 "https://embajadores.clickboxgo.com/search.php?jp/123035226.html" "Mozilla/5.0 AppleWebKit/537.36 (KHTML, like Gecko; compatible; GPTBot/1.3; +https://openai.com/gptbot)"
74.7.243.205 - - [10/Feb/2026:11:41:37 -0500] "GET /search.php?detail/05402699574164 HTTP/1.1" 500 720 "https://embajadores.clickboxgo.com/search.php?detail/054047950795" "Mozilla/5.0 AppleWebKit/537.36 (KHTML, like Gecko; compatible; GPTBot/1.3; +https://openai.com/gptbot)"
74.7.244.34 - - [10/Feb/2026:11:41:37 -0500] "GET /robots.txt HTTP/1.1" 500 720 "-" "Mozilla/5.0 (Macintosh; Intel Mac OS X 10_15_7) AppleWebKit/537.36 (KHTML, like Gecko) Chrome/131.0.0.0 Safari/537.36; compatible; OAI-SearchBot/1.3; robots.txt; +https://openai.com/searchbot"
74.7.243.205 - - [10/Feb/2026:11:42:42 -0500] "GET /search.php?detail/06404736261551 HTTP/1.1" 500 720 "https://embajadores.clickboxgo.com/search.php?detail/1000257177092" "Mozilla/5.0 AppleWebKit/537.36 (KHTML, like Gecko; compatible; GPTBot/1.3; +https://openai.com/gptbot)"
74.7.243.205 - - [10/Feb/2026:11:43:42 -0500] "GET /search.php?detail/05503889697176 HTTP/1.1" 500 720 "https://embajadores.clickboxgo.com/search.php?detail/1110137708789" "Mozilla/5.0 AppleWebKit/537.36 (KHTML, like Gecko; compatible; GPTBot/1.3; +https://openai.com/gptbot)"
74.7.243.205 - - [10/Feb/2026:11:44:45 -0500] "GET /search.php?detail/10201426631787 HTTP/1.1" 500 720 "https://embajadores.clickboxgo.com/search.php?detail/154020233894" "Mozilla/5.0 AppleWebKit/537.36 (KHTML, like Gecko; compatible; GPTBot/1.3; +https://openai.com/gptbot)"
74.7.243.205 - - [10/Feb/2026:11:45:48 -0500] "GET /search.php?detail/26904892340776 HTTP/1.1" 500 720 "https://embajadores.clickboxgo.com/search.php?detail/190048080184" "Mozilla/5.0 AppleWebKit/537.36 (KHTML, like Gecko; compatible; GPTBot/1.3; +https://openai.com/gptbot)"
74.7.243.205 - - [10/Feb/2026:11:46:49 -0500] "GET /search.php?detail/05101972952418 HTTP/1.1" 500 720 "https://embajadores.clickboxgo.com/search.php?detail/051019711134" "Mozilla/5.0 AppleWebKit/537.36 (KHTML, like Gecko; compatible; GPTBot/1.3; +https://openai.com/gptbot)"
74.7.244.34 - - [10/Feb/2026:11:46:50 -0500] "GET /robots.txt HTTP/1.1" 500 720 "-" "Mozilla/5.0 (Macintosh; Intel Mac OS X 10_15_7) AppleWebKit/537.36 (KHTML, like Gecko) Chrome/131.0.0.0 Safari/537.36; compatible; OAI-SearchBot/1.3; robots.txt; +https://openai.com/searchbot"
74.7.243.205 - - [10/Feb/2026:11:47:53 -0500] "GET /search.php?detail/21500634957554 HTTP/1.1" 500 720 "https://embajadores.clickboxgo.com/search.php?goods/173019579" "Mozilla/5.0 AppleWebKit/537.36 (KHTML, like Gecko; compatible; GPTBot/1.3; +https://openai.com/gptbot)"
74.7.243.205 - - [10/Feb/2026:11:48:55 -0500] "GET /search.php?detail/09902260338441 HTTP/1.1" 500 720 "https://embajadores.clickboxgo.com/search.php?detail/0990304335993" "Mozilla/5.0 AppleWebKit/537.36 (KHTML, like Gecko; compatible; GPTBot/1.3; +https://openai.com/gptbot)"
74.7.243.205 - - [10/Feb/2026:11:49:59 -0500] "GET /search.php?detail/03104406399558 HTTP/1.1" 500 720 "https://embajadores.clickboxgo.com/search.php?detail/254024115002" "Mozilla/5.0 AppleWebKit/537.36 (KHTML, like Gecko; compatible; GPTBot/1.3; +https://openai.com/gptbot)"
74.7.243.205 - - [10/Feb/2026:11:51:00 -0500] "GET /search.php?detail/14003245133765 HTTP/1.1" 500 720 "https://embajadores.clickboxgo.com/search.php?detail/13804039858416" "Mozilla/5.0 AppleWebKit/537.36 (KHTML, like Gecko; compatible; GPTBot/1.3; +https://openai.com/gptbot)"
74.7.243.205 - - [10/Feb/2026:11:52:01 -0500] "GET /search.php?detail/09900479568219 HTTP/1.1" 500 720 "https://embajadores.clickboxgo.com/search.php?detail/099019509125" "Mozilla/5.0 AppleWebKit/537.36 (KHTML, like Gecko; compatible; GPTBot/1.3; +https://openai.com/gptbot)"
74.7.244.34 - - [10/Feb/2026:11:52:01 -0500] "GET /robots.txt HTTP/1.1" 500 720 "-" "Mozilla/5.0 (Macintosh; Intel Mac OS X 10_15_7) AppleWebKit/537.36 (KHTML, like Gecko) Chrome/131.0.0.0 Safari/537.36; compatible; OAI-SearchBot/1.3; robots.txt; +https://openai.com/searchbot"
74.7.243.205 - - [10/Feb/2026:11:53:02 -0500] "GET /search.php?detail/13900345427970 HTTP/1.1" 500 720 "https://embajadores.clickboxgo.com/search.php?jp/139003454.html" "Mozilla/5.0 AppleWebKit/537.36 (KHTML, like Gecko; compatible; GPTBot/1.3; +https://openai.com/gptbot)"
74.7.243.205 - - [10/Feb/2026:11:54:08 -0500] "GET /search.php?detail/13501425824894 HTTP/1.1" 500 720 "https://embajadores.clickboxgo.com/search.php?detail/135024986507" "Mozilla/5.0 AppleWebKit/537.36 (KHTML, like Gecko; compatible; GPTBot/1.3; +https://openai.com/gptbot)"
74.7.243.205 - - [10/Feb/2026:11:55:13 -0500] "GET /search.php?detail/07403029899168 HTTP/1.1" 500 720 "https://embajadores.clickboxgo.com/search.php?detail/07400715825960" "Mozilla/5.0 AppleWebKit/537.36 (KHTML, like Gecko; compatible; GPTBot/1.3; +https://openai.com/gptbot)"
74.7.243.205 - - [10/Feb/2026:11:56:14 -0500] "GET /search.php?detail/05504614923952 HTTP/1.1" 500 720 "https://embajadores.clickboxgo.com/search.php?detail/106000771758" "Mozilla/5.0 AppleWebKit/537.36 (KHTML, like Gecko; compatible; GPTBot/1.3; +https://openai.com/gptbot)"
