LittleDemon WebShell


Linux server.clickboxgo.com 3.10.0 #1 SMP Mon Sep 30 15:36:27 MSK 2024 x86_64
Path : /home/clickboxgo/access-logs/
File Upload :
Command :
Current File : /home/clickboxgo/access-logs/embajadores.clickboxgo.com-ssl_log

74.7.243.205 - - [10/Feb/2026:07:12:42 -0500] "GET /search.php?detail/12200194425337 HTTP/1.1" 500 720 "https://embajadores.clickboxgo.com/search.php?detail/061043674293" "Mozilla/5.0 AppleWebKit/537.36 (KHTML, like Gecko; compatible; GPTBot/1.3; +https://openai.com/gptbot)"
74.7.243.205 - - [10/Feb/2026:07:13:43 -0500] "GET /search.php?detail/25002116703385 HTTP/1.1" 500 720 "https://embajadores.clickboxgo.com/search.php?detail/2500045061666" "Mozilla/5.0 AppleWebKit/537.36 (KHTML, like Gecko; compatible; GPTBot/1.3; +https://openai.com/gptbot)"
74.7.243.205 - - [10/Feb/2026:07:14:43 -0500] "GET /search.php?detail/25804769420527 HTTP/1.1" 500 720 "https://embajadores.clickboxgo.com/search.php?detail/0770035099444" "Mozilla/5.0 AppleWebKit/537.36 (KHTML, like Gecko; compatible; GPTBot/1.3; +https://openai.com/gptbot)"
74.7.243.205 - - [10/Feb/2026:07:15:44 -0500] "GET /search.php?detail/22802312589465 HTTP/1.1" 500 720 "https://embajadores.clickboxgo.com/search.php?detail/222024545288" "Mozilla/5.0 AppleWebKit/537.36 (KHTML, like Gecko; compatible; GPTBot/1.3; +https://openai.com/gptbot)"
74.7.243.205 - - [10/Feb/2026:07:16:50 -0500] "GET /search.php?detail/07501251763886 HTTP/1.1" 500 720 "https://embajadores.clickboxgo.com/search.php?detail/256040440514" "Mozilla/5.0 AppleWebKit/537.36 (KHTML, like Gecko; compatible; GPTBot/1.3; +https://openai.com/gptbot)"
74.7.243.205 - - [10/Feb/2026:07:17:52 -0500] "GET /search.php?detail/23504401736083 HTTP/1.1" 500 720 "https://embajadores.clickboxgo.com/search.php?detail/235044199401" "Mozilla/5.0 AppleWebKit/537.36 (KHTML, like Gecko; compatible; GPTBot/1.3; +https://openai.com/gptbot)"
74.7.243.205 - - [10/Feb/2026:07:18:53 -0500] "GET /search.php?detail/18003504736178 HTTP/1.1" 500 720 "https://embajadores.clickboxgo.com/search.php?detail/180008375001" "Mozilla/5.0 AppleWebKit/537.36 (KHTML, like Gecko; compatible; GPTBot/1.3; +https://openai.com/gptbot)"
74.7.243.205 - - [10/Feb/2026:07:19:55 -0500] "GET /search.php?detail/10904781165241 HTTP/1.1" 500 720 "https://embajadores.clickboxgo.com/search.php?detail/1090325008264" "Mozilla/5.0 AppleWebKit/537.36 (KHTML, like Gecko; compatible; GPTBot/1.3; +https://openai.com/gptbot)"
74.7.244.34 - - [10/Feb/2026:07:19:55 -0500] "GET /robots.txt HTTP/1.1" 500 720 "-" "Mozilla/5.0 (Macintosh; Intel Mac OS X 10_15_7) AppleWebKit/537.36 (KHTML, like Gecko) Chrome/131.0.0.0 Safari/537.36; compatible; OAI-SearchBot/1.3; robots.txt; +https://openai.com/searchbot"
74.7.243.205 - - [10/Feb/2026:07:20:56 -0500] "GET /search.php?detail/05501843117822 HTTP/1.1" 500 720 "https://embajadores.clickboxgo.com/search.php?goods/055026347" "Mozilla/5.0 AppleWebKit/537.36 (KHTML, like Gecko; compatible; GPTBot/1.3; +https://openai.com/gptbot)"
74.7.243.205 - - [10/Feb/2026:07:21:57 -0500] "GET /search.php?detail/25400875363578 HTTP/1.1" 500 720 "https://embajadores.clickboxgo.com/search.php?detail/2000289122968" "Mozilla/5.0 AppleWebKit/537.36 (KHTML, like Gecko; compatible; GPTBot/1.3; +https://openai.com/gptbot)"
74.7.243.205 - - [10/Feb/2026:07:22:59 -0500] "GET /search.php?detail/21001879196549 HTTP/1.1" 500 720 "https://embajadores.clickboxgo.com/search.php?detail/22203058373752" "Mozilla/5.0 AppleWebKit/537.36 (KHTML, like Gecko; compatible; GPTBot/1.3; +https://openai.com/gptbot)"
74.7.243.205 - - [10/Feb/2026:07:24:02 -0500] "GET /search.php?detail/08200543819474 HTTP/1.1" 500 720 "https://embajadores.clickboxgo.com/search.php?detail/138033410315" "Mozilla/5.0 AppleWebKit/537.36 (KHTML, like Gecko; compatible; GPTBot/1.3; +https://openai.com/gptbot)"
74.7.243.205 - - [10/Feb/2026:07:25:07 -0500] "GET /search.php?detail/06802213437316 HTTP/1.1" 500 720 "https://embajadores.clickboxgo.com/search.php?detail/07000483974300" "Mozilla/5.0 AppleWebKit/537.36 (KHTML, like Gecko; compatible; GPTBot/1.3; +https://openai.com/gptbot)"
74.7.244.34 - - [10/Feb/2026:07:25:07 -0500] "GET /robots.txt HTTP/1.1" 500 720 "-" "Mozilla/5.0 (Macintosh; Intel Mac OS X 10_15_7) AppleWebKit/537.36 (KHTML, like Gecko) Chrome/131.0.0.0 Safari/537.36; compatible; OAI-SearchBot/1.3; robots.txt; +https://openai.com/searchbot"
74.7.243.205 - - [10/Feb/2026:07:26:08 -0500] "GET /search.php?detail/04201719496570 HTTP/1.1" 500 720 "https://embajadores.clickboxgo.com/search.php?goods/158049626" "Mozilla/5.0 AppleWebKit/537.36 (KHTML, like Gecko; compatible; GPTBot/1.3; +https://openai.com/gptbot)"
161.35.11.8 - - [10/Feb/2026:07:26:58 -0500] "GET / HTTP/1.1" 500 720 "-" "Mozilla/5.0 zgrab/0.x"
74.7.243.205 - - [10/Feb/2026:07:27:10 -0500] "GET /search.php?detail/08302557885946 HTTP/1.1" 500 720 "https://embajadores.clickboxgo.com/search.php?detail/123024944242" "Mozilla/5.0 AppleWebKit/537.36 (KHTML, like Gecko; compatible; GPTBot/1.3; +https://openai.com/gptbot)"
74.7.243.205 - - [10/Feb/2026:07:28:15 -0500] "GET /search.php?detail/26501827308368 HTTP/1.1" 500 720 "https://embajadores.clickboxgo.com/search.php?detail/26501826953980" "Mozilla/5.0 AppleWebKit/537.36 (KHTML, like Gecko; compatible; GPTBot/1.3; +https://openai.com/gptbot)"
74.7.243.205 - - [10/Feb/2026:07:29:15 -0500] "GET /search.php?detail/11604640073927 HTTP/1.1" 500 720 "https://embajadores.clickboxgo.com/search.php?detail/116007246532" "Mozilla/5.0 AppleWebKit/537.36 (KHTML, like Gecko; compatible; GPTBot/1.3; +https://openai.com/gptbot)"
74.7.243.205 - - [10/Feb/2026:07:30:18 -0500] "GET /search.php?detail/06104249299773 HTTP/1.1" 500 720 "https://embajadores.clickboxgo.com/search.php?detail/2220225650343" "Mozilla/5.0 AppleWebKit/537.36 (KHTML, like Gecko; compatible; GPTBot/1.3; +https://openai.com/gptbot)"
74.7.244.34 - - [10/Feb/2026:07:30:18 -0500] "GET /robots.txt HTTP/1.1" 500 720 "-" "Mozilla/5.0 (Macintosh; Intel Mac OS X 10_15_7) AppleWebKit/537.36 (KHTML, like Gecko) Chrome/131.0.0.0 Safari/537.36; compatible; OAI-SearchBot/1.3; robots.txt; +https://openai.com/searchbot"
74.7.243.205 - - [10/Feb/2026:07:31:21 -0500] "GET /search.php?detail/12702190495518 HTTP/1.1" 500 720 "https://embajadores.clickboxgo.com/search.php?detail/254034263899" "Mozilla/5.0 AppleWebKit/537.36 (KHTML, like Gecko; compatible; GPTBot/1.3; +https://openai.com/gptbot)"
79.124.40.174 - - [10/Feb/2026:07:31:42 -0500] "GET /?XDEBUG_SESSION_START=phpstorm HTTP/1.1" 500 720 "-" "Mozilla/5.0 (Windows NT 10.0; Win64; x64) AppleWebKit/537.36 (KHTML, like Gecko) Chrome/78.0.3904.108 Safari/537.36"
74.7.243.205 - - [10/Feb/2026:07:32:23 -0500] "GET /search.php?detail/17001342967339 HTTP/1.1" 500 720 "https://embajadores.clickboxgo.com/search.php?detail/005014992992" "Mozilla/5.0 AppleWebKit/537.36 (KHTML, like Gecko; compatible; GPTBot/1.3; +https://openai.com/gptbot)"
74.7.243.205 - - [10/Feb/2026:07:33:26 -0500] "GET /search.php?detail/10601445579819 HTTP/1.1" 500 720 "https://embajadores.clickboxgo.com/search.php?detail/106006377609" "Mozilla/5.0 AppleWebKit/537.36 (KHTML, like Gecko; compatible; GPTBot/1.3; +https://openai.com/gptbot)"
74.7.243.205 - - [10/Feb/2026:07:34:32 -0500] "GET /search.php?detail/18701363291194 HTTP/1.1" 500 720 "https://embajadores.clickboxgo.com/search.php?detail/187000410036" "Mozilla/5.0 AppleWebKit/537.36 (KHTML, like Gecko; compatible; GPTBot/1.3; +https://openai.com/gptbot)"
74.7.243.205 - - [10/Feb/2026:07:35:33 -0500] "GET /search.php?detail/17502796195130 HTTP/1.1" 500 720 "https://embajadores.clickboxgo.com/search.php?detail/175017776880" "Mozilla/5.0 AppleWebKit/537.36 (KHTML, like Gecko; compatible; GPTBot/1.3; +https://openai.com/gptbot)"
74.7.244.34 - - [10/Feb/2026:07:35:33 -0500] "GET /robots.txt HTTP/1.1" 500 720 "-" "Mozilla/5.0 (Macintosh; Intel Mac OS X 10_15_7) AppleWebKit/537.36 (KHTML, like Gecko) Chrome/131.0.0.0 Safari/537.36; compatible; OAI-SearchBot/1.3; robots.txt; +https://openai.com/searchbot"
74.7.243.205 - - [10/Feb/2026:07:36:37 -0500] "GET /search.php?detail/19203366180440 HTTP/1.1" 500 720 "https://embajadores.clickboxgo.com/search.php?detail/19203890375693" "Mozilla/5.0 AppleWebKit/537.36 (KHTML, like Gecko; compatible; GPTBot/1.3; +https://openai.com/gptbot)"
74.7.243.205 - - [10/Feb/2026:07:37:38 -0500] "GET /search.php?detail/06900389155622 HTTP/1.1" 500 720 "https://embajadores.clickboxgo.com/search.php?detail/069035129581" "Mozilla/5.0 AppleWebKit/537.36 (KHTML, like Gecko; compatible; GPTBot/1.3; +https://openai.com/gptbot)"
74.7.243.205 - - [10/Feb/2026:07:38:38 -0500] "GET /search.php?detail/18704149016135 HTTP/1.1" 500 720 "https://embajadores.clickboxgo.com/search.php?detail/13202440367939" "Mozilla/5.0 AppleWebKit/537.36 (KHTML, like Gecko; compatible; GPTBot/1.3; +https://openai.com/gptbot)"
74.7.243.205 - - [10/Feb/2026:07:39:39 -0500] "GET /search.php?detail/05803779430295 HTTP/1.1" 500 720 "https://embajadores.clickboxgo.com/search.php?detail/090026306337" "Mozilla/5.0 AppleWebKit/537.36 (KHTML, like Gecko; compatible; GPTBot/1.3; +https://openai.com/gptbot)"
74.7.243.205 - - [10/Feb/2026:07:40:42 -0500] "GET /search.php?detail/12501475605337 HTTP/1.1" 500 720 "https://embajadores.clickboxgo.com/search.php?detail/2610428999735" "Mozilla/5.0 AppleWebKit/537.36 (KHTML, like Gecko; compatible; GPTBot/1.3; +https://openai.com/gptbot)"
74.7.244.34 - - [10/Feb/2026:07:40:42 -0500] "GET /robots.txt HTTP/1.1" 500 720 "-" "Mozilla/5.0 (Macintosh; Intel Mac OS X 10_15_7) AppleWebKit/537.36 (KHTML, like Gecko) Chrome/131.0.0.0 Safari/537.36; compatible; OAI-SearchBot/1.3; robots.txt; +https://openai.com/searchbot"
74.7.243.205 - - [10/Feb/2026:07:41:45 -0500] "GET /search.php?detail/00203970844567 HTTP/1.1" 500 720 "https://embajadores.clickboxgo.com/search.php?detail/002011005219" "Mozilla/5.0 AppleWebKit/537.36 (KHTML, like Gecko; compatible; GPTBot/1.3; +https://openai.com/gptbot)"
74.7.243.205 - - [10/Feb/2026:07:42:50 -0500] "GET /search.php?detail/17304768165112 HTTP/1.1" 500 720 "https://embajadores.clickboxgo.com/search.php?detail/17304770004433" "Mozilla/5.0 AppleWebKit/537.36 (KHTML, like Gecko; compatible; GPTBot/1.3; +https://openai.com/gptbot)"
74.7.243.205 - - [10/Feb/2026:07:43:50 -0500] "GET /search.php?detail/27004087197385 HTTP/1.1" 500 720 "https://embajadores.clickboxgo.com/search.php?detail/270015956786" "Mozilla/5.0 AppleWebKit/537.36 (KHTML, like Gecko; compatible; GPTBot/1.3; +https://openai.com/gptbot)"
74.7.243.205 - - [10/Feb/2026:07:44:53 -0500] "GET /search.php?detail/05604886493582 HTTP/1.1" 500 720 "https://embajadores.clickboxgo.com/search.php?detail/056031839415" "Mozilla/5.0 AppleWebKit/537.36 (KHTML, like Gecko; compatible; GPTBot/1.3; +https://openai.com/gptbot)"
74.7.243.205 - - [10/Feb/2026:07:45:56 -0500] "GET /search.php?detail/23504974142989 HTTP/1.1" 500 720 "https://embajadores.clickboxgo.com/search.php?detail/18500706958425" "Mozilla/5.0 AppleWebKit/537.36 (KHTML, like Gecko; compatible; GPTBot/1.3; +https://openai.com/gptbot)"
74.7.244.34 - - [10/Feb/2026:07:45:56 -0500] "GET /robots.txt HTTP/1.1" 500 720 "-" "Mozilla/5.0 (Macintosh; Intel Mac OS X 10_15_7) AppleWebKit/537.36 (KHTML, like Gecko) Chrome/131.0.0.0 Safari/537.36; compatible; OAI-SearchBot/1.3; robots.txt; +https://openai.com/searchbot"
74.7.243.205 - - [10/Feb/2026:07:47:01 -0500] "GET /search.php?detail/19803268825387 HTTP/1.1" 500 720 "https://embajadores.clickboxgo.com/search.php?jp/068020589.html" "Mozilla/5.0 AppleWebKit/537.36 (KHTML, like Gecko; compatible; GPTBot/1.3; +https://openai.com/gptbot)"
74.7.243.205 - - [10/Feb/2026:07:48:05 -0500] "GET /search.php?detail/17003445469648 HTTP/1.1" 500 720 "https://embajadores.clickboxgo.com/search.php?detail/170003984829" "Mozilla/5.0 AppleWebKit/537.36 (KHTML, like Gecko; compatible; GPTBot/1.3; +https://openai.com/gptbot)"
74.7.243.205 - - [10/Feb/2026:07:49:06 -0500] "GET /search.php?detail/21100640581897 HTTP/1.1" 500 720 "https://embajadores.clickboxgo.com/search.php?detail/280042477619" "Mozilla/5.0 AppleWebKit/537.36 (KHTML, like Gecko; compatible; GPTBot/1.3; +https://openai.com/gptbot)"
74.7.243.205 - - [10/Feb/2026:07:50:12 -0500] "GET /search.php?detail/14504690739475 HTTP/1.1" 500 720 "https://embajadores.clickboxgo.com/search.php?detail/189036784930" "Mozilla/5.0 AppleWebKit/537.36 (KHTML, like Gecko; compatible; GPTBot/1.3; +https://openai.com/gptbot)"
74.7.243.205 - - [10/Feb/2026:07:51:17 -0500] "GET /search.php?detail/07200156054293 HTTP/1.1" 500 720 "https://embajadores.clickboxgo.com/search.php?detail/26502555030628" "Mozilla/5.0 AppleWebKit/537.36 (KHTML, like Gecko; compatible; GPTBot/1.3; +https://openai.com/gptbot)"
74.7.244.34 - - [10/Feb/2026:07:51:17 -0500] "GET /robots.txt HTTP/1.1" 500 720 "-" "Mozilla/5.0 (Macintosh; Intel Mac OS X 10_15_7) AppleWebKit/537.36 (KHTML, like Gecko) Chrome/131.0.0.0 Safari/537.36; compatible; OAI-SearchBot/1.3; robots.txt; +https://openai.com/searchbot"
74.7.243.205 - - [10/Feb/2026:07:52:20 -0500] "GET /search.php?detail/14103272196694 HTTP/1.1" 500 720 "https://embajadores.clickboxgo.com/search.php?detail/1490089295639" "Mozilla/5.0 AppleWebKit/537.36 (KHTML, like Gecko; compatible; GPTBot/1.3; +https://openai.com/gptbot)"
44.249.191.99 - - [10/Feb/2026:07:52:56 -0500] "GET /robots.txt HTTP/1.1" 500 720 "-" "Mozilla/5.0 (compatible; wpbot/1.4; +https://forms.gle/ajBaxygz9jSR8p8G9)"
44.249.191.99 - - [10/Feb/2026:07:52:56 -0500] "GET / HTTP/1.1" 500 720 "-" "Mozilla/5.0 (compatible; wpbot/1.4; +https://forms.gle/ajBaxygz9jSR8p8G9)"
74.7.243.205 - - [10/Feb/2026:07:53:20 -0500] "GET /search.php?detail/12501188462731 HTTP/1.1" 500 720 "https://embajadores.clickboxgo.com/search.php?detail/017048120120" "Mozilla/5.0 AppleWebKit/537.36 (KHTML, like Gecko; compatible; GPTBot/1.3; +https://openai.com/gptbot)"
74.7.243.205 - - [10/Feb/2026:07:54:23 -0500] "GET /search.php?detail/16302759329422 HTTP/1.1" 500 720 "https://embajadores.clickboxgo.com/search.php?detail/107014632657" "Mozilla/5.0 AppleWebKit/537.36 (KHTML, like Gecko; compatible; GPTBot/1.3; +https://openai.com/gptbot)"
74.7.243.205 - - [10/Feb/2026:07:55:29 -0500] "GET /search.php?detail/01502351396445 HTTP/1.1" 500 720 "https://embajadores.clickboxgo.com/search.php?detail/111044741695" "Mozilla/5.0 AppleWebKit/537.36 (KHTML, like Gecko; compatible; GPTBot/1.3; +https://openai.com/gptbot)"
74.7.243.205 - - [10/Feb/2026:07:56:34 -0500] "GET /search.php?detail/25700236144506 HTTP/1.1" 500 720 "https://embajadores.clickboxgo.com/search.php?detail/111009616641" "Mozilla/5.0 AppleWebKit/537.36 (KHTML, like Gecko; compatible; GPTBot/1.3; +https://openai.com/gptbot)"
74.7.244.34 - - [10/Feb/2026:07:56:35 -0500] "GET /robots.txt HTTP/1.1" 500 720 "-" "Mozilla/5.0 (Macintosh; Intel Mac OS X 10_15_7) AppleWebKit/537.36 (KHTML, like Gecko) Chrome/131.0.0.0 Safari/537.36; compatible; OAI-SearchBot/1.3; robots.txt; +https://openai.com/searchbot"
74.7.243.205 - - [10/Feb/2026:07:57:40 -0500] "GET /search.php?detail/19602501184303 HTTP/1.1" 500 720 "https://embajadores.clickboxgo.com/search.php?detail/19602502476659" "Mozilla/5.0 AppleWebKit/537.36 (KHTML, like Gecko; compatible; GPTBot/1.3; +https://openai.com/gptbot)"
74.7.243.205 - - [10/Feb/2026:07:58:41 -0500] "GET /search.php?detail/28404160119173 HTTP/1.1" 500 720 "https://embajadores.clickboxgo.com/search.php?detail/151018006815" "Mozilla/5.0 AppleWebKit/537.36 (KHTML, like Gecko; compatible; GPTBot/1.3; +https://openai.com/gptbot)"
74.7.243.205 - - [10/Feb/2026:07:59:45 -0500] "GET /search.php?detail/27101806475725 HTTP/1.1" 500 720 "https://embajadores.clickboxgo.com/search.php?detail/2460454978034" "Mozilla/5.0 AppleWebKit/537.36 (KHTML, like Gecko; compatible; GPTBot/1.3; +https://openai.com/gptbot)"
74.7.243.205 - - [10/Feb/2026:08:00:48 -0500] "GET /search.php?detail/26701863489616 HTTP/1.1" 500 720 "https://embajadores.clickboxgo.com/search.php?detail/267025305333" "Mozilla/5.0 AppleWebKit/537.36 (KHTML, like Gecko; compatible; GPTBot/1.3; +https://openai.com/gptbot)"
74.7.243.205 - - [10/Feb/2026:08:01:49 -0500] "GET /search.php?detail/28903936426055 HTTP/1.1" 500 720 "https://embajadores.clickboxgo.com/search.php?detail/117005001563" "Mozilla/5.0 AppleWebKit/537.36 (KHTML, like Gecko; compatible; GPTBot/1.3; +https://openai.com/gptbot)"
74.7.244.34 - - [10/Feb/2026:08:01:49 -0500] "GET /robots.txt HTTP/1.1" 500 720 "-" "Mozilla/5.0 (Macintosh; Intel Mac OS X 10_15_7) AppleWebKit/537.36 (KHTML, like Gecko) Chrome/131.0.0.0 Safari/537.36; compatible; OAI-SearchBot/1.3; robots.txt; +https://openai.com/searchbot"
74.7.243.205 - - [10/Feb/2026:08:02:51 -0500] "GET /search.php?detail/04102745313605 HTTP/1.1" 500 720 "https://embajadores.clickboxgo.com/search.php?detail/100016848404" "Mozilla/5.0 AppleWebKit/537.36 (KHTML, like Gecko; compatible; GPTBot/1.3; +https://openai.com/gptbot)"
74.7.243.205 - - [10/Feb/2026:08:03:54 -0500] "GET /search.php?detail/10203271369249 HTTP/1.1" 500 720 "https://embajadores.clickboxgo.com/search.php?detail/28502698923504" "Mozilla/5.0 AppleWebKit/537.36 (KHTML, like Gecko; compatible; GPTBot/1.3; +https://openai.com/gptbot)"
74.7.243.205 - - [10/Feb/2026:08:04:57 -0500] "GET /search.php?detail/21800369906327 HTTP/1.1" 500 720 "https://embajadores.clickboxgo.com/search.php?detail/2500426546424" "Mozilla/5.0 AppleWebKit/537.36 (KHTML, like Gecko; compatible; GPTBot/1.3; +https://openai.com/gptbot)"
74.7.243.205 - - [10/Feb/2026:08:05:58 -0500] "GET /search.php?detail/25804649101866 HTTP/1.1" 500 720 "https://embajadores.clickboxgo.com/search.php?goods/041043152" "Mozilla/5.0 AppleWebKit/537.36 (KHTML, like Gecko; compatible; GPTBot/1.3; +https://openai.com/gptbot)"
74.7.243.205 - - [10/Feb/2026:08:07:01 -0500] "GET /search.php?detail/29903732846931 HTTP/1.1" 500 720 "https://embajadores.clickboxgo.com/search.php?detail/2460429730735" "Mozilla/5.0 AppleWebKit/537.36 (KHTML, like Gecko; compatible; GPTBot/1.3; +https://openai.com/gptbot)"
74.7.244.34 - - [10/Feb/2026:08:07:02 -0500] "GET /robots.txt HTTP/1.1" 500 720 "-" "Mozilla/5.0 (Macintosh; Intel Mac OS X 10_15_7) AppleWebKit/537.36 (KHTML, like Gecko) Chrome/131.0.0.0 Safari/537.36; compatible; OAI-SearchBot/1.3; robots.txt; +https://openai.com/searchbot"
74.7.243.205 - - [10/Feb/2026:08:08:07 -0500] "GET /search.php?detail/08601654799630 HTTP/1.1" 500 720 "https://embajadores.clickboxgo.com/search.php?detail/12804527160524" "Mozilla/5.0 AppleWebKit/537.36 (KHTML, like Gecko; compatible; GPTBot/1.3; +https://openai.com/gptbot)"
74.7.243.205 - - [10/Feb/2026:08:09:10 -0500] "GET /search.php?detail/17403155418990 HTTP/1.1" 500 720 "https://embajadores.clickboxgo.com/search.php?detail/28801794750876" "Mozilla/5.0 AppleWebKit/537.36 (KHTML, like Gecko; compatible; GPTBot/1.3; +https://openai.com/gptbot)"
74.7.243.205 - - [10/Feb/2026:08:10:15 -0500] "GET /search.php?detail/20702710958896 HTTP/1.1" 500 720 "https://embajadores.clickboxgo.com/search.php?detail/180016747773" "Mozilla/5.0 AppleWebKit/537.36 (KHTML, like Gecko; compatible; GPTBot/1.3; +https://openai.com/gptbot)"
74.7.243.205 - - [10/Feb/2026:08:11:18 -0500] "GET /search.php?detail/27101806475725 HTTP/1.1" 500 720 "https://embajadores.clickboxgo.com/search.php?detail/2460454978034" "Mozilla/5.0 AppleWebKit/537.36 (KHTML, like Gecko; compatible; GPTBot/1.3; +https://openai.com/gptbot)"
74.7.243.205 - - [10/Feb/2026:08:12:24 -0500] "GET /search.php?detail/20804825517647 HTTP/1.1" 500 720 "https://embajadores.clickboxgo.com/search.php?detail/208042319371" "Mozilla/5.0 AppleWebKit/537.36 (KHTML, like Gecko; compatible; GPTBot/1.3; +https://openai.com/gptbot)"
74.7.243.205 - - [10/Feb/2026:08:13:26 -0500] "GET /search.php?detail/09001718624858 HTTP/1.1" 500 720 "https://embajadores.clickboxgo.com/search.php?detail/0080493338039" "Mozilla/5.0 AppleWebKit/537.36 (KHTML, like Gecko; compatible; GPTBot/1.3; +https://openai.com/gptbot)"
74.7.243.205 - - [10/Feb/2026:08:14:31 -0500] "GET /search.php?detail/27002586083651 HTTP/1.1" 500 720 "https://embajadores.clickboxgo.com/search.php?detail/27000867499338" "Mozilla/5.0 AppleWebKit/537.36 (KHTML, like Gecko; compatible; GPTBot/1.3; +https://openai.com/gptbot)"
74.7.243.205 - - [10/Feb/2026:08:15:34 -0500] "GET /search.php?detail/29804701226309 HTTP/1.1" 500 720 "https://embajadores.clickboxgo.com/search.php?detail/0350445005820" "Mozilla/5.0 AppleWebKit/537.36 (KHTML, like Gecko; compatible; GPTBot/1.3; +https://openai.com/gptbot)"
74.7.243.205 - - [10/Feb/2026:08:16:38 -0500] "GET /search.php?detail/27703142409161 HTTP/1.1" 500 720 "https://embajadores.clickboxgo.com/search.php?jp/299028955.html" "Mozilla/5.0 AppleWebKit/537.36 (KHTML, like Gecko; compatible; GPTBot/1.3; +https://openai.com/gptbot)"
74.7.243.205 - - [10/Feb/2026:08:17:39 -0500] "GET /search.php?detail/27203096988743 HTTP/1.1" 500 720 "https://embajadores.clickboxgo.com/search.php?detail/272046156350" "Mozilla/5.0 AppleWebKit/537.36 (KHTML, like Gecko; compatible; GPTBot/1.3; +https://openai.com/gptbot)"
74.7.243.205 - - [10/Feb/2026:08:18:42 -0500] "GET /search.php?detail/18202607637510 HTTP/1.1" 500 720 "https://embajadores.clickboxgo.com/search.php?detail/222007795734" "Mozilla/5.0 AppleWebKit/537.36 (KHTML, like Gecko; compatible; GPTBot/1.3; +https://openai.com/gptbot)"
74.7.243.205 - - [10/Feb/2026:08:19:45 -0500] "GET /search.php?detail/28301034094985 HTTP/1.1" 500 720 "https://embajadores.clickboxgo.com/search.php?detail/09104674594230" "Mozilla/5.0 AppleWebKit/537.36 (KHTML, like Gecko; compatible; GPTBot/1.3; +https://openai.com/gptbot)"
74.7.243.205 - - [10/Feb/2026:08:20:47 -0500] "GET /search.php?detail/05002126371473 HTTP/1.1" 500 720 "https://embajadores.clickboxgo.com/search.php?detail/050003216030" "Mozilla/5.0 AppleWebKit/537.36 (KHTML, like Gecko; compatible; GPTBot/1.3; +https://openai.com/gptbot)"
74.7.243.205 - - [10/Feb/2026:08:21:48 -0500] "GET /search.php?detail/01504767802145 HTTP/1.1" 500 720 "https://embajadores.clickboxgo.com/search.php?jp/015033888.html" "Mozilla/5.0 AppleWebKit/537.36 (KHTML, like Gecko; compatible; GPTBot/1.3; +https://openai.com/gptbot)"
74.7.243.205 - - [10/Feb/2026:08:22:50 -0500] "GET /search.php?detail/21003653158344 HTTP/1.1" 500 720 "https://embajadores.clickboxgo.com/search.php?detail/25304030513978" "Mozilla/5.0 AppleWebKit/537.36 (KHTML, like Gecko; compatible; GPTBot/1.3; +https://openai.com/gptbot)"
74.7.244.34 - - [10/Feb/2026:08:22:50 -0500] "GET /robots.txt HTTP/1.1" 500 720 "-" "Mozilla/5.0 (Macintosh; Intel Mac OS X 10_15_7) AppleWebKit/537.36 (KHTML, like Gecko) Chrome/131.0.0.0 Safari/537.36; compatible; OAI-SearchBot/1.3; robots.txt; +https://openai.com/searchbot"
74.7.243.205 - - [10/Feb/2026:08:23:54 -0500] "GET /search.php?detail/08902593941965 HTTP/1.1" 500 720 "https://embajadores.clickboxgo.com/search.php?detail/089047771836" "Mozilla/5.0 AppleWebKit/537.36 (KHTML, like Gecko; compatible; GPTBot/1.3; +https://openai.com/gptbot)"
74.7.243.205 - - [10/Feb/2026:08:24:57 -0500] "GET /search.php?detail/15804492101389 HTTP/1.1" 500 720 "https://embajadores.clickboxgo.com/search.php?detail/066039915245" "Mozilla/5.0 AppleWebKit/537.36 (KHTML, like Gecko; compatible; GPTBot/1.3; +https://openai.com/gptbot)"
107.189.29.231 - - [10/Feb/2026:08:25:25 -0500] "GET /wp-login.php HTTP/1.1" 500 720 "-" "Mozilla/5.0 (Windows NT 6.1; Trident/7.0; rv:11.0) like Gecko"
74.7.243.205 - - [10/Feb/2026:08:25:58 -0500] "GET /search.php?detail/13502336768932 HTTP/1.1" 500 720 "https://embajadores.clickboxgo.com/search.php?detail/04104837902739" "Mozilla/5.0 AppleWebKit/537.36 (KHTML, like Gecko; compatible; GPTBot/1.3; +https://openai.com/gptbot)"
74.7.243.205 - - [10/Feb/2026:08:26:58 -0500] "GET /search.php?detail/28902978174541 HTTP/1.1" 500 720 "https://embajadores.clickboxgo.com/search.php?detail/289021714437" "Mozilla/5.0 AppleWebKit/537.36 (KHTML, like Gecko; compatible; GPTBot/1.3; +https://openai.com/gptbot)"
74.7.243.205 - - [10/Feb/2026:08:27:59 -0500] "GET /search.php?detail/18704407326494 HTTP/1.1" 500 720 "https://embajadores.clickboxgo.com/search.php?detail/13601755563033" "Mozilla/5.0 AppleWebKit/537.36 (KHTML, like Gecko; compatible; GPTBot/1.3; +https://openai.com/gptbot)"
74.7.244.34 - - [10/Feb/2026:08:27:59 -0500] "GET /robots.txt HTTP/1.1" 500 720 "-" "Mozilla/5.0 (Macintosh; Intel Mac OS X 10_15_7) AppleWebKit/537.36 (KHTML, like Gecko) Chrome/131.0.0.0 Safari/537.36; compatible; OAI-SearchBot/1.3; robots.txt; +https://openai.com/searchbot"
81.168.83.103 - - [10/Feb/2026:08:28:03 -0500] "GET /debug.log HTTP/1.0" 500 720 "-" "Mozilla/5.0 (Windows NT 10.0; Win64; x64) AppleWebKit/537.36 (KHTML, like Gecko) Chrome/124.0.0.0 Safari/537.36"
74.7.243.205 - - [10/Feb/2026:08:29:01 -0500] "GET /search.php?detail/24701185913812 HTTP/1.1" 500 720 "https://embajadores.clickboxgo.com/search.php?detail/247011864055" "Mozilla/5.0 AppleWebKit/537.36 (KHTML, like Gecko; compatible; GPTBot/1.3; +https://openai.com/gptbot)"
74.7.243.205 - - [10/Feb/2026:08:30:01 -0500] "GET /search.php?detail/14402606171388 HTTP/1.1" 500 720 "https://embajadores.clickboxgo.com/search.php?detail/144026058592" "Mozilla/5.0 AppleWebKit/537.36 (KHTML, like Gecko; compatible; GPTBot/1.3; +https://openai.com/gptbot)"
74.7.243.205 - - [10/Feb/2026:08:31:06 -0500] "GET /search.php?detail/25404165638580 HTTP/1.1" 500 720 "https://embajadores.clickboxgo.com/search.php?detail/254012533341" "Mozilla/5.0 AppleWebKit/537.36 (KHTML, like Gecko; compatible; GPTBot/1.3; +https://openai.com/gptbot)"
74.7.243.205 - - [10/Feb/2026:08:32:10 -0500] "GET /search.php?detail/10903431775084 HTTP/1.1" 500 720 "https://embajadores.clickboxgo.com/search.php?detail/053023867724" "Mozilla/5.0 AppleWebKit/537.36 (KHTML, like Gecko; compatible; GPTBot/1.3; +https://openai.com/gptbot)"
74.7.243.205 - - [10/Feb/2026:08:33:12 -0500] "GET /search.php?detail/06400298558933 HTTP/1.1" 500 720 "https://embajadores.clickboxgo.com/search.php?detail/0640332297597" "Mozilla/5.0 AppleWebKit/537.36 (KHTML, like Gecko; compatible; GPTBot/1.3; +https://openai.com/gptbot)"
74.7.244.34 - - [10/Feb/2026:08:33:12 -0500] "GET /robots.txt HTTP/1.1" 500 720 "-" "Mozilla/5.0 (Macintosh; Intel Mac OS X 10_15_7) AppleWebKit/537.36 (KHTML, like Gecko) Chrome/131.0.0.0 Safari/537.36; compatible; OAI-SearchBot/1.3; robots.txt; +https://openai.com/searchbot"
116.62.33.140 - - [10/Feb/2026:08:33:20 -0500] "GET / HTTP/1.1" 500 - "-" "-"
116.62.33.140 - - [10/Feb/2026:08:33:31 -0500] "GET /.env HTTP/1.1" 500 720 "-" "Mozilla/5.0 (Windows NT 10.0; Win64; x64) AppleWebKit/537.36 (KHTML, like Gecko) Chrome/112.0.5615.137 Safari/537.36"
74.7.243.205 - - [10/Feb/2026:08:34:16 -0500] "GET /search.php?detail/11004881394536 HTTP/1.1" 500 720 "https://embajadores.clickboxgo.com/search.php?detail/110048811807" "Mozilla/5.0 AppleWebKit/537.36 (KHTML, like Gecko; compatible; GPTBot/1.3; +https://openai.com/gptbot)"
74.7.243.205 - - [10/Feb/2026:08:35:21 -0500] "GET /search.php?detail/20501199486252 HTTP/1.1" 500 720 "https://embajadores.clickboxgo.com/search.php?detail/20501199868320" "Mozilla/5.0 AppleWebKit/537.36 (KHTML, like Gecko; compatible; GPTBot/1.3; +https://openai.com/gptbot)"
74.7.243.205 - - [10/Feb/2026:08:36:21 -0500] "GET /search.php?detail/25804063429835 HTTP/1.1" 500 720 "https://embajadores.clickboxgo.com/search.php?detail/286002769185" "Mozilla/5.0 AppleWebKit/537.36 (KHTML, like Gecko; compatible; GPTBot/1.3; +https://openai.com/gptbot)"
74.7.243.205 - - [10/Feb/2026:08:37:22 -0500] "GET /search.php?detail/08604916925298 HTTP/1.1" 500 720 "https://embajadores.clickboxgo.com/search.php?detail/086001010632" "Mozilla/5.0 AppleWebKit/537.36 (KHTML, like Gecko; compatible; GPTBot/1.3; +https://openai.com/gptbot)"
74.7.243.205 - - [10/Feb/2026:08:38:24 -0500] "GET /search.php?detail/01702084541375 HTTP/1.1" 500 720 "https://embajadores.clickboxgo.com/search.php?detail/0170079949101" "Mozilla/5.0 AppleWebKit/537.36 (KHTML, like Gecko; compatible; GPTBot/1.3; +https://openai.com/gptbot)"
74.7.244.34 - - [10/Feb/2026:08:38:24 -0500] "GET /robots.txt HTTP/1.1" 500 720 "-" "Mozilla/5.0 (Macintosh; Intel Mac OS X 10_15_7) AppleWebKit/537.36 (KHTML, like Gecko) Chrome/131.0.0.0 Safari/537.36; compatible; OAI-SearchBot/1.3; robots.txt; +https://openai.com/searchbot"
74.7.243.205 - - [10/Feb/2026:08:39:26 -0500] "GET /search.php?detail/18003839796692 HTTP/1.1" 500 720 "https://embajadores.clickboxgo.com/search.php?detail/200024154612" "Mozilla/5.0 AppleWebKit/537.36 (KHTML, like Gecko; compatible; GPTBot/1.3; +https://openai.com/gptbot)"
74.7.243.205 - - [10/Feb/2026:08:40:28 -0500] "GET /search.php?detail/08504413012753 HTTP/1.1" 500 720 "https://embajadores.clickboxgo.com/search.php?detail/085040201505" "Mozilla/5.0 AppleWebKit/537.36 (KHTML, like Gecko; compatible; GPTBot/1.3; +https://openai.com/gptbot)"
74.7.243.205 - - [10/Feb/2026:08:41:31 -0500] "GET /search.php?detail/28404672534121 HTTP/1.1" 500 720 "https://embajadores.clickboxgo.com/search.php?detail/263037697450" "Mozilla/5.0 AppleWebKit/537.36 (KHTML, like Gecko; compatible; GPTBot/1.3; +https://openai.com/gptbot)"
74.7.243.205 - - [10/Feb/2026:08:42:31 -0500] "GET /search.php?detail/21802406787338 HTTP/1.1" 500 720 "https://embajadores.clickboxgo.com/search.php?detail/218049448341" "Mozilla/5.0 AppleWebKit/537.36 (KHTML, like Gecko; compatible; GPTBot/1.3; +https://openai.com/gptbot)"
74.7.243.205 - - [10/Feb/2026:08:43:33 -0500] "GET /search.php?detail/23301202976817 HTTP/1.1" 500 720 "https://embajadores.clickboxgo.com/search.php?detail/233025211172" "Mozilla/5.0 AppleWebKit/537.36 (KHTML, like Gecko; compatible; GPTBot/1.3; +https://openai.com/gptbot)"
74.7.244.34 - - [10/Feb/2026:08:43:34 -0500] "GET /robots.txt HTTP/1.1" 500 720 "-" "Mozilla/5.0 (Macintosh; Intel Mac OS X 10_15_7) AppleWebKit/537.36 (KHTML, like Gecko) Chrome/131.0.0.0 Safari/537.36; compatible; OAI-SearchBot/1.3; robots.txt; +https://openai.com/searchbot"
74.7.243.205 - - [10/Feb/2026:08:44:36 -0500] "GET /search.php?detail/17100319582165 HTTP/1.1" 500 720 "https://embajadores.clickboxgo.com/search.php?detail/020001926730" "Mozilla/5.0 AppleWebKit/537.36 (KHTML, like Gecko; compatible; GPTBot/1.3; +https://openai.com/gptbot)"
74.7.243.205 - - [10/Feb/2026:08:45:36 -0500] "GET /search.php?detail/20701765229238 HTTP/1.1" 500 720 "https://embajadores.clickboxgo.com/search.php?detail/1630483605594" "Mozilla/5.0 AppleWebKit/537.36 (KHTML, like Gecko; compatible; GPTBot/1.3; +https://openai.com/gptbot)"
74.7.243.205 - - [10/Feb/2026:08:46:41 -0500] "GET /search.php?detail/28103223525467 HTTP/1.1" 500 720 "https://embajadores.clickboxgo.com/search.php?detail/066030946930" "Mozilla/5.0 AppleWebKit/537.36 (KHTML, like Gecko; compatible; GPTBot/1.3; +https://openai.com/gptbot)"
74.7.243.205 - - [10/Feb/2026:08:47:43 -0500] "GET /search.php?detail/23701841308176 HTTP/1.1" 500 720 "https://embajadores.clickboxgo.com/search.php?detail/237000608488" "Mozilla/5.0 AppleWebKit/537.36 (KHTML, like Gecko; compatible; GPTBot/1.3; +https://openai.com/gptbot)"
74.7.243.205 - - [10/Feb/2026:08:48:46 -0500] "GET /search.php?detail/25100376011841 HTTP/1.1" 500 720 "https://embajadores.clickboxgo.com/search.php?detail/25102258606979" "Mozilla/5.0 AppleWebKit/537.36 (KHTML, like Gecko; compatible; GPTBot/1.3; +https://openai.com/gptbot)"
74.7.244.34 - - [10/Feb/2026:08:48:46 -0500] "GET /robots.txt HTTP/1.1" 500 720 "-" "Mozilla/5.0 (Macintosh; Intel Mac OS X 10_15_7) AppleWebKit/537.36 (KHTML, like Gecko) Chrome/131.0.0.0 Safari/537.36; compatible; OAI-SearchBot/1.3; robots.txt; +https://openai.com/searchbot"
74.7.243.205 - - [10/Feb/2026:08:49:50 -0500] "GET /search.php?detail/17400895824255 HTTP/1.1" 500 720 "https://embajadores.clickboxgo.com/search.php?detail/174024203022" "Mozilla/5.0 AppleWebKit/537.36 (KHTML, like Gecko; compatible; GPTBot/1.3; +https://openai.com/gptbot)"
167.172.161.16 - - [10/Feb/2026:08:49:52 -0500] "GET / HTTP/1.1" 500 720 "-" "Mozilla/5.0 (X11; Linux x86_64) AppleWebKit/537.36 (KHTML, like Gecko) Chrome/142.0.0.0 Safari/537.36"
167.172.161.16 - - [10/Feb/2026:08:49:54 -0500] "GET /favicon.ico HTTP/1.1" 500 720 "https://216-158-234-248.cprapid.com/" "Mozilla/5.0 (X11; Linux x86_64) AppleWebKit/537.36 (KHTML, like Gecko) Chrome/142.0.0.0 Safari/537.36"
74.7.243.205 - - [10/Feb/2026:08:50:50 -0500] "GET /search.php?detail/08503577224154 HTTP/1.1" 500 720 "https://embajadores.clickboxgo.com/search.php?detail/1820399767613" "Mozilla/5.0 AppleWebKit/537.36 (KHTML, like Gecko; compatible; GPTBot/1.3; +https://openai.com/gptbot)"
74.7.243.205 - - [10/Feb/2026:08:51:52 -0500] "GET /search.php?detail/17203638546626 HTTP/1.1" 500 720 "https://embajadores.clickboxgo.com/search.php?goods/004018272" "Mozilla/5.0 AppleWebKit/537.36 (KHTML, like Gecko; compatible; GPTBot/1.3; +https://openai.com/gptbot)"
74.7.243.205 - - [10/Feb/2026:08:52:57 -0500] "GET /search.php?detail/09402612193153 HTTP/1.1" 500 720 "https://embajadores.clickboxgo.com/search.php?detail/1060073781900" "Mozilla/5.0 AppleWebKit/537.36 (KHTML, like Gecko; compatible; GPTBot/1.3; +https://openai.com/gptbot)"
74.7.243.205 - - [10/Feb/2026:08:53:59 -0500] "GET /search.php?detail/28800967257390 HTTP/1.1" 500 720 "https://embajadores.clickboxgo.com/search.php?detail/28801325491352" "Mozilla/5.0 AppleWebKit/537.36 (KHTML, like Gecko; compatible; GPTBot/1.3; +https://openai.com/gptbot)"
74.7.244.34 - - [10/Feb/2026:08:53:59 -0500] "GET /robots.txt HTTP/1.1" 500 720 "-" "Mozilla/5.0 (Macintosh; Intel Mac OS X 10_15_7) AppleWebKit/537.36 (KHTML, like Gecko) Chrome/131.0.0.0 Safari/537.36; compatible; OAI-SearchBot/1.3; robots.txt; +https://openai.com/searchbot"
140.235.170.131 - - [10/Feb/2026:08:54:12 -0500] "GET /vpn/index.html HTTP/1.1" 500 720 "-" "Mozilla/5.0 (Windows NT 10.0; Win64; x64) AppleWebKit/537.36 (KHTML, like Gecko) Chrome/115.0.0.0 Safari/537.36 Edg/115.0.1901.203"
140.235.170.131 - - [10/Feb/2026:08:54:13 -0500] "GET /vpn/index.html HTTP/1.1" 500 720 "-" "Mozilla/5.0 (Windows NT 10.0; Win64; x64) AppleWebKit/537.36 (KHTML, like Gecko) Chrome/115.0.0.0 Safari/537.36 Edg/115.0.1901.203"
74.7.243.205 - - [10/Feb/2026:08:55:05 -0500] "GET /search.php?detail/11603795445069 HTTP/1.1" 500 720 "https://embajadores.clickboxgo.com/search.php?detail/0380195939555" "Mozilla/5.0 AppleWebKit/537.36 (KHTML, like Gecko; compatible; GPTBot/1.3; +https://openai.com/gptbot)"
74.7.243.205 - - [10/Feb/2026:08:56:08 -0500] "GET /search.php?detail/01403467791083 HTTP/1.1" 500 720 "https://embajadores.clickboxgo.com/search.php?detail/0140216697955" "Mozilla/5.0 AppleWebKit/537.36 (KHTML, like Gecko; compatible; GPTBot/1.3; +https://openai.com/gptbot)"
74.7.243.205 - - [10/Feb/2026:08:57:12 -0500] "GET /search.php?detail/08904205972334 HTTP/1.1" 500 720 "https://embajadores.clickboxgo.com/search.php?detail/089030201028" "Mozilla/5.0 AppleWebKit/537.36 (KHTML, like Gecko; compatible; GPTBot/1.3; +https://openai.com/gptbot)"
74.7.243.205 - - [10/Feb/2026:08:58:16 -0500] "GET /search.php?detail/18803460574944 HTTP/1.1" 500 720 "https://embajadores.clickboxgo.com/search.php?detail/19500847486859" "Mozilla/5.0 AppleWebKit/537.36 (KHTML, like Gecko; compatible; GPTBot/1.3; +https://openai.com/gptbot)"
74.7.243.205 - - [10/Feb/2026:08:59:17 -0500] "GET /search.php?detail/15502949056708 HTTP/1.1" 500 720 "https://embajadores.clickboxgo.com/search.php?detail/14004252193258" "Mozilla/5.0 AppleWebKit/537.36 (KHTML, like Gecko; compatible; GPTBot/1.3; +https://openai.com/gptbot)"
74.7.244.34 - - [10/Feb/2026:08:59:17 -0500] "GET /robots.txt HTTP/1.1" 500 720 "-" "Mozilla/5.0 (Macintosh; Intel Mac OS X 10_15_7) AppleWebKit/537.36 (KHTML, like Gecko) Chrome/131.0.0.0 Safari/537.36; compatible; OAI-SearchBot/1.3; robots.txt; +https://openai.com/searchbot"
74.7.243.205 - - [10/Feb/2026:09:00:18 -0500] "GET /search.php?detail/08503411336698 HTTP/1.1" 500 720 "https://embajadores.clickboxgo.com/search.php?detail/085034112724" "Mozilla/5.0 AppleWebKit/537.36 (KHTML, like Gecko; compatible; GPTBot/1.3; +https://openai.com/gptbot)"
74.7.243.205 - - [10/Feb/2026:09:01:22 -0500] "GET /search.php?detail/03402417143599 HTTP/1.1" 500 720 "https://embajadores.clickboxgo.com/search.php?jp/034046872.html" "Mozilla/5.0 AppleWebKit/537.36 (KHTML, like Gecko; compatible; GPTBot/1.3; +https://openai.com/gptbot)"
74.7.243.205 - - [10/Feb/2026:09:02:23 -0500] "GET /search.php?detail/17503474484295 HTTP/1.1" 500 720 "https://embajadores.clickboxgo.com/search.php?detail/1740269188607" "Mozilla/5.0 AppleWebKit/537.36 (KHTML, like Gecko; compatible; GPTBot/1.3; +https://openai.com/gptbot)"
74.7.243.205 - - [10/Feb/2026:09:03:26 -0500] "GET /search.php?detail/16600387355722 HTTP/1.1" 500 720 "https://embajadores.clickboxgo.com/search.php?detail/09902160989435" "Mozilla/5.0 AppleWebKit/537.36 (KHTML, like Gecko; compatible; GPTBot/1.3; +https://openai.com/gptbot)"
74.7.243.205 - - [10/Feb/2026:09:04:29 -0500] "GET /search.php?detail/25200348281613 HTTP/1.1" 500 720 "https://embajadores.clickboxgo.com/search.php?jp/252027943.html" "Mozilla/5.0 AppleWebKit/537.36 (KHTML, like Gecko; compatible; GPTBot/1.3; +https://openai.com/gptbot)"
74.7.244.34 - - [10/Feb/2026:09:04:29 -0500] "GET /robots.txt HTTP/1.1" 500 720 "-" "Mozilla/5.0 (Macintosh; Intel Mac OS X 10_15_7) AppleWebKit/537.36 (KHTML, like Gecko) Chrome/131.0.0.0 Safari/537.36; compatible; OAI-SearchBot/1.3; robots.txt; +https://openai.com/searchbot"
23.230.223.246 - - [10/Feb/2026:09:04:39 -0500] "GET /remote/login HTTP/1.1" 500 720 "-" "Mozilla/5.0 (Windows NT 10.0; Win64; x64) AppleWebKit/537.36 (KHTML, like Gecko) Chrome/115.0.0.0 Safari/537.36 Edg/115.0.1901.203"
23.230.223.246 - - [10/Feb/2026:09:04:40 -0500] "GET /login HTTP/1.1" 500 720 "-" "Mozilla/5.0 (Windows NT 10.0; Win64; x64) AppleWebKit/537.36 (KHTML, like Gecko) Chrome/115.0.0.0 Safari/537.36 Edg/115.0.1901.203"
74.7.243.205 - - [10/Feb/2026:09:05:29 -0500] "GET /search.php?detail/16102549885245 HTTP/1.1" 500 720 "https://embajadores.clickboxgo.com/search.php?detail/283046795104" "Mozilla/5.0 AppleWebKit/537.36 (KHTML, like Gecko; compatible; GPTBot/1.3; +https://openai.com/gptbot)"
138.124.66.79 - - [10/Feb/2026:09:06:07 -0500] "GET /.env HTTP/1.1" 500 720 "-" "Mozilla/5.0 (X11; Ubuntu; Linux x86_64; rv:147.0) Gecko/20100101 Firefox/147.0"
74.7.243.205 - - [10/Feb/2026:09:06:33 -0500] "GET /search.php?detail/20903485597430 HTTP/1.1" 500 720 "https://embajadores.clickboxgo.com/search.php?detail/209011095899" "Mozilla/5.0 AppleWebKit/537.36 (KHTML, like Gecko; compatible; GPTBot/1.3; +https://openai.com/gptbot)"
74.7.243.205 - - [10/Feb/2026:09:07:34 -0500] "GET /search.php?detail/28102060052394 HTTP/1.1" 500 720 "https://embajadores.clickboxgo.com/search.php?detail/2810046871436" "Mozilla/5.0 AppleWebKit/537.36 (KHTML, like Gecko; compatible; GPTBot/1.3; +https://openai.com/gptbot)"
74.7.243.205 - - [10/Feb/2026:09:08:38 -0500] "GET /search.php?detail/29501021243485 HTTP/1.1" 500 720 "https://embajadores.clickboxgo.com/search.php?detail/220003190107" "Mozilla/5.0 AppleWebKit/537.36 (KHTML, like Gecko; compatible; GPTBot/1.3; +https://openai.com/gptbot)"
74.7.243.205 - - [10/Feb/2026:09:09:41 -0500] "GET /search.php?detail/26203581593631 HTTP/1.1" 500 720 "https://embajadores.clickboxgo.com/search.php?jp/262048973.html" "Mozilla/5.0 AppleWebKit/537.36 (KHTML, like Gecko; compatible; GPTBot/1.3; +https://openai.com/gptbot)"
74.7.244.34 - - [10/Feb/2026:09:09:41 -0500] "GET /robots.txt HTTP/1.1" 500 720 "-" "Mozilla/5.0 (Macintosh; Intel Mac OS X 10_15_7) AppleWebKit/537.36 (KHTML, like Gecko) Chrome/131.0.0.0 Safari/537.36; compatible; OAI-SearchBot/1.3; robots.txt; +https://openai.com/searchbot"
74.7.243.205 - - [10/Feb/2026:09:10:43 -0500] "GET /search.php?detail/02403883941585 HTTP/1.1" 500 720 "https://embajadores.clickboxgo.com/search.php?detail/024000664108" "Mozilla/5.0 AppleWebKit/537.36 (KHTML, like Gecko; compatible; GPTBot/1.3; +https://openai.com/gptbot)"
74.7.243.205 - - [10/Feb/2026:09:11:48 -0500] "GET /search.php?detail/14004378445626 HTTP/1.1" 500 720 "https://embajadores.clickboxgo.com/search.php?detail/1100029772729" "Mozilla/5.0 AppleWebKit/537.36 (KHTML, like Gecko; compatible; GPTBot/1.3; +https://openai.com/gptbot)"
74.7.243.205 - - [10/Feb/2026:09:12:54 -0500] "GET /search.php?detail/24600114489825 HTTP/1.1" 500 720 "https://embajadores.clickboxgo.com/search.php?detail/117010351770" "Mozilla/5.0 AppleWebKit/537.36 (KHTML, like Gecko; compatible; GPTBot/1.3; +https://openai.com/gptbot)"
74.7.243.205 - - [10/Feb/2026:09:13:54 -0500] "GET /search.php?detail/25402803704216 HTTP/1.1" 500 720 "https://embajadores.clickboxgo.com/search.php?detail/1920187805296" "Mozilla/5.0 AppleWebKit/537.36 (KHTML, like Gecko; compatible; GPTBot/1.3; +https://openai.com/gptbot)"
74.7.243.205 - - [10/Feb/2026:09:14:59 -0500] "GET /search.php?detail/02604943192891 HTTP/1.1" 500 720 "https://embajadores.clickboxgo.com/search.php?detail/026000796146" "Mozilla/5.0 AppleWebKit/537.36 (KHTML, like Gecko; compatible; GPTBot/1.3; +https://openai.com/gptbot)"
16.144.17.106 - - [10/Feb/2026:09:15:47 -0500] "GET / HTTP/1.1" 500 720 "-" "Mozilla/5.0 (Macintosh; Intel Mac OS X 10_14_4) AppleWebKit/537.36 (KHTML, like Gecko) Chrome/77.0.3844.0 Safari/537.36"
74.7.243.205 - - [10/Feb/2026:09:16:02 -0500] "GET /search.php?detail/17303695646740 HTTP/1.1" 500 720 "https://embajadores.clickboxgo.com/search.php?detail/173036794296" "Mozilla/5.0 AppleWebKit/537.36 (KHTML, like Gecko; compatible; GPTBot/1.3; +https://openai.com/gptbot)"
74.7.243.205 - - [10/Feb/2026:09:17:02 -0500] "GET /search.php?detail/07503469715360 HTTP/1.1" 500 720 "https://embajadores.clickboxgo.com/search.php?detail/260005541373" "Mozilla/5.0 AppleWebKit/537.36 (KHTML, like Gecko; compatible; GPTBot/1.3; +https://openai.com/gptbot)"
74.7.243.205 - - [10/Feb/2026:09:18:08 -0500] "GET /search.php?detail/29502759106678 HTTP/1.1" 500 720 "https://embajadores.clickboxgo.com/search.php?detail/2220235453383" "Mozilla/5.0 AppleWebKit/537.36 (KHTML, like Gecko; compatible; GPTBot/1.3; +https://openai.com/gptbot)"
74.7.243.205 - - [10/Feb/2026:09:19:11 -0500] "GET /search.php?detail/03704196447725 HTTP/1.1" 500 720 "https://embajadores.clickboxgo.com/search.php?detail/1440421225214" "Mozilla/5.0 AppleWebKit/537.36 (KHTML, like Gecko; compatible; GPTBot/1.3; +https://openai.com/gptbot)"
74.7.243.205 - - [10/Feb/2026:09:20:15 -0500] "GET /search.php?detail/02503065279389 HTTP/1.1" 500 720 "https://embajadores.clickboxgo.com/search.php?goods/173033469" "Mozilla/5.0 AppleWebKit/537.36 (KHTML, like Gecko; compatible; GPTBot/1.3; +https://openai.com/gptbot)"
74.7.243.205 - - [10/Feb/2026:09:21:16 -0500] "GET /search.php?detail/17803641271430 HTTP/1.1" 500 720 "https://embajadores.clickboxgo.com/search.php?detail/1820034879129" "Mozilla/5.0 AppleWebKit/537.36 (KHTML, like Gecko; compatible; GPTBot/1.3; +https://openai.com/gptbot)"
74.7.243.205 - - [10/Feb/2026:09:22:16 -0500] "GET /search.php?detail/27400433068575 HTTP/1.1" 500 720 "https://embajadores.clickboxgo.com/search.php?detail/086001904352" "Mozilla/5.0 AppleWebKit/537.36 (KHTML, like Gecko; compatible; GPTBot/1.3; +https://openai.com/gptbot)"
74.7.243.205 - - [10/Feb/2026:09:23:21 -0500] "GET /search.php?detail/14900855789566 HTTP/1.1" 500 720 "https://embajadores.clickboxgo.com/search.php?detail/2320280251123" "Mozilla/5.0 AppleWebKit/537.36 (KHTML, like Gecko; compatible; GPTBot/1.3; +https://openai.com/gptbot)"
74.7.243.205 - - [10/Feb/2026:09:24:27 -0500] "GET /search.php?detail/27804702140351 HTTP/1.1" 500 720 "https://embajadores.clickboxgo.com/search.php?detail/222036464722" "Mozilla/5.0 AppleWebKit/537.36 (KHTML, like Gecko; compatible; GPTBot/1.3; +https://openai.com/gptbot)"
74.7.243.205 - - [10/Feb/2026:09:25:31 -0500] "GET /search.php?detail/27803113204816 HTTP/1.1" 500 720 "https://embajadores.clickboxgo.com/search.php?detail/220032332655" "Mozilla/5.0 AppleWebKit/537.36 (KHTML, like Gecko; compatible; GPTBot/1.3; +https://openai.com/gptbot)"
74.7.244.34 - - [10/Feb/2026:09:25:32 -0500] "GET /robots.txt HTTP/1.1" 500 720 "-" "Mozilla/5.0 (Macintosh; Intel Mac OS X 10_15_7) AppleWebKit/537.36 (KHTML, like Gecko) Chrome/131.0.0.0 Safari/537.36; compatible; OAI-SearchBot/1.3; robots.txt; +https://openai.com/searchbot"
79.124.40.174 - - [10/Feb/2026:09:26:23 -0500] "GET /actuator/gateway/routes HTTP/1.1" 500 720 "-" "Mozilla/5.0 (Windows NT 10.0; Win64; x64) AppleWebKit/537.36 (KHTML, like Gecko) Chrome/78.0.3904.108 Safari/537.36"
74.7.243.205 - - [10/Feb/2026:09:26:32 -0500] "GET /search.php?detail/23502784997440 HTTP/1.1" 500 720 "https://embajadores.clickboxgo.com/search.php?detail/2350330046032" "Mozilla/5.0 AppleWebKit/537.36 (KHTML, like Gecko; compatible; GPTBot/1.3; +https://openai.com/gptbot)"
74.7.243.205 - - [10/Feb/2026:09:27:35 -0500] "GET /search.php?detail/20304783516088 HTTP/1.1" 500 720 "https://embajadores.clickboxgo.com/search.php?detail/13902199764402" "Mozilla/5.0 AppleWebKit/537.36 (KHTML, like Gecko; compatible; GPTBot/1.3; +https://openai.com/gptbot)"
74.7.243.205 - - [10/Feb/2026:09:28:39 -0500] "GET /search.php?detail/08202369447972 HTTP/1.1" 500 720 "https://embajadores.clickboxgo.com/search.php?detail/199013082275" "Mozilla/5.0 AppleWebKit/537.36 (KHTML, like Gecko; compatible; GPTBot/1.3; +https://openai.com/gptbot)"
74.7.243.205 - - [10/Feb/2026:09:29:40 -0500] "GET /search.php?detail/02401571348742 HTTP/1.1" 500 720 "https://embajadores.clickboxgo.com/search.php?detail/153049904638" "Mozilla/5.0 AppleWebKit/537.36 (KHTML, like Gecko; compatible; GPTBot/1.3; +https://openai.com/gptbot)"
74.7.243.205 - - [10/Feb/2026:09:30:43 -0500] "GET /search.php?detail/17901932087255 HTTP/1.1" 500 720 "https://embajadores.clickboxgo.com/search.php?detail/1790152181633" "Mozilla/5.0 AppleWebKit/537.36 (KHTML, like Gecko; compatible; GPTBot/1.3; +https://openai.com/gptbot)"
74.7.244.34 - - [10/Feb/2026:09:30:43 -0500] "GET /robots.txt HTTP/1.1" 500 720 "-" "Mozilla/5.0 (Macintosh; Intel Mac OS X 10_15_7) AppleWebKit/537.36 (KHTML, like Gecko) Chrome/131.0.0.0 Safari/537.36; compatible; OAI-SearchBot/1.3; robots.txt; +https://openai.com/searchbot"
74.7.243.205 - - [10/Feb/2026:09:31:47 -0500] "GET /search.php?detail/11800915473036 HTTP/1.1" 500 720 "https://embajadores.clickboxgo.com/search.php?detail/2510429366190" "Mozilla/5.0 AppleWebKit/537.36 (KHTML, like Gecko; compatible; GPTBot/1.3; +https://openai.com/gptbot)"
74.7.243.205 - - [10/Feb/2026:09:32:53 -0500] "GET /search.php?detail/16500738971855 HTTP/1.1" 500 720 "https://embajadores.clickboxgo.com/search.php?detail/2150367184112" "Mozilla/5.0 AppleWebKit/537.36 (KHTML, like Gecko; compatible; GPTBot/1.3; +https://openai.com/gptbot)"
74.7.243.205 - - [10/Feb/2026:09:33:55 -0500] "GET /search.php?detail/02801352194488 HTTP/1.1" 500 720 "https://embajadores.clickboxgo.com/search.php?detail/028013513269" "Mozilla/5.0 AppleWebKit/537.36 (KHTML, like Gecko; compatible; GPTBot/1.3; +https://openai.com/gptbot)"
74.7.243.205 - - [10/Feb/2026:09:34:58 -0500] "GET /search.php?detail/10703675119868 HTTP/1.1" 500 720 "https://embajadores.clickboxgo.com/search.php?detail/147044333745" "Mozilla/5.0 AppleWebKit/537.36 (KHTML, like Gecko; compatible; GPTBot/1.3; +https://openai.com/gptbot)"
74.7.243.205 - - [10/Feb/2026:09:36:02 -0500] "GET /search.php?detail/16203504347057 HTTP/1.1" 500 720 "https://embajadores.clickboxgo.com/search.php?detail/0550451575122" "Mozilla/5.0 AppleWebKit/537.36 (KHTML, like Gecko; compatible; GPTBot/1.3; +https://openai.com/gptbot)"
74.7.244.34 - - [10/Feb/2026:09:36:02 -0500] "GET /robots.txt HTTP/1.1" 500 720 "-" "Mozilla/5.0 (Macintosh; Intel Mac OS X 10_15_7) AppleWebKit/537.36 (KHTML, like Gecko) Chrome/131.0.0.0 Safari/537.36; compatible; OAI-SearchBot/1.3; robots.txt; +https://openai.com/searchbot"
74.7.243.205 - - [10/Feb/2026:09:37:05 -0500] "GET /search.php?detail/09403416004578 HTTP/1.1" 500 720 "https://embajadores.clickboxgo.com/search.php?jp/025045964.html" "Mozilla/5.0 AppleWebKit/537.36 (KHTML, like Gecko; compatible; GPTBot/1.3; +https://openai.com/gptbot)"
74.7.243.205 - - [10/Feb/2026:09:38:07 -0500] "GET /search.php?detail/12503169137957 HTTP/1.1" 500 720 "https://embajadores.clickboxgo.com/search.php?detail/0440062980906" "Mozilla/5.0 AppleWebKit/537.36 (KHTML, like Gecko; compatible; GPTBot/1.3; +https://openai.com/gptbot)"
74.7.243.205 - - [10/Feb/2026:09:39:09 -0500] "GET /search.php?detail/06004217735909 HTTP/1.1" 500 720 "https://embajadores.clickboxgo.com/search.php?detail/0600378466915" "Mozilla/5.0 AppleWebKit/537.36 (KHTML, like Gecko; compatible; GPTBot/1.3; +https://openai.com/gptbot)"
74.7.243.205 - - [10/Feb/2026:09:40:10 -0500] "GET /search.php?detail/04803395228964 HTTP/1.1" 500 720 "https://embajadores.clickboxgo.com/search.php?detail/048033955211" "Mozilla/5.0 AppleWebKit/537.36 (KHTML, like Gecko; compatible; GPTBot/1.3; +https://openai.com/gptbot)"
74.7.243.205 - - [10/Feb/2026:09:41:15 -0500] "GET /search.php?detail/10804670941692 HTTP/1.1" 500 720 "https://embajadores.clickboxgo.com/search.php?detail/108025267813" "Mozilla/5.0 AppleWebKit/537.36 (KHTML, like Gecko; compatible; GPTBot/1.3; +https://openai.com/gptbot)"
74.7.244.34 - - [10/Feb/2026:09:41:15 -0500] "GET /robots.txt HTTP/1.1" 500 720 "-" "Mozilla/5.0 (Macintosh; Intel Mac OS X 10_15_7) AppleWebKit/537.36 (KHTML, like Gecko) Chrome/131.0.0.0 Safari/537.36; compatible; OAI-SearchBot/1.3; robots.txt; +https://openai.com/searchbot"
74.7.243.205 - - [10/Feb/2026:09:42:21 -0500] "GET /search.php?detail/26001259243693 HTTP/1.1" 500 720 "https://embajadores.clickboxgo.com/search.php?detail/052031101141" "Mozilla/5.0 AppleWebKit/537.36 (KHTML, like Gecko; compatible; GPTBot/1.3; +https://openai.com/gptbot)"
