74.7.227.38 - - [10/Feb/2026:23:31:41 -0500] "GET /search.php?detail/11303809539862 HTTP/1.1" 500 720 "https://embajadores.clickboxgo.com/search.php?detail/111024528217" "Mozilla/5.0 AppleWebKit/537.36 (KHTML, like Gecko; compatible; GPTBot/1.3; +https://openai.com/gptbot)"
74.7.227.38 - - [10/Feb/2026:23:32:43 -0500] "GET /search.php?detail/11401572349948 HTTP/1.1" 500 720 "https://embajadores.clickboxgo.com/search.php?detail/2200070944259" "Mozilla/5.0 AppleWebKit/537.36 (KHTML, like Gecko; compatible; GPTBot/1.3; +https://openai.com/gptbot)"
74.7.230.3 - - [10/Feb/2026:23:32:43 -0500] "GET /robots.txt HTTP/1.1" 500 720 "-" "Mozilla/5.0 (Macintosh; Intel Mac OS X 10_15_7) AppleWebKit/537.36 (KHTML, like Gecko) Chrome/131.0.0.0 Safari/537.36; compatible; OAI-SearchBot/1.3; robots.txt; +https://openai.com/searchbot"
74.7.227.38 - - [10/Feb/2026:23:33:49 -0500] "GET /search.php?detail/22904667505403 HTTP/1.1" 500 720 "https://embajadores.clickboxgo.com/search.php?detail/195013720576" "Mozilla/5.0 AppleWebKit/537.36 (KHTML, like Gecko; compatible; GPTBot/1.3; +https://openai.com/gptbot)"
74.7.227.38 - - [10/Feb/2026:23:34:52 -0500] "GET /search.php?detail/05003719484065 HTTP/1.1" 500 720 "https://embajadores.clickboxgo.com/search.php?detail/050038382403" "Mozilla/5.0 AppleWebKit/537.36 (KHTML, like Gecko; compatible; GPTBot/1.3; +https://openai.com/gptbot)"
92.118.39.74 - - [10/Feb/2026:23:35:31 -0500] "GET /.env HTTP/1.1" 500 720 "-" "Mozilla/5.0 (Macintosh; Intel Mac OS X 10_15_6) AppleWebKit/605.1.15 (KHTML, like Gecko) Version/14.0.2 Safari/605.1.15"
20.194.29.45 - - [10/Feb/2026:23:35:53 -0500] "GET /rip.php HTTP/1.1" 500 720 "-" "Mozilla/5.0 (Windows NT 10.0; Win64; x64) AppleWebKit/537.36 (KHTML, like Gecko) Chrome/120.0.0.0 Safari/537.36"
20.194.29.45 - - [10/Feb/2026:23:35:54 -0500] "GET /ms-edit.php HTTP/1.1" 500 720 "-" "Mozilla/5.0 (Windows NT 10.0; Win64; x64) AppleWebKit/537.36 (KHTML, like Gecko) Chrome/120.0.0.0 Safari/537.36"
20.194.29.45 - - [10/Feb/2026:23:35:54 -0500] "GET /about.php HTTP/1.1" 500 720 "-" "Mozilla/5.0 (Windows NT 10.0; Win64; x64) AppleWebKit/537.36 (KHTML, like Gecko) Chrome/120.0.0.0 Safari/537.36"
20.194.29.45 - - [10/Feb/2026:23:35:55 -0500] "GET /wp-content/plugins/hello-dolly/ HTTP/1.1" 500 720 "-" "Mozilla/5.0 (Windows NT 10.0; Win64; x64) AppleWebKit/537.36 (KHTML, like Gecko) Chrome/120.0.0.0 Safari/537.36"
20.194.29.45 - - [10/Feb/2026:23:35:56 -0500] "GET /wp-content/themes/admin.php HTTP/1.1" 500 720 "-" "Mozilla/5.0 (Windows NT 10.0; Win64; x64) AppleWebKit/537.36 (KHTML, like Gecko) Chrome/120.0.0.0 Safari/537.36"
20.194.29.45 - - [10/Feb/2026:23:35:56 -0500] "GET /admin.php HTTP/1.1" 500 720 "-" "Mozilla/5.0 (Windows NT 10.0; Win64; x64) AppleWebKit/537.36 (KHTML, like Gecko) Chrome/120.0.0.0 Safari/537.36"
20.194.29.45 - - [10/Feb/2026:23:35:58 -0500] "GET /ioxi-o.php HTTP/1.1" 500 720 "-" "Mozilla/5.0 (Windows NT 10.0; Win64; x64) AppleWebKit/537.36 (KHTML, like Gecko) Chrome/120.0.0.0 Safari/537.36"
74.7.227.38 - - [10/Feb/2026:23:35:58 -0500] "GET /search.php?detail/03601663921827 HTTP/1.1" 500 720 "https://embajadores.clickboxgo.com/search.php?detail/173041880996" "Mozilla/5.0 AppleWebKit/537.36 (KHTML, like Gecko; compatible; GPTBot/1.3; +https://openai.com/gptbot)"
20.194.29.45 - - [10/Feb/2026:23:35:59 -0500] "GET /index/function.php HTTP/1.1" 500 720 "-" "Mozilla/5.0 (Windows NT 10.0; Win64; x64) AppleWebKit/537.36 (KHTML, like Gecko) Chrome/120.0.0.0 Safari/537.36"
20.194.29.45 - - [10/Feb/2026:23:36:00 -0500] "GET /adminfuns.php HTTP/1.1" 500 720 "-" "Mozilla/5.0 (Windows NT 10.0; Win64; x64) AppleWebKit/537.36 (KHTML, like Gecko) Chrome/120.0.0.0 Safari/537.36"
20.194.29.45 - - [10/Feb/2026:23:36:01 -0500] "GET /wp-content/cache/ HTTP/1.1" 500 720 "-" "Mozilla/5.0 (Windows NT 10.0; Win64; x64) AppleWebKit/537.36 (KHTML, like Gecko) Chrome/120.0.0.0 Safari/537.36"
20.194.29.45 - - [10/Feb/2026:23:36:02 -0500] "GET /wp-includes/js/thickbox/ HTTP/1.1" 500 720 "-" "Mozilla/5.0 (Windows NT 10.0; Win64; x64) AppleWebKit/537.36 (KHTML, like Gecko) Chrome/120.0.0.0 Safari/537.36"
20.194.29.45 - - [10/Feb/2026:23:36:02 -0500] "GET /goods.php HTTP/1.1" 500 720 "-" "Mozilla/5.0 (Windows NT 10.0; Win64; x64) AppleWebKit/537.36 (KHTML, like Gecko) Chrome/120.0.0.0 Safari/537.36"
20.194.29.45 - - [10/Feb/2026:23:36:03 -0500] "GET /sf.php HTTP/1.1" 500 720 "-" "Mozilla/5.0 (Windows NT 10.0; Win64; x64) AppleWebKit/537.36 (KHTML, like Gecko) Chrome/120.0.0.0 Safari/537.36"
20.194.29.45 - - [10/Feb/2026:23:36:04 -0500] "GET /wp-admin/ HTTP/1.1" 500 720 "-" "Mozilla/5.0 (Windows NT 10.0; Win64; x64) AppleWebKit/537.36 (KHTML, like Gecko) Chrome/120.0.0.0 Safari/537.36"
20.194.29.45 - - [10/Feb/2026:23:36:04 -0500] "GET /wp-admin/images/ HTTP/1.1" 500 720 "-" "Mozilla/5.0 (Windows NT 10.0; Win64; x64) AppleWebKit/537.36 (KHTML, like Gecko) Chrome/120.0.0.0 Safari/537.36"
20.194.29.45 - - [10/Feb/2026:23:36:05 -0500] "GET /wp-content/admin.php HTTP/1.1" 500 720 "-" "Mozilla/5.0 (Windows NT 10.0; Win64; x64) AppleWebKit/537.36 (KHTML, like Gecko) Chrome/120.0.0.0 Safari/537.36"
20.194.29.45 - - [10/Feb/2026:23:36:06 -0500] "GET /wp-content/uploads/admin.php HTTP/1.1" 500 720 "-" "Mozilla/5.0 (Windows NT 10.0; Win64; x64) AppleWebKit/537.36 (KHTML, like Gecko) Chrome/120.0.0.0 Safari/537.36"
20.194.29.45 - - [10/Feb/2026:23:36:06 -0500] "GET /wp-includes/ HTTP/1.1" 500 720 "-" "Mozilla/5.0 (Windows NT 10.0; Win64; x64) AppleWebKit/537.36 (KHTML, like Gecko) Chrome/120.0.0.0 Safari/537.36"
20.194.29.45 - - [10/Feb/2026:23:36:07 -0500] "GET /wp-includes/css/ HTTP/1.1" 500 720 "-" "Mozilla/5.0 (Windows NT 10.0; Win64; x64) AppleWebKit/537.36 (KHTML, like Gecko) Chrome/120.0.0.0 Safari/537.36"
20.194.29.45 - - [10/Feb/2026:23:36:08 -0500] "GET /wp-includes/js/plupload/ HTTP/1.1" 500 720 "-" "Mozilla/5.0 (Windows NT 10.0; Win64; x64) AppleWebKit/537.36 (KHTML, like Gecko) Chrome/120.0.0.0 Safari/537.36"
20.194.29.45 - - [10/Feb/2026:23:36:08 -0500] "GET /.well-known/ HTTP/1.1" 500 720 "-" "Mozilla/5.0 (Windows NT 10.0; Win64; x64) AppleWebKit/537.36 (KHTML, like Gecko) Chrome/120.0.0.0 Safari/537.36"
20.194.29.45 - - [10/Feb/2026:23:36:09 -0500] "GET /222.php HTTP/1.1" 500 720 "-" "Mozilla/5.0 (Windows NT 10.0; Win64; x64) AppleWebKit/537.36 (KHTML, like Gecko) Chrome/120.0.0.0 Safari/537.36"
20.194.29.45 - - [10/Feb/2026:23:36:10 -0500] "GET /abcd.php HTTP/1.1" 500 720 "-" "Mozilla/5.0 (Windows NT 10.0; Win64; x64) AppleWebKit/537.36 (KHTML, like Gecko) Chrome/120.0.0.0 Safari/537.36"
20.194.29.45 - - [10/Feb/2026:23:36:11 -0500] "GET /class-t.api.php HTTP/1.1" 500 720 "-" "Mozilla/5.0 (Windows NT 10.0; Win64; x64) AppleWebKit/537.36 (KHTML, like Gecko) Chrome/120.0.0.0 Safari/537.36"
20.194.29.45 - - [10/Feb/2026:23:36:12 -0500] "GET /classwithtostring.php HTTP/1.1" 500 720 "-" "Mozilla/5.0 (Windows NT 10.0; Win64; x64) AppleWebKit/537.36 (KHTML, like Gecko) Chrome/120.0.0.0 Safari/537.36"
20.194.29.45 - - [10/Feb/2026:23:36:12 -0500] "GET /file.php HTTP/1.1" 500 720 "-" "Mozilla/5.0 (Windows NT 10.0; Win64; x64) AppleWebKit/537.36 (KHTML, like Gecko) Chrome/120.0.0.0 Safari/537.36"
20.194.29.45 - - [10/Feb/2026:23:36:14 -0500] "GET /info.php HTTP/1.1" 500 720 "-" "Mozilla/5.0 (Windows NT 10.0; Win64; x64) AppleWebKit/537.36 (KHTML, like Gecko) Chrome/120.0.0.0 Safari/537.36"
20.194.29.45 - - [10/Feb/2026:23:36:14 -0500] "GET /wp-admin/css/colors/coffee/ HTTP/1.1" 500 720 "-" "Mozilla/5.0 (Windows NT 10.0; Win64; x64) AppleWebKit/537.36 (KHTML, like Gecko) Chrome/120.0.0.0 Safari/537.36"
20.194.29.45 - - [10/Feb/2026:23:36:15 -0500] "GET /wp-admin/js/widgets/ HTTP/1.1" 500 720 "-" "Mozilla/5.0 (Windows NT 10.0; Win64; x64) AppleWebKit/537.36 (KHTML, like Gecko) Chrome/120.0.0.0 Safari/537.36"
20.194.29.45 - - [10/Feb/2026:23:36:16 -0500] "GET /wp-content/languages/ HTTP/1.1" 500 720 "-" "Mozilla/5.0 (Windows NT 10.0; Win64; x64) AppleWebKit/537.36 (KHTML, like Gecko) Chrome/120.0.0.0 Safari/537.36"
20.194.29.45 - - [10/Feb/2026:23:36:16 -0500] "GET /wp-content/languages/plugins/ HTTP/1.1" 500 720 "-" "Mozilla/5.0 (Windows NT 10.0; Win64; x64) AppleWebKit/537.36 (KHTML, like Gecko) Chrome/120.0.0.0 Safari/537.36"
20.194.29.45 - - [10/Feb/2026:23:36:17 -0500] "GET /wp-content/themes/twentytwentyfour/ HTTP/1.1" 500 720 "-" "Mozilla/5.0 (Windows NT 10.0; Win64; x64) AppleWebKit/537.36 (KHTML, like Gecko) Chrome/120.0.0.0 Safari/537.36"
20.194.29.45 - - [10/Feb/2026:23:36:18 -0500] "GET /wp-content/upgrade/ HTTP/1.1" 500 720 "-" "Mozilla/5.0 (Windows NT 10.0; Win64; x64) AppleWebKit/537.36 (KHTML, like Gecko) Chrome/120.0.0.0 Safari/537.36"
20.194.29.45 - - [10/Feb/2026:23:36:18 -0500] "GET /wp-content/uploads/ HTTP/1.1" 500 720 "-" "Mozilla/5.0 (Windows NT 10.0; Win64; x64) AppleWebKit/537.36 (KHTML, like Gecko) Chrome/120.0.0.0 Safari/537.36"
20.194.29.45 - - [10/Feb/2026:23:36:19 -0500] "GET /wp-good.php HTTP/1.1" 500 720 "-" "Mozilla/5.0 (Windows NT 10.0; Win64; x64) AppleWebKit/537.36 (KHTML, like Gecko) Chrome/120.0.0.0 Safari/537.36"
20.194.29.45 - - [10/Feb/2026:23:36:19 -0500] "GET /wp-includes/js/jquery/ HTTP/1.1" 500 720 "-" "Mozilla/5.0 (Windows NT 10.0; Win64; x64) AppleWebKit/537.36 (KHTML, like Gecko) Chrome/120.0.0.0 Safari/537.36"
20.194.29.45 - - [10/Feb/2026:23:36:20 -0500] "GET /wp-includes/js/jquery/ui/ HTTP/1.1" 500 720 "-" "Mozilla/5.0 (Windows NT 10.0; Win64; x64) AppleWebKit/537.36 (KHTML, like Gecko) Chrome/120.0.0.0 Safari/537.36"
20.194.29.45 - - [10/Feb/2026:23:36:21 -0500] "GET /wp-includes/js/tinymce/themes/ HTTP/1.1" 500 720 "-" "Mozilla/5.0 (Windows NT 10.0; Win64; x64) AppleWebKit/537.36 (KHTML, like Gecko) Chrome/120.0.0.0 Safari/537.36"
20.194.29.45 - - [10/Feb/2026:23:36:21 -0500] "GET /wp-includes/rest-api/ HTTP/1.1" 500 720 "-" "Mozilla/5.0 (Windows NT 10.0; Win64; x64) AppleWebKit/537.36 (KHTML, like Gecko) Chrome/120.0.0.0 Safari/537.36"
20.194.29.45 - - [10/Feb/2026:23:36:22 -0500] "GET /wp-includes/ID3/index.php HTTP/1.1" 500 720 "-" "Mozilla/5.0 (Windows NT 10.0; Win64; x64) AppleWebKit/537.36 (KHTML, like Gecko) Chrome/120.0.0.0 Safari/537.36"
20.194.29.45 - - [10/Feb/2026:23:36:23 -0500] "GET /wp-includes/fonts/ HTTP/1.1" 500 720 "-" "Mozilla/5.0 (Windows NT 10.0; Win64; x64) AppleWebKit/537.36 (KHTML, like Gecko) Chrome/120.0.0.0 Safari/537.36"
20.194.29.45 - - [10/Feb/2026:23:36:23 -0500] "GET /wordpress/wp-admin/maint/ HTTP/1.1" 500 720 "-" "Mozilla/5.0 (Windows NT 10.0; Win64; x64) AppleWebKit/537.36 (KHTML, like Gecko) Chrome/120.0.0.0 Safari/537.36"
20.194.29.45 - - [10/Feb/2026:23:36:24 -0500] "GET /cgi-bin/ HTTP/1.1" 500 720 "-" "Mozilla/5.0 (Windows NT 10.0; Win64; x64) AppleWebKit/537.36 (KHTML, like Gecko) Chrome/120.0.0.0 Safari/537.36"
74.7.227.38 - - [10/Feb/2026:23:37:02 -0500] "GET /search.php?detail/07304284636412 HTTP/1.1" 500 720 "https://embajadores.clickboxgo.com/search.php?detail/0730406400463" "Mozilla/5.0 AppleWebKit/537.36 (KHTML, like Gecko; compatible; GPTBot/1.3; +https://openai.com/gptbot)"
74.7.227.38 - - [10/Feb/2026:23:38:06 -0500] "GET /search.php?detail/11804827665528 HTTP/1.1" 500 720 "https://embajadores.clickboxgo.com/search.php?detail/118029385527" "Mozilla/5.0 AppleWebKit/537.36 (KHTML, like Gecko; compatible; GPTBot/1.3; +https://openai.com/gptbot)"
74.7.230.3 - - [10/Feb/2026:23:38:06 -0500] "GET /robots.txt HTTP/1.1" 500 720 "-" "Mozilla/5.0 (Macintosh; Intel Mac OS X 10_15_7) AppleWebKit/537.36 (KHTML, like Gecko) Chrome/131.0.0.0 Safari/537.36; compatible; OAI-SearchBot/1.3; robots.txt; +https://openai.com/searchbot"
74.7.227.38 - - [10/Feb/2026:23:39:10 -0500] "GET /search.php?detail/12901035892827 HTTP/1.1" 500 720 "https://embajadores.clickboxgo.com/search.php?detail/129015784752" "Mozilla/5.0 AppleWebKit/537.36 (KHTML, like Gecko; compatible; GPTBot/1.3; +https://openai.com/gptbot)"
74.7.227.38 - - [10/Feb/2026:23:40:15 -0500] "GET /search.php?detail/26601565448832 HTTP/1.1" 500 720 "https://embajadores.clickboxgo.com/search.php?detail/266006027669" "Mozilla/5.0 AppleWebKit/537.36 (KHTML, like Gecko; compatible; GPTBot/1.3; +https://openai.com/gptbot)"
74.7.227.38 - - [10/Feb/2026:23:41:21 -0500] "GET /search.php?detail/21201768809655 HTTP/1.1" 500 720 "https://embajadores.clickboxgo.com/search.php?detail/2120214446191" "Mozilla/5.0 AppleWebKit/537.36 (KHTML, like Gecko; compatible; GPTBot/1.3; +https://openai.com/gptbot)"
74.7.227.38 - - [10/Feb/2026:23:42:26 -0500] "GET /search.php?detail/18602931596325 HTTP/1.1" 500 720 "https://embajadores.clickboxgo.com/search.php?detail/186019066010" "Mozilla/5.0 AppleWebKit/537.36 (KHTML, like Gecko; compatible; GPTBot/1.3; +https://openai.com/gptbot)"
74.7.227.38 - - [10/Feb/2026:23:43:26 -0500] "GET /search.php?detail/29800758381359 HTTP/1.1" 500 720 "https://embajadores.clickboxgo.com/search.php?detail/0830333417339" "Mozilla/5.0 AppleWebKit/537.36 (KHTML, like Gecko; compatible; GPTBot/1.3; +https://openai.com/gptbot)"
74.7.230.3 - - [10/Feb/2026:23:43:27 -0500] "GET /robots.txt HTTP/1.1" 500 720 "-" "Mozilla/5.0 (Macintosh; Intel Mac OS X 10_15_7) AppleWebKit/537.36 (KHTML, like Gecko) Chrome/131.0.0.0 Safari/537.36; compatible; OAI-SearchBot/1.3; robots.txt; +https://openai.com/searchbot"
74.7.227.38 - - [10/Feb/2026:23:44:32 -0500] "GET /search.php?detail/12604420136558 HTTP/1.1" 500 720 "https://embajadores.clickboxgo.com/search.php?detail/1260465510382" "Mozilla/5.0 AppleWebKit/537.36 (KHTML, like Gecko; compatible; GPTBot/1.3; +https://openai.com/gptbot)"
74.7.227.38 - - [10/Feb/2026:23:45:33 -0500] "GET /search.php?detail/08500213340469 HTTP/1.1" 500 720 "https://embajadores.clickboxgo.com/search.php?detail/21701261460338" "Mozilla/5.0 AppleWebKit/537.36 (KHTML, like Gecko; compatible; GPTBot/1.3; +https://openai.com/gptbot)"
74.7.227.38 - - [10/Feb/2026:23:46:37 -0500] "GET /search.php?detail/27601962095237 HTTP/1.1" 500 720 "https://embajadores.clickboxgo.com/search.php?detail/2760332372326" "Mozilla/5.0 AppleWebKit/537.36 (KHTML, like Gecko; compatible; GPTBot/1.3; +https://openai.com/gptbot)"
74.7.227.38 - - [10/Feb/2026:23:47:42 -0500] "GET /search.php?detail/01404379621167 HTTP/1.1" 500 720 "https://embajadores.clickboxgo.com/search.php?detail/0140040368048" "Mozilla/5.0 AppleWebKit/537.36 (KHTML, like Gecko; compatible; GPTBot/1.3; +https://openai.com/gptbot)"
74.7.227.38 - - [10/Feb/2026:23:48:43 -0500] "GET /search.php?detail/17500622432534 HTTP/1.1" 500 720 "https://embajadores.clickboxgo.com/search.php?detail/175006243674" "Mozilla/5.0 AppleWebKit/537.36 (KHTML, like Gecko; compatible; GPTBot/1.3; +https://openai.com/gptbot)"
74.7.230.3 - - [10/Feb/2026:23:48:43 -0500] "GET /robots.txt HTTP/1.1" 500 720 "-" "Mozilla/5.0 (Macintosh; Intel Mac OS X 10_15_7) AppleWebKit/537.36 (KHTML, like Gecko) Chrome/131.0.0.0 Safari/537.36; compatible; OAI-SearchBot/1.3; robots.txt; +https://openai.com/searchbot"
74.7.227.38 - - [10/Feb/2026:23:49:47 -0500] "GET /search.php?detail/08503213988670 HTTP/1.1" 500 720 "https://embajadores.clickboxgo.com/search.php?detail/094033323184" "Mozilla/5.0 AppleWebKit/537.36 (KHTML, like Gecko; compatible; GPTBot/1.3; +https://openai.com/gptbot)"
74.7.227.38 - - [10/Feb/2026:23:50:49 -0500] "GET /search.php?detail/26903277861199 HTTP/1.1" 500 720 "https://embajadores.clickboxgo.com/search.php?detail/30003824402312" "Mozilla/5.0 AppleWebKit/537.36 (KHTML, like Gecko; compatible; GPTBot/1.3; +https://openai.com/gptbot)"
74.7.241.131 - - [10/Feb/2026:23:51:16 -0500] "GET /robots.txt HTTP/1.1" 500 720 "-" "Mozilla/5.0 (Macintosh; Intel Mac OS X 10_15_7) AppleWebKit/537.36 (KHTML, like Gecko) Chrome/131.0.0.0 Safari/537.36; compatible; OAI-SearchBot/1.3; robots.txt; +https://openai.com/searchbot"
74.7.227.167 - - [10/Feb/2026:23:51:16 -0500] "GET / HTTP/1.1" 500 720 "-" "Mozilla/5.0 AppleWebKit/537.36 (KHTML, like Gecko; compatible; GPTBot/1.3; +https://openai.com/gptbot)"
74.7.227.38 - - [10/Feb/2026:23:51:54 -0500] "GET /search.php?detail/10403852735009 HTTP/1.1" 500 720 "https://embajadores.clickboxgo.com/search.php?detail/10403854259934" "Mozilla/5.0 AppleWebKit/537.36 (KHTML, like Gecko; compatible; GPTBot/1.3; +https://openai.com/gptbot)"
74.7.227.38 - - [10/Feb/2026:23:52:59 -0500] "GET /search.php?detail/14003028290758 HTTP/1.1" 500 720 "https://embajadores.clickboxgo.com/search.php?detail/14004228339147" "Mozilla/5.0 AppleWebKit/537.36 (KHTML, like Gecko; compatible; GPTBot/1.3; +https://openai.com/gptbot)"
74.7.227.38 - - [10/Feb/2026:23:54:00 -0500] "GET /search.php?detail/15501990382877 HTTP/1.1" 500 720 "https://embajadores.clickboxgo.com/search.php?detail/150008044401" "Mozilla/5.0 AppleWebKit/537.36 (KHTML, like Gecko; compatible; GPTBot/1.3; +https://openai.com/gptbot)"
74.7.230.3 - - [10/Feb/2026:23:54:00 -0500] "GET /robots.txt HTTP/1.1" 500 720 "-" "Mozilla/5.0 (Macintosh; Intel Mac OS X 10_15_7) AppleWebKit/537.36 (KHTML, like Gecko) Chrome/131.0.0.0 Safari/537.36; compatible; OAI-SearchBot/1.3; robots.txt; +https://openai.com/searchbot"
74.7.227.22 - - [10/Feb/2026:23:54:24 -0500] "GET / HTTP/1.1" 500 720 "-" "Mozilla/5.0 AppleWebKit/537.36 (KHTML, like Gecko; compatible; GPTBot/1.3; +https://openai.com/gptbot)"
74.7.241.173 - - [10/Feb/2026:23:54:24 -0500] "GET /robots.txt HTTP/1.1" 500 720 "-" "Mozilla/5.0 (Macintosh; Intel Mac OS X 10_15_7) AppleWebKit/537.36 (KHTML, like Gecko) Chrome/131.0.0.0 Safari/537.36; compatible; OAI-SearchBot/1.3; robots.txt; +https://openai.com/searchbot"
74.7.227.38 - - [10/Feb/2026:23:55:01 -0500] "GET /search.php?detail/04901531354785 HTTP/1.1" 500 720 "https://embajadores.clickboxgo.com/search.php?detail/04904230861692" "Mozilla/5.0 AppleWebKit/537.36 (KHTML, like Gecko; compatible; GPTBot/1.3; +https://openai.com/gptbot)"
74.7.227.38 - - [10/Feb/2026:23:56:06 -0500] "GET /search.php?detail/14100790948528 HTTP/1.1" 500 720 "https://embajadores.clickboxgo.com/search.php?detail/14104877863506" "Mozilla/5.0 AppleWebKit/537.36 (KHTML, like Gecko; compatible; GPTBot/1.3; +https://openai.com/gptbot)"
74.7.227.38 - - [10/Feb/2026:23:57:11 -0500] "GET /search.php?detail/07700859453814 HTTP/1.1" 500 720 "https://embajadores.clickboxgo.com/search.php?detail/07700818431936" "Mozilla/5.0 AppleWebKit/537.36 (KHTML, like Gecko; compatible; GPTBot/1.3; +https://openai.com/gptbot)"
74.7.227.38 - - [10/Feb/2026:23:58:14 -0500] "GET /search.php?detail/16001257547194 HTTP/1.1" 500 720 "https://embajadores.clickboxgo.com/search.php?detail/18704736362933" "Mozilla/5.0 AppleWebKit/537.36 (KHTML, like Gecko; compatible; GPTBot/1.3; +https://openai.com/gptbot)"
74.7.227.38 - - [10/Feb/2026:23:59:17 -0500] "GET /search.php?detail/05400250623817 HTTP/1.1" 500 720 "https://embajadores.clickboxgo.com/search.php?detail/10902415373949" "Mozilla/5.0 AppleWebKit/537.36 (KHTML, like Gecko; compatible; GPTBot/1.3; +https://openai.com/gptbot)"
74.7.230.3 - - [10/Feb/2026:23:59:17 -0500] "GET /robots.txt HTTP/1.1" 500 720 "-" "Mozilla/5.0 (Macintosh; Intel Mac OS X 10_15_7) AppleWebKit/537.36 (KHTML, like Gecko) Chrome/131.0.0.0 Safari/537.36; compatible; OAI-SearchBot/1.3; robots.txt; +https://openai.com/searchbot"
74.7.227.38 - - [11/Feb/2026:00:00:21 -0500] "GET /search.php?detail/03702511544566 HTTP/1.1" 500 720 "https://embajadores.clickboxgo.com/search.php?detail/0370055011503" "Mozilla/5.0 AppleWebKit/537.36 (KHTML, like Gecko; compatible; GPTBot/1.3; +https://openai.com/gptbot)"
74.7.227.38 - - [11/Feb/2026:00:01:23 -0500] "GET /search.php?detail/16900788148528 HTTP/1.1" 500 720 "https://embajadores.clickboxgo.com/search.php?detail/16902796795130" "Mozilla/5.0 AppleWebKit/537.36 (KHTML, like Gecko; compatible; GPTBot/1.3; +https://openai.com/gptbot)"
20.219.8.79 - - [11/Feb/2026:00:02:25 -0500] "GET /rip.php HTTP/1.1" 500 720 "-" "Mozilla/5.0 (Windows NT 10.0; Win64; x64) AppleWebKit/537.36 (KHTML, like Gecko) Chrome/120.0.0.0 Safari/537.36"
20.219.8.79 - - [11/Feb/2026:00:02:26 -0500] "GET /ms-edit.php HTTP/1.1" 500 720 "-" "Mozilla/5.0 (Windows NT 10.0; Win64; x64) AppleWebKit/537.36 (KHTML, like Gecko) Chrome/120.0.0.0 Safari/537.36"
20.219.8.79 - - [11/Feb/2026:00:02:26 -0500] "GET /about.php HTTP/1.1" 500 720 "-" "Mozilla/5.0 (Windows NT 10.0; Win64; x64) AppleWebKit/537.36 (KHTML, like Gecko) Chrome/120.0.0.0 Safari/537.36"
20.219.8.79 - - [11/Feb/2026:00:02:27 -0500] "GET /wp-content/plugins/hello-dolly/ HTTP/1.1" 500 720 "-" "Mozilla/5.0 (Windows NT 10.0; Win64; x64) AppleWebKit/537.36 (KHTML, like Gecko) Chrome/120.0.0.0 Safari/537.36"
74.7.227.38 - - [11/Feb/2026:00:02:28 -0500] "GET /search.php?detail/19204277511873 HTTP/1.1" 500 720 "https://embajadores.clickboxgo.com/search.php?detail/23000994678750" "Mozilla/5.0 AppleWebKit/537.36 (KHTML, like Gecko; compatible; GPTBot/1.3; +https://openai.com/gptbot)"
20.219.8.79 - - [11/Feb/2026:00:02:28 -0500] "GET /wp-content/themes/admin.php HTTP/1.1" 500 720 "-" "Mozilla/5.0 (Windows NT 10.0; Win64; x64) AppleWebKit/537.36 (KHTML, like Gecko) Chrome/120.0.0.0 Safari/537.36"
20.219.8.79 - - [11/Feb/2026:00:02:28 -0500] "GET /admin.php HTTP/1.1" 500 720 "-" "Mozilla/5.0 (Windows NT 10.0; Win64; x64) AppleWebKit/537.36 (KHTML, like Gecko) Chrome/120.0.0.0 Safari/537.36"
20.219.8.79 - - [11/Feb/2026:00:02:29 -0500] "GET /ioxi-o.php HTTP/1.1" 500 720 "-" "Mozilla/5.0 (Windows NT 10.0; Win64; x64) AppleWebKit/537.36 (KHTML, like Gecko) Chrome/120.0.0.0 Safari/537.36"
20.219.8.79 - - [11/Feb/2026:00:02:30 -0500] "GET /index/function.php HTTP/1.1" 500 720 "-" "Mozilla/5.0 (Windows NT 10.0; Win64; x64) AppleWebKit/537.36 (KHTML, like Gecko) Chrome/120.0.0.0 Safari/537.36"
20.219.8.79 - - [11/Feb/2026:00:02:31 -0500] "GET /adminfuns.php HTTP/1.1" 500 720 "-" "Mozilla/5.0 (Windows NT 10.0; Win64; x64) AppleWebKit/537.36 (KHTML, like Gecko) Chrome/120.0.0.0 Safari/537.36"
20.219.8.79 - - [11/Feb/2026:00:02:32 -0500] "GET /wp-content/cache/ HTTP/1.1" 500 720 "-" "Mozilla/5.0 (Windows NT 10.0; Win64; x64) AppleWebKit/537.36 (KHTML, like Gecko) Chrome/120.0.0.0 Safari/537.36"
20.219.8.79 - - [11/Feb/2026:00:02:33 -0500] "GET /wp-includes/js/thickbox/ HTTP/1.1" 500 720 "-" "Mozilla/5.0 (Windows NT 10.0; Win64; x64) AppleWebKit/537.36 (KHTML, like Gecko) Chrome/120.0.0.0 Safari/537.36"
20.219.8.79 - - [11/Feb/2026:00:02:34 -0500] "GET /goods.php HTTP/1.1" 500 720 "-" "Mozilla/5.0 (Windows NT 10.0; Win64; x64) AppleWebKit/537.36 (KHTML, like Gecko) Chrome/120.0.0.0 Safari/537.36"
20.219.8.79 - - [11/Feb/2026:00:02:35 -0500] "GET /sf.php HTTP/1.1" 500 720 "-" "Mozilla/5.0 (Windows NT 10.0; Win64; x64) AppleWebKit/537.36 (KHTML, like Gecko) Chrome/120.0.0.0 Safari/537.36"
20.219.8.79 - - [11/Feb/2026:00:02:36 -0500] "GET /wp-admin/ HTTP/1.1" 500 720 "-" "Mozilla/5.0 (Windows NT 10.0; Win64; x64) AppleWebKit/537.36 (KHTML, like Gecko) Chrome/120.0.0.0 Safari/537.36"
20.219.8.79 - - [11/Feb/2026:00:02:37 -0500] "GET /wp-admin/images/ HTTP/1.1" 500 720 "-" "Mozilla/5.0 (Windows NT 10.0; Win64; x64) AppleWebKit/537.36 (KHTML, like Gecko) Chrome/120.0.0.0 Safari/537.36"
20.219.8.79 - - [11/Feb/2026:00:02:38 -0500] "GET /wp-content/admin.php HTTP/1.1" 500 720 "-" "Mozilla/5.0 (Windows NT 10.0; Win64; x64) AppleWebKit/537.36 (KHTML, like Gecko) Chrome/120.0.0.0 Safari/537.36"
20.219.8.79 - - [11/Feb/2026:00:02:39 -0500] "GET /wp-content/uploads/admin.php HTTP/1.1" 500 720 "-" "Mozilla/5.0 (Windows NT 10.0; Win64; x64) AppleWebKit/537.36 (KHTML, like Gecko) Chrome/120.0.0.0 Safari/537.36"
20.219.8.79 - - [11/Feb/2026:00:02:41 -0500] "GET /wp-includes/ HTTP/1.1" 500 720 "-" "Mozilla/5.0 (Windows NT 10.0; Win64; x64) AppleWebKit/537.36 (KHTML, like Gecko) Chrome/120.0.0.0 Safari/537.36"
20.219.8.79 - - [11/Feb/2026:00:02:42 -0500] "GET /wp-includes/css/ HTTP/1.1" 500 720 "-" "Mozilla/5.0 (Windows NT 10.0; Win64; x64) AppleWebKit/537.36 (KHTML, like Gecko) Chrome/120.0.0.0 Safari/537.36"
20.219.8.79 - - [11/Feb/2026:00:02:42 -0500] "GET /wp-includes/js/plupload/ HTTP/1.1" 500 720 "-" "Mozilla/5.0 (Windows NT 10.0; Win64; x64) AppleWebKit/537.36 (KHTML, like Gecko) Chrome/120.0.0.0 Safari/537.36"
20.219.8.79 - - [11/Feb/2026:00:02:43 -0500] "GET /.well-known/ HTTP/1.1" 500 720 "-" "Mozilla/5.0 (Windows NT 10.0; Win64; x64) AppleWebKit/537.36 (KHTML, like Gecko) Chrome/120.0.0.0 Safari/537.36"
20.219.8.79 - - [11/Feb/2026:00:02:44 -0500] "GET /222.php HTTP/1.1" 500 720 "-" "Mozilla/5.0 (Windows NT 10.0; Win64; x64) AppleWebKit/537.36 (KHTML, like Gecko) Chrome/120.0.0.0 Safari/537.36"
20.219.8.79 - - [11/Feb/2026:00:02:44 -0500] "GET /abcd.php HTTP/1.1" 500 720 "-" "Mozilla/5.0 (Windows NT 10.0; Win64; x64) AppleWebKit/537.36 (KHTML, like Gecko) Chrome/120.0.0.0 Safari/537.36"
20.219.8.79 - - [11/Feb/2026:00:02:45 -0500] "GET /class-t.api.php HTTP/1.1" 500 720 "-" "Mozilla/5.0 (Windows NT 10.0; Win64; x64) AppleWebKit/537.36 (KHTML, like Gecko) Chrome/120.0.0.0 Safari/537.36"
20.219.8.79 - - [11/Feb/2026:00:02:46 -0500] "GET /classwithtostring.php HTTP/1.1" 500 720 "-" "Mozilla/5.0 (Windows NT 10.0; Win64; x64) AppleWebKit/537.36 (KHTML, like Gecko) Chrome/120.0.0.0 Safari/537.36"
20.219.8.79 - - [11/Feb/2026:00:02:47 -0500] "GET /file.php HTTP/1.1" 500 720 "-" "Mozilla/5.0 (Windows NT 10.0; Win64; x64) AppleWebKit/537.36 (KHTML, like Gecko) Chrome/120.0.0.0 Safari/537.36"
20.219.8.79 - - [11/Feb/2026:00:02:48 -0500] "GET /info.php HTTP/1.1" 500 720 "-" "Mozilla/5.0 (Windows NT 10.0; Win64; x64) AppleWebKit/537.36 (KHTML, like Gecko) Chrome/120.0.0.0 Safari/537.36"
20.219.8.79 - - [11/Feb/2026:00:02:49 -0500] "GET /wp-admin/css/colors/coffee/ HTTP/1.1" 500 720 "-" "Mozilla/5.0 (Windows NT 10.0; Win64; x64) AppleWebKit/537.36 (KHTML, like Gecko) Chrome/120.0.0.0 Safari/537.36"
20.219.8.79 - - [11/Feb/2026:00:02:50 -0500] "GET /wp-admin/js/widgets/ HTTP/1.1" 500 720 "-" "Mozilla/5.0 (Windows NT 10.0; Win64; x64) AppleWebKit/537.36 (KHTML, like Gecko) Chrome/120.0.0.0 Safari/537.36"
20.219.8.79 - - [11/Feb/2026:00:02:51 -0500] "GET /wp-content/languages/ HTTP/1.1" 500 720 "-" "Mozilla/5.0 (Windows NT 10.0; Win64; x64) AppleWebKit/537.36 (KHTML, like Gecko) Chrome/120.0.0.0 Safari/537.36"
20.219.8.79 - - [11/Feb/2026:00:02:52 -0500] "GET /wp-content/languages/plugins/ HTTP/1.1" 500 720 "-" "Mozilla/5.0 (Windows NT 10.0; Win64; x64) AppleWebKit/537.36 (KHTML, like Gecko) Chrome/120.0.0.0 Safari/537.36"
20.219.8.79 - - [11/Feb/2026:00:02:53 -0500] "GET /wp-content/themes/twentytwentyfour/ HTTP/1.1" 500 720 "-" "Mozilla/5.0 (Windows NT 10.0; Win64; x64) AppleWebKit/537.36 (KHTML, like Gecko) Chrome/120.0.0.0 Safari/537.36"
20.219.8.79 - - [11/Feb/2026:00:02:53 -0500] "GET /wp-content/upgrade/ HTTP/1.1" 500 720 "-" "Mozilla/5.0 (Windows NT 10.0; Win64; x64) AppleWebKit/537.36 (KHTML, like Gecko) Chrome/120.0.0.0 Safari/537.36"
20.219.8.79 - - [11/Feb/2026:00:02:55 -0500] "GET /wp-content/uploads/ HTTP/1.1" 500 720 "-" "Mozilla/5.0 (Windows NT 10.0; Win64; x64) AppleWebKit/537.36 (KHTML, like Gecko) Chrome/120.0.0.0 Safari/537.36"
20.219.8.79 - - [11/Feb/2026:00:02:55 -0500] "GET /wp-good.php HTTP/1.1" 500 720 "-" "Mozilla/5.0 (Windows NT 10.0; Win64; x64) AppleWebKit/537.36 (KHTML, like Gecko) Chrome/120.0.0.0 Safari/537.36"
20.219.8.79 - - [11/Feb/2026:00:02:56 -0500] "GET /wp-includes/js/jquery/ HTTP/1.1" 500 720 "-" "Mozilla/5.0 (Windows NT 10.0; Win64; x64) AppleWebKit/537.36 (KHTML, like Gecko) Chrome/120.0.0.0 Safari/537.36"
20.219.8.79 - - [11/Feb/2026:00:02:57 -0500] "GET /wp-includes/js/jquery/ui/ HTTP/1.1" 500 720 "-" "Mozilla/5.0 (Windows NT 10.0; Win64; x64) AppleWebKit/537.36 (KHTML, like Gecko) Chrome/120.0.0.0 Safari/537.36"
20.219.8.79 - - [11/Feb/2026:00:02:58 -0500] "GET /wp-includes/js/tinymce/themes/ HTTP/1.1" 500 720 "-" "Mozilla/5.0 (Windows NT 10.0; Win64; x64) AppleWebKit/537.36 (KHTML, like Gecko) Chrome/120.0.0.0 Safari/537.36"
20.219.8.79 - - [11/Feb/2026:00:02:58 -0500] "GET /wp-includes/rest-api/ HTTP/1.1" 500 720 "-" "Mozilla/5.0 (Windows NT 10.0; Win64; x64) AppleWebKit/537.36 (KHTML, like Gecko) Chrome/120.0.0.0 Safari/537.36"
20.219.8.79 - - [11/Feb/2026:00:02:59 -0500] "GET /wp-includes/ID3/index.php HTTP/1.1" 500 720 "-" "Mozilla/5.0 (Windows NT 10.0; Win64; x64) AppleWebKit/537.36 (KHTML, like Gecko) Chrome/120.0.0.0 Safari/537.36"
20.219.8.79 - - [11/Feb/2026:00:03:00 -0500] "GET /wp-includes/fonts/ HTTP/1.1" 500 720 "-" "Mozilla/5.0 (Windows NT 10.0; Win64; x64) AppleWebKit/537.36 (KHTML, like Gecko) Chrome/120.0.0.0 Safari/537.36"
20.219.8.79 - - [11/Feb/2026:00:03:01 -0500] "GET /wordpress/wp-admin/maint/ HTTP/1.1" 500 720 "-" "Mozilla/5.0 (Windows NT 10.0; Win64; x64) AppleWebKit/537.36 (KHTML, like Gecko) Chrome/120.0.0.0 Safari/537.36"
20.219.8.79 - - [11/Feb/2026:00:03:02 -0500] "GET /cgi-bin/ HTTP/1.1" 500 720 "-" "Mozilla/5.0 (Windows NT 10.0; Win64; x64) AppleWebKit/537.36 (KHTML, like Gecko) Chrome/120.0.0.0 Safari/537.36"
162.216.149.98 - - [11/Feb/2026:00:03:16 -0500] "GET / HTTP/1.1" 500 720 "-" "Hello from Palo Alto Networks, find out more about our scans in https://docs-cortex.paloaltonetworks.com/r/1/Cortex-Xpanse/Scanning-activity"
74.7.227.38 - - [11/Feb/2026:00:03:31 -0500] "GET /search.php?detail/08504175455396 HTTP/1.1" 500 720 "https://embajadores.clickboxgo.com/search.php?detail/0590402595750" "Mozilla/5.0 AppleWebKit/537.36 (KHTML, like Gecko; compatible; GPTBot/1.3; +https://openai.com/gptbot)"
74.7.227.38 - - [11/Feb/2026:00:04:34 -0500] "GET /search.php?detail/07201549921789 HTTP/1.1" 500 720 "https://embajadores.clickboxgo.com/search.php?detail/072034291384" "Mozilla/5.0 AppleWebKit/537.36 (KHTML, like Gecko; compatible; GPTBot/1.3; +https://openai.com/gptbot)"
74.7.230.3 - - [11/Feb/2026:00:04:34 -0500] "GET /robots.txt HTTP/1.1" 500 720 "-" "Mozilla/5.0 (Macintosh; Intel Mac OS X 10_15_7) AppleWebKit/537.36 (KHTML, like Gecko) Chrome/131.0.0.0 Safari/537.36; compatible; OAI-SearchBot/1.3; robots.txt; +https://openai.com/searchbot"
74.7.227.38 - - [11/Feb/2026:00:05:40 -0500] "GET /search.php?detail/02504559383728 HTTP/1.1" 500 720 "https://embajadores.clickboxgo.com/search.php?detail/02501470861427" "Mozilla/5.0 AppleWebKit/537.36 (KHTML, like Gecko; compatible; GPTBot/1.3; +https://openai.com/gptbot)"
74.7.227.38 - - [11/Feb/2026:00:06:43 -0500] "GET /search.php?detail/10203453388693 HTTP/1.1" 500 720 "https://embajadores.clickboxgo.com/search.php?detail/222029065916" "Mozilla/5.0 AppleWebKit/537.36 (KHTML, like Gecko; compatible; GPTBot/1.3; +https://openai.com/gptbot)"
74.7.227.38 - - [11/Feb/2026:00:07:44 -0500] "GET /search.php?detail/29201469073344 HTTP/1.1" 500 720 "https://embajadores.clickboxgo.com/search.php?detail/292049477658" "Mozilla/5.0 AppleWebKit/537.36 (KHTML, like Gecko; compatible; GPTBot/1.3; +https://openai.com/gptbot)"
74.7.227.38 - - [11/Feb/2026:00:08:50 -0500] "GET /search.php?detail/23304408861635 HTTP/1.1" 500 720 "https://embajadores.clickboxgo.com/search.php?detail/256021020825" "Mozilla/5.0 AppleWebKit/537.36 (KHTML, like Gecko; compatible; GPTBot/1.3; +https://openai.com/gptbot)"
74.7.227.38 - - [11/Feb/2026:00:09:54 -0500] "GET /search.php?detail/03704093692768 HTTP/1.1" 500 720 "https://embajadores.clickboxgo.com/search.php?detail/100044324519" "Mozilla/5.0 AppleWebKit/537.36 (KHTML, like Gecko; compatible; GPTBot/1.3; +https://openai.com/gptbot)"
74.7.230.3 - - [11/Feb/2026:00:09:54 -0500] "GET /robots.txt HTTP/1.1" 500 720 "-" "Mozilla/5.0 (Macintosh; Intel Mac OS X 10_15_7) AppleWebKit/537.36 (KHTML, like Gecko) Chrome/131.0.0.0 Safari/537.36; compatible; OAI-SearchBot/1.3; robots.txt; +https://openai.com/searchbot"
74.7.227.38 - - [11/Feb/2026:00:10:55 -0500] "GET /search.php?detail/27803342161135 HTTP/1.1" 500 720 "https://embajadores.clickboxgo.com/search.php?detail/27801328322212" "Mozilla/5.0 AppleWebKit/537.36 (KHTML, like Gecko; compatible; GPTBot/1.3; +https://openai.com/gptbot)"
74.7.227.38 - - [11/Feb/2026:00:11:58 -0500] "GET /search.php?detail/28001152643308 HTTP/1.1" 500 720 "https://embajadores.clickboxgo.com/search.php?detail/280006305612" "Mozilla/5.0 AppleWebKit/537.36 (KHTML, like Gecko; compatible; GPTBot/1.3; +https://openai.com/gptbot)"
74.7.227.38 - - [11/Feb/2026:00:13:01 -0500] "GET /search.php?detail/28001925732412 HTTP/1.1" 500 720 "https://embajadores.clickboxgo.com/search.php?detail/0100204387040" "Mozilla/5.0 AppleWebKit/537.36 (KHTML, like Gecko; compatible; GPTBot/1.3; +https://openai.com/gptbot)"
74.7.227.38 - - [11/Feb/2026:00:14:07 -0500] "GET /search.php?detail/27304749785967 HTTP/1.1" 500 720 "https://embajadores.clickboxgo.com/search.php?detail/08400434077782" "Mozilla/5.0 AppleWebKit/537.36 (KHTML, like Gecko; compatible; GPTBot/1.3; +https://openai.com/gptbot)"
74.7.227.38 - - [11/Feb/2026:00:15:09 -0500] "GET /search.php?detail/04601257536431 HTTP/1.1" 500 720 "https://embajadores.clickboxgo.com/search.php?detail/111033905021" "Mozilla/5.0 AppleWebKit/537.36 (KHTML, like Gecko; compatible; GPTBot/1.3; +https://openai.com/gptbot)"
74.7.230.3 - - [11/Feb/2026:00:15:09 -0500] "GET /robots.txt HTTP/1.1" 500 720 "-" "Mozilla/5.0 (Macintosh; Intel Mac OS X 10_15_7) AppleWebKit/537.36 (KHTML, like Gecko) Chrome/131.0.0.0 Safari/537.36; compatible; OAI-SearchBot/1.3; robots.txt; +https://openai.com/searchbot"
74.7.227.38 - - [11/Feb/2026:00:16:10 -0500] "GET /search.php?detail/23300925918689 HTTP/1.1" 500 720 "https://embajadores.clickboxgo.com/search.php?detail/23301927703339" "Mozilla/5.0 AppleWebKit/537.36 (KHTML, like Gecko; compatible; GPTBot/1.3; +https://openai.com/gptbot)"
74.7.227.38 - - [11/Feb/2026:00:17:14 -0500] "GET /search.php?detail/02504261860945 HTTP/1.1" 500 720 "https://embajadores.clickboxgo.com/search.php?detail/0340464600790" "Mozilla/5.0 AppleWebKit/537.36 (KHTML, like Gecko; compatible; GPTBot/1.3; +https://openai.com/gptbot)"
74.7.227.38 - - [11/Feb/2026:00:18:16 -0500] "GET /search.php?detail/06701631257245 HTTP/1.1" 500 720 "https://embajadores.clickboxgo.com/search.php?detail/111020005136" "Mozilla/5.0 AppleWebKit/537.36 (KHTML, like Gecko; compatible; GPTBot/1.3; +https://openai.com/gptbot)"
74.7.227.38 - - [11/Feb/2026:00:19:19 -0500] "GET /search.php?detail/25400494388215 HTTP/1.1" 500 720 "https://embajadores.clickboxgo.com/search.php?detail/01102229584073" "Mozilla/5.0 AppleWebKit/537.36 (KHTML, like Gecko; compatible; GPTBot/1.3; +https://openai.com/gptbot)"
74.7.227.38 - - [11/Feb/2026:00:20:23 -0500] "GET /search.php?detail/29601138736516 HTTP/1.1" 500 720 "https://embajadores.clickboxgo.com/search.php?detail/22203661432130" "Mozilla/5.0 AppleWebKit/537.36 (KHTML, like Gecko; compatible; GPTBot/1.3; +https://openai.com/gptbot)"
74.7.227.38 - - [11/Feb/2026:00:21:25 -0500] "GET /search.php?detail/19501373980679 HTTP/1.1" 500 720 "https://embajadores.clickboxgo.com/search.php?jp/195013739.html" "Mozilla/5.0 AppleWebKit/537.36 (KHTML, like Gecko; compatible; GPTBot/1.3; +https://openai.com/gptbot)"
74.7.227.38 - - [11/Feb/2026:00:22:27 -0500] "GET /search.php?detail/07702422369871 HTTP/1.1" 500 720 "https://embajadores.clickboxgo.com/search.php?detail/2220283329742" "Mozilla/5.0 AppleWebKit/537.36 (KHTML, like Gecko; compatible; GPTBot/1.3; +https://openai.com/gptbot)"
74.7.227.38 - - [11/Feb/2026:00:23:30 -0500] "GET /search.php?detail/25602874763420 HTTP/1.1" 500 720 "https://embajadores.clickboxgo.com/search.php?detail/256031830587" "Mozilla/5.0 AppleWebKit/537.36 (KHTML, like Gecko; compatible; GPTBot/1.3; +https://openai.com/gptbot)"
167.94.146.55 - - [11/Feb/2026:00:24:32 -0500] "GET / HTTP/1.1" 500 720 "-" "Mozilla/5.0 (compatible; CensysInspect/1.1; +https://about.censys.io/)"
74.7.227.38 - - [11/Feb/2026:00:24:36 -0500] "GET /search.php?detail/19703202883167 HTTP/1.1" 500 720 "https://embajadores.clickboxgo.com/search.php?detail/197023360548" "Mozilla/5.0 AppleWebKit/537.36 (KHTML, like Gecko; compatible; GPTBot/1.3; +https://openai.com/gptbot)"
167.94.146.55 - - [11/Feb/2026:00:24:44 -0500] "GET /sitemap.xml HTTP/1.1" 500 720 "-" "Mozilla/5.0 (compatible; CensysInspect/1.1; +https://about.censys.io/)"
74.7.227.38 - - [11/Feb/2026:00:25:41 -0500] "GET /search.php?detail/24302352661588 HTTP/1.1" 500 720 "https://embajadores.clickboxgo.com/search.php?jp/243013138.html" "Mozilla/5.0 AppleWebKit/537.36 (KHTML, like Gecko; compatible; GPTBot/1.3; +https://openai.com/gptbot)"
74.7.227.38 - - [11/Feb/2026:00:26:43 -0500] "GET /search.php?detail/09601845149343 HTTP/1.1" 500 720 "https://embajadores.clickboxgo.com/search.php?detail/096012144786" "Mozilla/5.0 AppleWebKit/537.36 (KHTML, like Gecko; compatible; GPTBot/1.3; +https://openai.com/gptbot)"
74.7.227.38 - - [11/Feb/2026:00:27:48 -0500] "GET /search.php?detail/25503406184221 HTTP/1.1" 500 720 "https://embajadores.clickboxgo.com/search.php?detail/255048248913" "Mozilla/5.0 AppleWebKit/537.36 (KHTML, like Gecko; compatible; GPTBot/1.3; +https://openai.com/gptbot)"
74.7.227.38 - - [11/Feb/2026:00:28:50 -0500] "GET /search.php?detail/14100237907255 HTTP/1.1" 500 720 "https://embajadores.clickboxgo.com/search.php?detail/2220050922538" "Mozilla/5.0 AppleWebKit/537.36 (KHTML, like Gecko; compatible; GPTBot/1.3; +https://openai.com/gptbot)"
74.7.227.38 - - [11/Feb/2026:00:29:54 -0500] "GET /search.php?detail/12502162083995 HTTP/1.1" 500 720 "https://embajadores.clickboxgo.com/search.php?detail/035042139179" "Mozilla/5.0 AppleWebKit/537.36 (KHTML, like Gecko; compatible; GPTBot/1.3; +https://openai.com/gptbot)"
74.7.227.38 - - [11/Feb/2026:00:30:58 -0500] "GET /search.php?detail/04601228411879 HTTP/1.1" 500 720 "https://embajadores.clickboxgo.com/search.php?detail/1540138086599" "Mozilla/5.0 AppleWebKit/537.36 (KHTML, like Gecko; compatible; GPTBot/1.3; +https://openai.com/gptbot)"
74.7.230.3 - - [11/Feb/2026:00:30:58 -0500] "GET /robots.txt HTTP/1.1" 500 720 "-" "Mozilla/5.0 (Macintosh; Intel Mac OS X 10_15_7) AppleWebKit/537.36 (KHTML, like Gecko) Chrome/131.0.0.0 Safari/537.36; compatible; OAI-SearchBot/1.3; robots.txt; +https://openai.com/searchbot"
74.7.227.38 - - [11/Feb/2026:00:32:03 -0500] "GET /search.php?detail/01502794525365 HTTP/1.1" 500 720 "https://embajadores.clickboxgo.com/search.php?detail/2220182313178" "Mozilla/5.0 AppleWebKit/537.36 (KHTML, like Gecko; compatible; GPTBot/1.3; +https://openai.com/gptbot)"
74.7.227.38 - - [11/Feb/2026:00:33:04 -0500] "GET /search.php?detail/09502814349189 HTTP/1.1" 500 720 "https://embajadores.clickboxgo.com/search.php?detail/095049914777" "Mozilla/5.0 AppleWebKit/537.36 (KHTML, like Gecko; compatible; GPTBot/1.3; +https://openai.com/gptbot)"
209.141.33.188 - - [11/Feb/2026:00:33:35 -0500] "GET /wp-login.php HTTP/1.1" 500 720 "-" "Mozilla/5.0 (X11; Linux x86_64) AppleWebKit/537.36 (KHTML, like Gecko) Ubuntu Chromium/34.0.1847.116 Chrome/34.0.1847.116 Safari/537.36"
74.7.227.38 - - [11/Feb/2026:00:34:04 -0500] "GET /search.php?detail/02401535723914 HTTP/1.1" 500 720 "https://embajadores.clickboxgo.com/search.php?jp/024031326.html" "Mozilla/5.0 AppleWebKit/537.36 (KHTML, like Gecko; compatible; GPTBot/1.3; +https://openai.com/gptbot)"
74.7.227.38 - - [11/Feb/2026:00:35:05 -0500] "GET /search.php?detail/28103619807920 HTTP/1.1" 500 720 "https://embajadores.clickboxgo.com/search.php?detail/281029155477" "Mozilla/5.0 AppleWebKit/537.36 (KHTML, like Gecko; compatible; GPTBot/1.3; +https://openai.com/gptbot)"
74.7.227.38 - - [11/Feb/2026:00:36:08 -0500] "GET /search.php?detail/14604312982634 HTTP/1.1" 500 720 "https://embajadores.clickboxgo.com/search.php?detail/1460116816741" "Mozilla/5.0 AppleWebKit/537.36 (KHTML, like Gecko; compatible; GPTBot/1.3; +https://openai.com/gptbot)"
74.7.230.3 - - [11/Feb/2026:00:36:08 -0500] "GET /robots.txt HTTP/1.1" 500 720 "-" "Mozilla/5.0 (Macintosh; Intel Mac OS X 10_15_7) AppleWebKit/537.36 (KHTML, like Gecko) Chrome/131.0.0.0 Safari/537.36; compatible; OAI-SearchBot/1.3; robots.txt; +https://openai.com/searchbot"
89.42.231.200 - - [11/Feb/2026:00:37:06 -0500] "GET /SDK/webLanguage HTTP/1.1" 500 720 "-" "Mozilla/5.0 (Windows NT 10.0; Win64; x64) AppleWebKit/537.36 (KHTML, like Gecko) Chrome/90.0.4430.85 Safari/537.36 Edg/90.0.818.46"
74.7.227.38 - - [11/Feb/2026:00:37:13 -0500] "GET /search.php?detail/24700595841028 HTTP/1.1" 500 720 "https://embajadores.clickboxgo.com/search.php?detail/24703666195650" "Mozilla/5.0 AppleWebKit/537.36 (KHTML, like Gecko; compatible; GPTBot/1.3; +https://openai.com/gptbot)"
74.7.227.38 - - [11/Feb/2026:00:38:15 -0500] "GET /search.php?detail/27301980876226 HTTP/1.1" 500 720 "https://embajadores.clickboxgo.com/search.php?detail/2730300680001" "Mozilla/5.0 AppleWebKit/537.36 (KHTML, like Gecko; compatible; GPTBot/1.3; +https://openai.com/gptbot)"
34.158.168.101 - - [11/Feb/2026:00:38:42 -0500] "GET /.env HTTP/1.1" 500 720 "-" "Mozilla/5.0 (Windows NT 10.0; Win64; x64; rv:109.0) Firefox/121.0"
34.158.168.101 - - [11/Feb/2026:00:38:44 -0500] "GET / HTTP/1.0" 500 - "-" "-"
34.158.168.101 - - [11/Feb/2026:00:38:46 -0500] "GET / HTTP/1.0" 500 - "-" "-"
74.7.227.38 - - [11/Feb/2026:00:39:16 -0500] "GET /search.php?detail/10700898636502 HTTP/1.1" 500 720 "https://embajadores.clickboxgo.com/search.php?detail/1070496814863" "Mozilla/5.0 AppleWebKit/537.36 (KHTML, like Gecko; compatible; GPTBot/1.3; +https://openai.com/gptbot)"
74.7.227.38 - - [11/Feb/2026:00:40:16 -0500] "GET /search.php?detail/19704521768272 HTTP/1.1" 500 720 "https://embajadores.clickboxgo.com/search.php?detail/197045218597" "Mozilla/5.0 AppleWebKit/537.36 (KHTML, like Gecko; compatible; GPTBot/1.3; +https://openai.com/gptbot)"
74.7.227.38 - - [11/Feb/2026:00:41:22 -0500] "GET /search.php?detail/23302156639468 HTTP/1.1" 500 720 "https://embajadores.clickboxgo.com/search.php?detail/23303871561543" "Mozilla/5.0 AppleWebKit/537.36 (KHTML, like Gecko; compatible; GPTBot/1.3; +https://openai.com/gptbot)"
74.7.230.3 - - [11/Feb/2026:00:41:22 -0500] "GET /robots.txt HTTP/1.1" 500 720 "-" "Mozilla/5.0 (Macintosh; Intel Mac OS X 10_15_7) AppleWebKit/537.36 (KHTML, like Gecko) Chrome/131.0.0.0 Safari/537.36; compatible; OAI-SearchBot/1.3; robots.txt; +https://openai.com/searchbot"
74.7.227.38 - - [11/Feb/2026:00:42:25 -0500] "GET /search.php?detail/03404872175067 HTTP/1.1" 500 720 "https://embajadores.clickboxgo.com/search.php?detail/09104571058943" "Mozilla/5.0 AppleWebKit/537.36 (KHTML, like Gecko; compatible; GPTBot/1.3; +https://openai.com/gptbot)"
74.7.227.38 - - [11/Feb/2026:00:43:27 -0500] "GET /search.php?detail/18300317125419 HTTP/1.1" 500 720 "https://embajadores.clickboxgo.com/search.php?detail/251046399946" "Mozilla/5.0 AppleWebKit/537.36 (KHTML, like Gecko; compatible; GPTBot/1.3; +https://openai.com/gptbot)"
74.7.227.38 - - [11/Feb/2026:00:44:32 -0500] "GET /search.php?detail/26704291314032 HTTP/1.1" 500 720 "https://embajadores.clickboxgo.com/search.php?detail/030004164700" "Mozilla/5.0 AppleWebKit/537.36 (KHTML, like Gecko; compatible; GPTBot/1.3; +https://openai.com/gptbot)"
74.7.227.38 - - [11/Feb/2026:00:45:36 -0500] "GET /search.php?detail/03002466968051 HTTP/1.1" 500 720 "https://embajadores.clickboxgo.com/search.php?detail/03000385689560" "Mozilla/5.0 AppleWebKit/537.36 (KHTML, like Gecko; compatible; GPTBot/1.3; +https://openai.com/gptbot)"
74.7.227.38 - - [11/Feb/2026:00:46:40 -0500] "GET /search.php?detail/15504757143283 HTTP/1.1" 500 720 "https://embajadores.clickboxgo.com/search.php?detail/15504420836316" "Mozilla/5.0 AppleWebKit/537.36 (KHTML, like Gecko; compatible; GPTBot/1.3; +https://openai.com/gptbot)"
74.7.230.3 - - [11/Feb/2026:00:46:42 -0500] "GET /robots.txt HTTP/1.1" 500 720 "-" "Mozilla/5.0 (Macintosh; Intel Mac OS X 10_15_7) AppleWebKit/537.36 (KHTML, like Gecko) Chrome/131.0.0.0 Safari/537.36; compatible; OAI-SearchBot/1.3; robots.txt; +https://openai.com/searchbot"
74.7.227.38 - - [11/Feb/2026:00:47:42 -0500] "GET /search.php?detail/27401142892068 HTTP/1.1" 500 720 "https://embajadores.clickboxgo.com/search.php?detail/264028710857" "Mozilla/5.0 AppleWebKit/537.36 (KHTML, like Gecko; compatible; GPTBot/1.3; +https://openai.com/gptbot)"
74.7.227.38 - - [11/Feb/2026:00:48:43 -0500] "GET /search.php?detail/17603227843801 HTTP/1.1" 500 720 "https://embajadores.clickboxgo.com/search.php?detail/300045155132" "Mozilla/5.0 AppleWebKit/537.36 (KHTML, like Gecko; compatible; GPTBot/1.3; +https://openai.com/gptbot)"
74.7.227.38 - - [11/Feb/2026:00:49:46 -0500] "GET /search.php?detail/19700618037415 HTTP/1.1" 500 720 "https://embajadores.clickboxgo.com/search.php?goods/280025840" "Mozilla/5.0 AppleWebKit/537.36 (KHTML, like Gecko; compatible; GPTBot/1.3; +https://openai.com/gptbot)"
74.7.227.38 - - [11/Feb/2026:00:50:46 -0500] "GET /search.php?detail/00401138946377 HTTP/1.1" 500 720 "https://embajadores.clickboxgo.com/search.php?detail/004047345031" "Mozilla/5.0 AppleWebKit/537.36 (KHTML, like Gecko; compatible; GPTBot/1.3; +https://openai.com/gptbot)"
74.7.227.38 - - [11/Feb/2026:00:51:51 -0500] "GET /search.php?detail/25600704948589 HTTP/1.1" 500 720 "https://embajadores.clickboxgo.com/search.php?jp/247027663.html" "Mozilla/5.0 AppleWebKit/537.36 (KHTML, like Gecko; compatible; GPTBot/1.3; +https://openai.com/gptbot)"
74.7.230.3 - - [11/Feb/2026:00:51:51 -0500] "GET /robots.txt HTTP/1.1" 500 720 "-" "Mozilla/5.0 (Macintosh; Intel Mac OS X 10_15_7) AppleWebKit/537.36 (KHTML, like Gecko) Chrome/131.0.0.0 Safari/537.36; compatible; OAI-SearchBot/1.3; robots.txt; +https://openai.com/searchbot"
74.7.227.38 - - [11/Feb/2026:00:52:53 -0500] "GET /search.php?detail/29700758109351 HTTP/1.1" 500 720 "https://embajadores.clickboxgo.com/search.php?detail/140006513175" "Mozilla/5.0 AppleWebKit/537.36 (KHTML, like Gecko; compatible; GPTBot/1.3; +https://openai.com/gptbot)"
74.7.227.38 - - [11/Feb/2026:00:53:54 -0500] "GET /search.php?detail/15803871990944 HTTP/1.1" 500 720 "https://embajadores.clickboxgo.com/search.php?detail/002018811825" "Mozilla/5.0 AppleWebKit/537.36 (KHTML, like Gecko; compatible; GPTBot/1.3; +https://openai.com/gptbot)"
74.7.227.38 - - [11/Feb/2026:00:54:54 -0500] "GET /search.php?detail/08701538066482 HTTP/1.1" 500 720 "https://embajadores.clickboxgo.com/search.php?detail/0870153815243" "Mozilla/5.0 AppleWebKit/537.36 (KHTML, like Gecko; compatible; GPTBot/1.3; +https://openai.com/gptbot)"
74.7.227.38 - - [11/Feb/2026:00:55:57 -0500] "GET /search.php?detail/21801360928967 HTTP/1.1" 500 720 "https://embajadores.clickboxgo.com/search.php?detail/21801360698907" "Mozilla/5.0 AppleWebKit/537.36 (KHTML, like Gecko; compatible; GPTBot/1.3; +https://openai.com/gptbot)"
74.7.227.38 - - [11/Feb/2026:00:57:01 -0500] "GET /search.php?detail/00801536845169 HTTP/1.1" 500 720 "https://embajadores.clickboxgo.com/search.php?detail/254010739479" "Mozilla/5.0 AppleWebKit/537.36 (KHTML, like Gecko; compatible; GPTBot/1.3; +https://openai.com/gptbot)"
74.7.230.3 - - [11/Feb/2026:00:57:01 -0500] "GET /robots.txt HTTP/1.1" 500 720 "-" "Mozilla/5.0 (Macintosh; Intel Mac OS X 10_15_7) AppleWebKit/537.36 (KHTML, like Gecko) Chrome/131.0.0.0 Safari/537.36; compatible; OAI-SearchBot/1.3; robots.txt; +https://openai.com/searchbot"
74.7.227.38 - - [11/Feb/2026:00:58:05 -0500] "GET /search.php?detail/14600249757929 HTTP/1.1" 500 720 "https://embajadores.clickboxgo.com/search.php?detail/290044176516" "Mozilla/5.0 AppleWebKit/537.36 (KHTML, like Gecko; compatible; GPTBot/1.3; +https://openai.com/gptbot)"
74.7.227.38 - - [11/Feb/2026:00:59:07 -0500] "GET /search.php?detail/11002634776514 HTTP/1.1" 500 720 "https://embajadores.clickboxgo.com/search.php?detail/1100020687612" "Mozilla/5.0 AppleWebKit/537.36 (KHTML, like Gecko; compatible; GPTBot/1.3; +https://openai.com/gptbot)"
74.7.227.38 - - [11/Feb/2026:01:00:10 -0500] "GET /search.php?detail/24301668629522 HTTP/1.1" 500 720 "https://embajadores.clickboxgo.com/search.php?detail/11103311449230" "Mozilla/5.0 AppleWebKit/537.36 (KHTML, like Gecko; compatible; GPTBot/1.3; +https://openai.com/gptbot)"
160.187.210.192 - - [11/Feb/2026:01:01:00 -0500] "GET /.env HTTP/1.1" 500 720 "-" "python-requests/2.32.5"
74.7.227.38 - - [11/Feb/2026:01:01:12 -0500] "GET /search.php?detail/29004453877147 HTTP/1.1" 500 720 "https://embajadores.clickboxgo.com/search.php?detail/290006093115" "Mozilla/5.0 AppleWebKit/537.36 (KHTML, like Gecko; compatible; GPTBot/1.3; +https://openai.com/gptbot)"
74.7.227.38 - - [11/Feb/2026:01:02:15 -0500] "GET /search.php?detail/02504559789238 HTTP/1.1" 500 720 "https://embajadores.clickboxgo.com/search.php?detail/02501470861427" "Mozilla/5.0 AppleWebKit/537.36 (KHTML, like Gecko; compatible; GPTBot/1.3; +https://openai.com/gptbot)"
74.7.230.3 - - [11/Feb/2026:01:02:15 -0500] "GET /robots.txt HTTP/1.1" 500 720 "-" "Mozilla/5.0 (Macintosh; Intel Mac OS X 10_15_7) AppleWebKit/537.36 (KHTML, like Gecko) Chrome/131.0.0.0 Safari/537.36; compatible; OAI-SearchBot/1.3; robots.txt; +https://openai.com/searchbot"
74.7.227.38 - - [11/Feb/2026:01:03:19 -0500] "GET /search.php?detail/07602372194708 HTTP/1.1" 500 720 "https://embajadores.clickboxgo.com/search.php?goods/076020354" "Mozilla/5.0 AppleWebKit/537.36 (KHTML, like Gecko; compatible; GPTBot/1.3; +https://openai.com/gptbot)"
74.7.227.38 - - [11/Feb/2026:01:04:23 -0500] "GET /search.php?detail/02701759235249 HTTP/1.1" 500 720 "https://embajadores.clickboxgo.com/search.php?detail/02703351442780" "Mozilla/5.0 AppleWebKit/537.36 (KHTML, like Gecko; compatible; GPTBot/1.3; +https://openai.com/gptbot)"
74.7.227.38 - - [11/Feb/2026:01:05:23 -0500] "GET /search.php?detail/23302281864471 HTTP/1.1" 500 720 "https://embajadores.clickboxgo.com/search.php?detail/136021022206" "Mozilla/5.0 AppleWebKit/537.36 (KHTML, like Gecko; compatible; GPTBot/1.3; +https://openai.com/gptbot)"
213.176.16.154 - - [11/Feb/2026:01:05:57 -0500] "GET /.env HTTP/1.1" 500 720 "-" "Mozilla/5.0 (X11; Ubuntu; Linux x86_64; rv:147.0) Gecko/20100101 Firefox/147.0"
74.7.227.38 - - [11/Feb/2026:01:06:26 -0500] "GET /search.php?detail/09800584331259 HTTP/1.1" 500 720 "https://embajadores.clickboxgo.com/search.php?goods/098033004" "Mozilla/5.0 AppleWebKit/537.36 (KHTML, like Gecko; compatible; GPTBot/1.3; +https://openai.com/gptbot)"
