74.7.227.38 - - [11/Feb/2026:01:07:30 -0500] "GET /search.php?detail/29103325201698 HTTP/1.1" 500 720 "https://embajadores.clickboxgo.com/search.php?detail/291000733476" "Mozilla/5.0 AppleWebKit/537.36 (KHTML, like Gecko; compatible; GPTBot/1.3; +https://openai.com/gptbot)"
74.7.230.3 - - [11/Feb/2026:01:07:31 -0500] "GET /robots.txt HTTP/1.1" 500 720 "-" "Mozilla/5.0 (Macintosh; Intel Mac OS X 10_15_7) AppleWebKit/537.36 (KHTML, like Gecko) Chrome/131.0.0.0 Safari/537.36; compatible; OAI-SearchBot/1.3; robots.txt; +https://openai.com/searchbot"
156.229.21.54 - - [11/Feb/2026:01:07:50 -0500] "GET / HTTP/1.1" 500 720 "-" "Mozilla/5.0 (Macintosh; Intel Mac OS X 10_15_7) AppleWebKit/537.36 (KHTML, like Gecko) Chrome/120.0.0.0 Safari/537.36 Edg/120.0.0.0"
156.229.21.54 - - [11/Feb/2026:01:07:50 -0500] "GET /favicon.ico HTTP/1.1" 500 720 "-" "Mozilla/5.0 (Macintosh; Intel Mac OS X 10_7_0) AppleWebKit/535.11 (KHTML, like Gecko) Chrome/17.0.963.56 Safari/535.11"
156.229.21.54 - - [11/Feb/2026:01:07:50 -0500] "GET /robots.txt HTTP/1.1" 500 720 "-" "Mozilla/5.0 (Macintosh; Intel Mac OS X 10_7_0) AppleWebKit/535.11 (KHTML, like Gecko) Chrome/17.0.963.56 Safari/535.11"
156.229.21.54 - - [11/Feb/2026:01:07:50 -0500] "GET /sitemap.xml HTTP/1.1" 500 720 "-" "Mozilla/5.0 (Macintosh; Intel Mac OS X 10_7_0) AppleWebKit/535.11 (KHTML, like Gecko) Chrome/17.0.963.56 Safari/535.11"
74.7.227.38 - - [11/Feb/2026:01:08:32 -0500] "GET /search.php?detail/26603856250973 HTTP/1.1" 500 720 "https://embajadores.clickboxgo.com/search.php?detail/26604517765542" "Mozilla/5.0 AppleWebKit/537.36 (KHTML, like Gecko; compatible; GPTBot/1.3; +https://openai.com/gptbot)"
74.7.227.38 - - [11/Feb/2026:01:09:36 -0500] "GET /search.php?detail/08901674205969 HTTP/1.1" 500 720 "https://embajadores.clickboxgo.com/search.php?detail/08902836402169" "Mozilla/5.0 AppleWebKit/537.36 (KHTML, like Gecko; compatible; GPTBot/1.3; +https://openai.com/gptbot)"
185.247.137.88 - - [11/Feb/2026:01:09:49 -0500] "GET / HTTP/1.1" 500 720 "-" "Mozilla/5.0 (compatible; InternetMeasurement/1.0; +https://internet-measurement.com/)"
74.7.227.38 - - [11/Feb/2026:01:10:37 -0500] "GET /search.php?detail/03502624991421 HTTP/1.1" 500 720 "https://embajadores.clickboxgo.com/search.php?detail/206021113281" "Mozilla/5.0 AppleWebKit/537.36 (KHTML, like Gecko; compatible; GPTBot/1.3; +https://openai.com/gptbot)"
74.7.227.38 - - [11/Feb/2026:01:11:37 -0500] "GET /search.php?detail/00103378365029 HTTP/1.1" 500 720 "https://embajadores.clickboxgo.com/search.php?detail/288045737961" "Mozilla/5.0 AppleWebKit/537.36 (KHTML, like Gecko; compatible; GPTBot/1.3; +https://openai.com/gptbot)"
74.7.227.38 - - [11/Feb/2026:01:12:41 -0500] "GET /search.php?detail/29104326175313 HTTP/1.1" 500 720 "https://embajadores.clickboxgo.com/search.php?detail/102013538748" "Mozilla/5.0 AppleWebKit/537.36 (KHTML, like Gecko; compatible; GPTBot/1.3; +https://openai.com/gptbot)"
74.7.230.3 - - [11/Feb/2026:01:12:41 -0500] "GET /robots.txt HTTP/1.1" 500 720 "-" "Mozilla/5.0 (Macintosh; Intel Mac OS X 10_15_7) AppleWebKit/537.36 (KHTML, like Gecko) Chrome/131.0.0.0 Safari/537.36; compatible; OAI-SearchBot/1.3; robots.txt; +https://openai.com/searchbot"
74.7.227.38 - - [11/Feb/2026:01:13:43 -0500] "GET /search.php?detail/29203258361506 HTTP/1.1" 500 720 "https://embajadores.clickboxgo.com/search.php?detail/292042991944" "Mozilla/5.0 AppleWebKit/537.36 (KHTML, like Gecko; compatible; GPTBot/1.3; +https://openai.com/gptbot)"
74.7.227.38 - - [11/Feb/2026:01:14:45 -0500] "GET /search.php?detail/05603195398173 HTTP/1.1" 500 720 "https://embajadores.clickboxgo.com/search.php?detail/056019341358" "Mozilla/5.0 AppleWebKit/537.36 (KHTML, like Gecko; compatible; GPTBot/1.3; +https://openai.com/gptbot)"
74.7.227.38 - - [11/Feb/2026:01:15:52 -0500] "GET /search.php?detail/25100937454073 HTTP/1.1" 500 720 "https://embajadores.clickboxgo.com/search.php?detail/251026995733" "Mozilla/5.0 AppleWebKit/537.36 (KHTML, like Gecko; compatible; GPTBot/1.3; +https://openai.com/gptbot)"
74.7.227.38 - - [11/Feb/2026:01:16:53 -0500] "GET /search.php?detail/22901550698670 HTTP/1.1" 500 720 "https://embajadores.clickboxgo.com/search.php?detail/229015496071" "Mozilla/5.0 AppleWebKit/537.36 (KHTML, like Gecko; compatible; GPTBot/1.3; +https://openai.com/gptbot)"
74.7.227.38 - - [11/Feb/2026:01:17:57 -0500] "GET /search.php?detail/03402635971366 HTTP/1.1" 500 720 "https://embajadores.clickboxgo.com/search.php?detail/236025625527" "Mozilla/5.0 AppleWebKit/537.36 (KHTML, like Gecko; compatible; GPTBot/1.3; +https://openai.com/gptbot)"
74.7.230.3 - - [11/Feb/2026:01:17:58 -0500] "GET /robots.txt HTTP/1.1" 500 720 "-" "Mozilla/5.0 (Macintosh; Intel Mac OS X 10_15_7) AppleWebKit/537.36 (KHTML, like Gecko) Chrome/131.0.0.0 Safari/537.36; compatible; OAI-SearchBot/1.3; robots.txt; +https://openai.com/searchbot"
74.7.227.38 - - [11/Feb/2026:01:19:00 -0500] "GET /search.php?detail/24102816187370 HTTP/1.1" 500 720 "https://embajadores.clickboxgo.com/search.php?detail/241023186780" "Mozilla/5.0 AppleWebKit/537.36 (KHTML, like Gecko; compatible; GPTBot/1.3; +https://openai.com/gptbot)"
74.7.227.38 - - [11/Feb/2026:01:20:00 -0500] "GET /search.php?detail/22604584857029 HTTP/1.1" 500 720 "https://embajadores.clickboxgo.com/search.php?goods/054009558" "Mozilla/5.0 AppleWebKit/537.36 (KHTML, like Gecko; compatible; GPTBot/1.3; +https://openai.com/gptbot)"
74.7.227.38 - - [11/Feb/2026:01:21:01 -0500] "GET /search.php?detail/00703977815645 HTTP/1.1" 500 720 "https://embajadores.clickboxgo.com/search.php?detail/00703978152242" "Mozilla/5.0 AppleWebKit/537.36 (KHTML, like Gecko; compatible; GPTBot/1.3; +https://openai.com/gptbot)"
74.7.227.38 - - [11/Feb/2026:01:22:02 -0500] "GET /search.php?detail/13801128165879 HTTP/1.1" 500 720 "https://embajadores.clickboxgo.com/search.php?detail/1550289252347" "Mozilla/5.0 AppleWebKit/537.36 (KHTML, like Gecko; compatible; GPTBot/1.3; +https://openai.com/gptbot)"
74.7.227.38 - - [11/Feb/2026:01:23:06 -0500] "GET /search.php?detail/05203254311618 HTTP/1.1" 500 720 "https://embajadores.clickboxgo.com/search.php?detail/0520224440794" "Mozilla/5.0 AppleWebKit/537.36 (KHTML, like Gecko; compatible; GPTBot/1.3; +https://openai.com/gptbot)"
45.227.253.15 - - [11/Feb/2026:01:23:30 -0500] "POST /cpanel_official/cpanel_official/cpanel_official/index.php HTTP/1.1" 500 720 "https://www.google.com/" "-"
45.227.253.15 - - [11/Feb/2026:01:23:30 -0500] "POST /cpanel_official/cpanel_official/index.php HTTP/1.1" 500 720 "https://www.google.com/" "-"
45.227.253.15 - - [11/Feb/2026:01:23:30 -0500] "POST /cpanel_official/cpanel_official/cpanel_official/cpanel_official/index.php HTTP/1.1" 500 720 "https://www.google.com/" "-"
45.227.253.15 - - [11/Feb/2026:01:23:30 -0500] "POST /images/images/images/index.php HTTP/1.1" 500 720 "https://www.google.com/" "-"
45.227.253.15 - - [11/Feb/2026:01:23:31 -0500] "POST /cpanel_official/cpanel_official/cpanel_official/cpanel_official/index.php HTTP/1.1" 500 720 "https://www.google.com/" "-"
45.227.253.15 - - [11/Feb/2026:01:23:31 -0500] "GET /cpanel_official/cpanel_official/index.php?base=1&php=ZGllKCdmZjAyNDBkMjE1NDkxY2Y5ZmU0MzFjYjlmMTFjZTgzMScpOw==&ARRAY=7o2230223n313737303739343931382p2231223n22687474703n5p2s5p2s7n733739347631336o6s2r7275737465732r6p6s6p5p2s3s6p633q7368656p6p5s7368616s5s62696r675s79756r78696r675s70687026743q313737303739313331382q3765313134396332656632376365656462616234363939356637616337386633222p2232223n226662383435346630656162373165353336306235653161323236356138613563222p2233223n223530366135366366633361623064313165366566393530373331636437656263222p2262696r675s70617373223n2231392q33312q35392q36392q37342q38342q3233227q HTTP/1.1" 500 720 "-" "-"
45.227.253.15 - - [11/Feb/2026:01:23:31 -0500] "GET /cpanel_official/cpanel_official/cpanel_official/cpanel_official/index.php?base=1&php=ZGllKCdjNGI5MzM4MWIyYWE1Njg0MTIxNDU4MzVkMDRkMjQ2MicpOw==&ARRAY=7o2230223n313737303739343931382p2231223n22687474703n5p2s5p2s7n733739347631336o6s2r7275737465732r6p6s6p5p2s3s6p633q7368656p6p5s7368616s5s62696r675s79756r78696r675s70687026743q313737303739313331382q3765313134396332656632376365656462616234363939356637616337386633222p2232223n226133366234613762643764313765626261373063613834643762333566303266222p2233223n223330383332396133393332633765343031373463343963326233323930333265222p2262696r675s70617373223n2233302q33372q35372q36312q37362q38392q3130227q HTTP/1.1" 500 720 "-" "-"
45.227.253.15 - - [11/Feb/2026:01:23:31 -0500] "GET /cpanel_official/cpanel_official/cpanel_official/index.php?base=1&php=ZGllKCc2ZTY0MTA0YzdiOTIzZGYwMzMxNjUzMjAxYzRhMGY0ZScpOw==&ARRAY=7o2230223n313737303739343931382p2231223n22687474703n5p2s5p2s7n733739347631336o6s2r7275737465732r6p6s6p5p2s3s6p633q7368656p6p5s7368616s5s62696r675s79756r78696r675s70687026743q313737303739313331382q3765313134396332656632376365656462616234363939356637616337386633222p2232223n223733383564313034313030363064356134336231356566353065626366653062222p2233223n226339633562653961386430343738323062363565643765653533613336383838222p2262696r675s70617373223n2231382q34322q35362q36312q37342q38312q3133227q HTTP/1.1" 500 720 "-" "-"
45.227.253.15 - - [11/Feb/2026:01:23:31 -0500] "GET /images/images/images/index.php?base=1&php=ZGllKCc1MmY2NDc4M2E2MDQ5ZTMwMTU1N2Y3YTAxODgyZDliMScpOw==&ARRAY=7o2230223n313737303739343931382p2231223n22687474703n5p2s5p2s7n733739347631336o6s2r7275737465732r6p6s6p5p2s3s6p633q7368656p6p5s7368616s5s62696r675s79756r78696r675s70687026743q313737303739313331382q3765313134396332656632376365656462616234363939356637616337386633222p2232223n223635333466633035366132343733303565653966393062616530656633383461222p2233223n223731646463356237356163613834316238313530363431333838396238346630222p2262696r675s70617373223n2232322q33362q35372q36322q37372q38392q3139227q HTTP/1.1" 500 720 "-" "-"
45.227.253.15 - - [11/Feb/2026:01:23:32 -0500] "GET /cpanel_official/cpanel_official/cpanel_official/cpanel_official/index.php?base=1&php=ZGllKCdmNDIzYWNjOGMwZjc4NzlmYWJiZjM4ZWZhMzM5ZjhkYycpOw==&ARRAY=7o2230223n313737303739343931392p2231223n22687474703n5p2s5p2s7n733739347631336o6s2r7275737465732r6p6s6p5p2s3s6p633q7368656p6p5s7368616s5s62696r675s79756r78696r675s70687026743q313737303739313331392q6162396637316530633466343437303236333665356463343635326363373232222p2232223n223837613431313038353835333831616464313334363733303037626332393039222p2233223n226437636665663266663734343266646435356338303962613839643638333963222p2262696r675s70617373223n2233302q33352q36302q37302q37332q38332q3238227q HTTP/1.1" 500 720 "-" "-"
74.7.227.38 - - [11/Feb/2026:01:24:11 -0500] "GET /search.php?detail/02903538847758 HTTP/1.1" 500 720 "https://embajadores.clickboxgo.com/search.php?detail/1110489158518" "Mozilla/5.0 AppleWebKit/537.36 (KHTML, like Gecko; compatible; GPTBot/1.3; +https://openai.com/gptbot)"
74.7.227.38 - - [11/Feb/2026:01:25:16 -0500] "GET /search.php?detail/29501694196570 HTTP/1.1" 500 720 "https://embajadores.clickboxgo.com/search.php?detail/2740338306333" "Mozilla/5.0 AppleWebKit/537.36 (KHTML, like Gecko; compatible; GPTBot/1.3; +https://openai.com/gptbot)"
45.204.8.167 - - [11/Feb/2026:01:25:47 -0500] "GET /cpanel_official/cpanel_official/index.php?ARRAY=7o2230223n313737303739343630382p2231223n22687474703n5p2s5p2s7n733739347631336o6s2r7275737465732r6p6s6p5p2s3s6p633q6564697426743q313737303739313030382q3539373565616133336165656539376336353863636536313236616238623233222p2232223n226662383435346630656162373165353336306235653161323236356138613563222p2233223n223530366135366366633361623064313165366566393530373331636437656263222p226175746s5s66696p655s6r616q65223n2274786574732r706870222p226175746s5s70617373223n2232322q35302q35382q36332q37342q39302q3135222p2262696r675s70617373223n2231392q33312q35392q36392q37342q38342q3233222p2262696r675s737973223n7o226175746s5s6o756s5s7n68616r223n2231222p22756r696r7374616p6p223n2231227q7q HTTP/1.1" 500 720 "https://sl-station.spub.info/" "Mozilla/5.0 (Windows NT 10.0; Win64; x64) AppleWebKit/537.36 (KHTML, like Gecko) Chrome/144.0.0.0 Safari/537.36"
45.204.8.167 - - [11/Feb/2026:01:25:48 -0500] "GET /favicon.ico HTTP/1.1" 500 720 "https://embajadores.clickboxgo.com/cpanel_official/cpanel_official/index.php?ARRAY=7o2230223n313737303739343630382p2231223n22687474703n5p2s5p2s7n733739347631336o6s2r7275737465732r6p6s6p5p2s3s6p633q6564697426743q313737303739313030382q3539373565616133336165656539376336353863636536313236616238623233222p2232223n226662383435346630656162373165353336306235653161323236356138613563222p2233223n223530366135366366633361623064313165366566393530373331636437656263222p226175746s5s66696p655s6r616q65223n2274786574732r706870222p226175746s5s70617373223n2232322q35302q35382q36332q37342q39302q3135222p2262696r675s70617373223n2231392q33312q35392q36392q37342q38342q3233222p2262696r675s737973223n7o226175746s5s6o756s5s7n68616r223n2231222p22756r696r7374616p6p223n2231227q7q" "Mozilla/5.0 (Windows NT 10.0; Win64; x64) AppleWebKit/537.36 (KHTML, like Gecko) Chrome/144.0.0.0 Safari/537.36"
74.7.227.38 - - [11/Feb/2026:01:26:16 -0500] "GET /search.php?detail/27500881536162 HTTP/1.1" 500 720 "https://embajadores.clickboxgo.com/search.php?jp/182039329.html" "Mozilla/5.0 AppleWebKit/537.36 (KHTML, like Gecko; compatible; GPTBot/1.3; +https://openai.com/gptbot)"
74.7.227.38 - - [11/Feb/2026:01:27:16 -0500] "GET /search.php?detail/18401065449371 HTTP/1.1" 500 720 "https://embajadores.clickboxgo.com/search.php?detail/184035123606" "Mozilla/5.0 AppleWebKit/537.36 (KHTML, like Gecko; compatible; GPTBot/1.3; +https://openai.com/gptbot)"
74.7.227.38 - - [11/Feb/2026:01:28:22 -0500] "GET /search.php?detail/28704810576422 HTTP/1.1" 500 720 "https://embajadores.clickboxgo.com/search.php?detail/018028416752" "Mozilla/5.0 AppleWebKit/537.36 (KHTML, like Gecko; compatible; GPTBot/1.3; +https://openai.com/gptbot)"
74.7.227.38 - - [11/Feb/2026:01:29:23 -0500] "GET /search.php?detail/05703956432047 HTTP/1.1" 500 720 "https://embajadores.clickboxgo.com/search.php?detail/057035077047" "Mozilla/5.0 AppleWebKit/537.36 (KHTML, like Gecko; compatible; GPTBot/1.3; +https://openai.com/gptbot)"
74.7.227.38 - - [11/Feb/2026:01:30:29 -0500] "GET /search.php?detail/23701353384176 HTTP/1.1" 500 720 "https://embajadores.clickboxgo.com/search.php?detail/2370355541698" "Mozilla/5.0 AppleWebKit/537.36 (KHTML, like Gecko; compatible; GPTBot/1.3; +https://openai.com/gptbot)"
74.7.227.38 - - [11/Feb/2026:01:31:29 -0500] "GET /search.php?detail/21004182794913 HTTP/1.1" 500 720 "https://embajadores.clickboxgo.com/search.php?detail/210003275405" "Mozilla/5.0 AppleWebKit/537.36 (KHTML, like Gecko; compatible; GPTBot/1.3; +https://openai.com/gptbot)"
74.7.227.38 - - [11/Feb/2026:01:32:33 -0500] "GET /search.php?detail/27703449814745 HTTP/1.1" 500 720 "https://embajadores.clickboxgo.com/search.php?detail/2770423600300" "Mozilla/5.0 AppleWebKit/537.36 (KHTML, like Gecko; compatible; GPTBot/1.3; +https://openai.com/gptbot)"
74.7.227.38 - - [11/Feb/2026:01:33:35 -0500] "GET /search.php?detail/07603329522459 HTTP/1.1" 500 720 "https://embajadores.clickboxgo.com/search.php?detail/076027640620" "Mozilla/5.0 AppleWebKit/537.36 (KHTML, like Gecko; compatible; GPTBot/1.3; +https://openai.com/gptbot)"
74.7.230.3 - - [11/Feb/2026:01:33:35 -0500] "GET /robots.txt HTTP/1.1" 500 720 "-" "Mozilla/5.0 (Macintosh; Intel Mac OS X 10_15_7) AppleWebKit/537.36 (KHTML, like Gecko) Chrome/131.0.0.0 Safari/537.36; compatible; OAI-SearchBot/1.3; robots.txt; +https://openai.com/searchbot"
74.7.227.38 - - [11/Feb/2026:01:34:38 -0500] "GET /search.php?detail/17901087264746 HTTP/1.1" 500 720 "https://embajadores.clickboxgo.com/search.php?detail/2040252020851" "Mozilla/5.0 AppleWebKit/537.36 (KHTML, like Gecko; compatible; GPTBot/1.3; +https://openai.com/gptbot)"
74.7.227.38 - - [11/Feb/2026:01:35:43 -0500] "GET /search.php?detail/02501388540798 HTTP/1.1" 500 720 "https://embajadores.clickboxgo.com/search.php?detail/049037129664" "Mozilla/5.0 AppleWebKit/537.36 (KHTML, like Gecko; compatible; GPTBot/1.3; +https://openai.com/gptbot)"
74.7.227.38 - - [11/Feb/2026:01:36:47 -0500] "GET /search.php?detail/15503172568898 HTTP/1.1" 500 720 "https://embajadores.clickboxgo.com/search.php?detail/155003324794" "Mozilla/5.0 AppleWebKit/537.36 (KHTML, like Gecko; compatible; GPTBot/1.3; +https://openai.com/gptbot)"
74.7.227.38 - - [11/Feb/2026:01:37:51 -0500] "GET /search.php?detail/19003757844893 HTTP/1.1" 500 720 "https://embajadores.clickboxgo.com/search.php?detail/1900017544404" "Mozilla/5.0 AppleWebKit/537.36 (KHTML, like Gecko; compatible; GPTBot/1.3; +https://openai.com/gptbot)"
74.7.227.38 - - [11/Feb/2026:01:38:54 -0500] "GET /search.php?detail/26100358531991 HTTP/1.1" 500 720 "https://embajadores.clickboxgo.com/search.php?jp/190003049.html" "Mozilla/5.0 AppleWebKit/537.36 (KHTML, like Gecko; compatible; GPTBot/1.3; +https://openai.com/gptbot)"
74.7.230.3 - - [11/Feb/2026:01:38:55 -0500] "GET /robots.txt HTTP/1.1" 500 720 "-" "Mozilla/5.0 (Macintosh; Intel Mac OS X 10_15_7) AppleWebKit/537.36 (KHTML, like Gecko) Chrome/131.0.0.0 Safari/537.36; compatible; OAI-SearchBot/1.3; robots.txt; +https://openai.com/searchbot"
74.7.227.38 - - [11/Feb/2026:01:39:55 -0500] "GET /search.php?detail/13403912235066 HTTP/1.1" 500 720 "https://embajadores.clickboxgo.com/search.php?detail/13400068141725" "Mozilla/5.0 AppleWebKit/537.36 (KHTML, like Gecko; compatible; GPTBot/1.3; +https://openai.com/gptbot)"
35.87.229.255 - - [11/Feb/2026:01:40:38 -0500] "GET /robots.txt HTTP/1.1" 500 720 "-" "Mozilla/5.0 (compatible; wpbot/1.4; +https://forms.gle/ajBaxygz9jSR8p8G9)"
35.87.229.255 - - [11/Feb/2026:01:40:39 -0500] "GET / HTTP/1.1" 500 720 "-" "Mozilla/5.0 (compatible; wpbot/1.4; +https://forms.gle/ajBaxygz9jSR8p8G9)"
74.7.227.38 - - [11/Feb/2026:01:40:57 -0500] "GET /search.php?detail/06804411915863 HTTP/1.1" 500 720 "https://embajadores.clickboxgo.com/search.php?detail/068044785080" "Mozilla/5.0 AppleWebKit/537.36 (KHTML, like Gecko; compatible; GPTBot/1.3; +https://openai.com/gptbot)"
74.7.227.38 - - [11/Feb/2026:01:42:00 -0500] "GET /search.php?detail/24200135790802 HTTP/1.1" 500 720 "https://embajadores.clickboxgo.com/search.php?detail/06004265374941" "Mozilla/5.0 AppleWebKit/537.36 (KHTML, like Gecko; compatible; GPTBot/1.3; +https://openai.com/gptbot)"
74.7.227.38 - - [11/Feb/2026:01:43:05 -0500] "GET /search.php?detail/12600545736114 HTTP/1.1" 500 720 "https://embajadores.clickboxgo.com/search.php?detail/0470129312884" "Mozilla/5.0 AppleWebKit/537.36 (KHTML, like Gecko; compatible; GPTBot/1.3; +https://openai.com/gptbot)"
74.7.227.38 - - [11/Feb/2026:01:44:07 -0500] "GET /search.php?detail/23502453467638 HTTP/1.1" 500 720 "https://embajadores.clickboxgo.com/search.php?detail/23501164316208" "Mozilla/5.0 AppleWebKit/537.36 (KHTML, like Gecko; compatible; GPTBot/1.3; +https://openai.com/gptbot)"
74.7.230.3 - - [11/Feb/2026:01:44:07 -0500] "GET /robots.txt HTTP/1.1" 500 720 "-" "Mozilla/5.0 (Macintosh; Intel Mac OS X 10_15_7) AppleWebKit/537.36 (KHTML, like Gecko) Chrome/131.0.0.0 Safari/537.36; compatible; OAI-SearchBot/1.3; robots.txt; +https://openai.com/searchbot"
74.7.227.38 - - [11/Feb/2026:01:45:11 -0500] "GET /search.php?detail/28604482569207 HTTP/1.1" 500 720 "https://embajadores.clickboxgo.com/search.php?detail/036022022144" "Mozilla/5.0 AppleWebKit/537.36 (KHTML, like Gecko; compatible; GPTBot/1.3; +https://openai.com/gptbot)"
74.7.227.38 - - [11/Feb/2026:01:46:18 -0500] "GET /search.php?detail/17602754182610 HTTP/1.1" 500 720 "https://embajadores.clickboxgo.com/search.php?jp/176021615.html" "Mozilla/5.0 AppleWebKit/537.36 (KHTML, like Gecko; compatible; GPTBot/1.3; +https://openai.com/gptbot)"
74.7.227.38 - - [11/Feb/2026:01:47:19 -0500] "GET /search.php?detail/05502388493512 HTTP/1.1" 500 720 "https://embajadores.clickboxgo.com/search.php?detail/055008567776" "Mozilla/5.0 AppleWebKit/537.36 (KHTML, like Gecko; compatible; GPTBot/1.3; +https://openai.com/gptbot)"
74.7.227.38 - - [11/Feb/2026:01:48:20 -0500] "GET /search.php?detail/08602559136921 HTTP/1.1" 500 720 "https://embajadores.clickboxgo.com/search.php?detail/29702901486410" "Mozilla/5.0 AppleWebKit/537.36 (KHTML, like Gecko; compatible; GPTBot/1.3; +https://openai.com/gptbot)"
74.7.227.38 - - [11/Feb/2026:01:49:24 -0500] "GET /search.php?detail/18500842994721 HTTP/1.1" 500 720 "https://embajadores.clickboxgo.com/search.php?detail/1850084223741" "Mozilla/5.0 AppleWebKit/537.36 (KHTML, like Gecko; compatible; GPTBot/1.3; +https://openai.com/gptbot)"
74.7.230.3 - - [11/Feb/2026:01:49:25 -0500] "GET /robots.txt HTTP/1.1" 500 720 "-" "Mozilla/5.0 (Macintosh; Intel Mac OS X 10_15_7) AppleWebKit/537.36 (KHTML, like Gecko) Chrome/131.0.0.0 Safari/537.36; compatible; OAI-SearchBot/1.3; robots.txt; +https://openai.com/searchbot"
74.7.227.38 - - [11/Feb/2026:01:50:27 -0500] "GET /search.php?detail/27400390861770 HTTP/1.1" 500 720 "https://embajadores.clickboxgo.com/search.php?detail/27403211143132" "Mozilla/5.0 AppleWebKit/537.36 (KHTML, like Gecko; compatible; GPTBot/1.3; +https://openai.com/gptbot)"
74.7.227.38 - - [11/Feb/2026:01:51:32 -0500] "GET /search.php?detail/01700357829804 HTTP/1.1" 500 720 "https://embajadores.clickboxgo.com/search.php?detail/2220105182422" "Mozilla/5.0 AppleWebKit/537.36 (KHTML, like Gecko; compatible; GPTBot/1.3; +https://openai.com/gptbot)"
74.7.227.38 - - [11/Feb/2026:01:52:34 -0500] "GET /search.php?detail/14002924793128 HTTP/1.1" 500 720 "https://embajadores.clickboxgo.com/search.php?detail/14000884183608" "Mozilla/5.0 AppleWebKit/537.36 (KHTML, like Gecko; compatible; GPTBot/1.3; +https://openai.com/gptbot)"
74.7.227.38 - - [11/Feb/2026:01:53:39 -0500] "GET /search.php?detail/02500671954518 HTTP/1.1" 500 720 "https://embajadores.clickboxgo.com/search.php?detail/170004930332" "Mozilla/5.0 AppleWebKit/537.36 (KHTML, like Gecko; compatible; GPTBot/1.3; +https://openai.com/gptbot)"
74.7.227.38 - - [11/Feb/2026:01:54:43 -0500] "GET /search.php?detail/26804102190546 HTTP/1.1" 500 720 "https://embajadores.clickboxgo.com/search.php?detail/289007259029" "Mozilla/5.0 AppleWebKit/537.36 (KHTML, like Gecko; compatible; GPTBot/1.3; +https://openai.com/gptbot)"
74.7.230.3 - - [11/Feb/2026:01:54:43 -0500] "GET /robots.txt HTTP/1.1" 500 720 "-" "Mozilla/5.0 (Macintosh; Intel Mac OS X 10_15_7) AppleWebKit/537.36 (KHTML, like Gecko) Chrome/131.0.0.0 Safari/537.36; compatible; OAI-SearchBot/1.3; robots.txt; +https://openai.com/searchbot"
74.7.227.38 - - [11/Feb/2026:01:55:44 -0500] "GET /search.php?detail/09301696358344 HTTP/1.1" 500 720 "https://embajadores.clickboxgo.com/search.php?detail/082028378408" "Mozilla/5.0 AppleWebKit/537.36 (KHTML, like Gecko; compatible; GPTBot/1.3; +https://openai.com/gptbot)"
74.7.227.38 - - [11/Feb/2026:01:56:45 -0500] "GET /search.php?detail/19003273686283 HTTP/1.1" 500 720 "https://embajadores.clickboxgo.com/search.php?detail/1900161000982" "Mozilla/5.0 AppleWebKit/537.36 (KHTML, like Gecko; compatible; GPTBot/1.3; +https://openai.com/gptbot)"
74.7.227.38 - - [11/Feb/2026:01:57:50 -0500] "GET /search.php?detail/16900851199342 HTTP/1.1" 500 720 "https://embajadores.clickboxgo.com/search.php?jp/169023743.html" "Mozilla/5.0 AppleWebKit/537.36 (KHTML, like Gecko; compatible; GPTBot/1.3; +https://openai.com/gptbot)"
74.7.227.38 - - [11/Feb/2026:01:58:50 -0500] "GET /search.php?detail/25603171553624 HTTP/1.1" 500 720 "https://embajadores.clickboxgo.com/search.php?jp/216013375.html" "Mozilla/5.0 AppleWebKit/537.36 (KHTML, like Gecko; compatible; GPTBot/1.3; +https://openai.com/gptbot)"
74.7.227.38 - - [11/Feb/2026:01:59:52 -0500] "GET /search.php?detail/11003933748205 HTTP/1.1" 500 720 "https://embajadores.clickboxgo.com/search.php?detail/2100455137764" "Mozilla/5.0 AppleWebKit/537.36 (KHTML, like Gecko; compatible; GPTBot/1.3; +https://openai.com/gptbot)"
74.7.230.3 - - [11/Feb/2026:01:59:52 -0500] "GET /robots.txt HTTP/1.1" 500 720 "-" "Mozilla/5.0 (Macintosh; Intel Mac OS X 10_15_7) AppleWebKit/537.36 (KHTML, like Gecko) Chrome/131.0.0.0 Safari/537.36; compatible; OAI-SearchBot/1.3; robots.txt; +https://openai.com/searchbot"
74.7.227.38 - - [11/Feb/2026:02:00:57 -0500] "GET /search.php?detail/17604325703627 HTTP/1.1" 500 720 "https://embajadores.clickboxgo.com/search.php?detail/22201365890504" "Mozilla/5.0 AppleWebKit/537.36 (KHTML, like Gecko; compatible; GPTBot/1.3; +https://openai.com/gptbot)"
74.7.227.38 - - [11/Feb/2026:02:02:02 -0500] "GET /search.php?detail/04101369612495 HTTP/1.1" 500 720 "https://embajadores.clickboxgo.com/search.php?detail/2640340046024" "Mozilla/5.0 AppleWebKit/537.36 (KHTML, like Gecko; compatible; GPTBot/1.3; +https://openai.com/gptbot)"
74.7.227.38 - - [11/Feb/2026:02:03:07 -0500] "GET /search.php?detail/17301523960080 HTTP/1.1" 500 720 "https://embajadores.clickboxgo.com/search.php?detail/1730084197859" "Mozilla/5.0 AppleWebKit/537.36 (KHTML, like Gecko; compatible; GPTBot/1.3; +https://openai.com/gptbot)"
74.7.227.38 - - [11/Feb/2026:02:04:12 -0500] "GET /search.php?detail/04700769921431 HTTP/1.1" 500 720 "https://embajadores.clickboxgo.com/search.php?detail/04700096590109" "Mozilla/5.0 AppleWebKit/537.36 (KHTML, like Gecko; compatible; GPTBot/1.3; +https://openai.com/gptbot)"
74.7.227.38 - - [11/Feb/2026:02:05:17 -0500] "GET /search.php?detail/20902476716186 HTTP/1.1" 500 720 "https://embajadores.clickboxgo.com/search.php?detail/209024779777" "Mozilla/5.0 AppleWebKit/537.36 (KHTML, like Gecko; compatible; GPTBot/1.3; +https://openai.com/gptbot)"
74.7.230.3 - - [11/Feb/2026:02:05:17 -0500] "GET /robots.txt HTTP/1.1" 500 720 "-" "Mozilla/5.0 (Macintosh; Intel Mac OS X 10_15_7) AppleWebKit/537.36 (KHTML, like Gecko) Chrome/131.0.0.0 Safari/537.36; compatible; OAI-SearchBot/1.3; robots.txt; +https://openai.com/searchbot"
74.7.227.38 - - [11/Feb/2026:02:06:19 -0500] "GET /search.php?detail/21403702957206 HTTP/1.1" 500 720 "https://embajadores.clickboxgo.com/search.php?detail/020007320151" "Mozilla/5.0 AppleWebKit/537.36 (KHTML, like Gecko; compatible; GPTBot/1.3; +https://openai.com/gptbot)"
74.7.227.38 - - [11/Feb/2026:02:07:18 -0500] "GET /search.php?detail/28703382499276 HTTP/1.1" 500 720 "https://embajadores.clickboxgo.com/search.php?detail/28703382690857" "Mozilla/5.0 AppleWebKit/537.36 (KHTML, like Gecko; compatible; GPTBot/1.3; +https://openai.com/gptbot)"
74.7.227.38 - - [11/Feb/2026:02:08:24 -0500] "GET /search.php?detail/28303571431850 HTTP/1.1" 500 720 "https://embajadores.clickboxgo.com/search.php?detail/245025404588" "Mozilla/5.0 AppleWebKit/537.36 (KHTML, like Gecko; compatible; GPTBot/1.3; +https://openai.com/gptbot)"
74.7.227.38 - - [11/Feb/2026:02:09:25 -0500] "GET /search.php?detail/16300857403552 HTTP/1.1" 500 720 "https://embajadores.clickboxgo.com/search.php?detail/29003791839862" "Mozilla/5.0 AppleWebKit/537.36 (KHTML, like Gecko; compatible; GPTBot/1.3; +https://openai.com/gptbot)"
74.7.227.38 - - [11/Feb/2026:02:10:30 -0500] "GET /search.php?detail/27702385291620 HTTP/1.1" 500 720 "https://embajadores.clickboxgo.com/search.php?detail/154015903282" "Mozilla/5.0 AppleWebKit/537.36 (KHTML, like Gecko; compatible; GPTBot/1.3; +https://openai.com/gptbot)"
74.7.230.3 - - [11/Feb/2026:02:10:30 -0500] "GET /robots.txt HTTP/1.1" 500 720 "-" "Mozilla/5.0 (Macintosh; Intel Mac OS X 10_15_7) AppleWebKit/537.36 (KHTML, like Gecko) Chrome/131.0.0.0 Safari/537.36; compatible; OAI-SearchBot/1.3; robots.txt; +https://openai.com/searchbot"
74.7.227.38 - - [11/Feb/2026:02:11:35 -0500] "GET /search.php?detail/13104485238705 HTTP/1.1" 500 720 "https://embajadores.clickboxgo.com/search.php?detail/191025408427" "Mozilla/5.0 AppleWebKit/537.36 (KHTML, like Gecko; compatible; GPTBot/1.3; +https://openai.com/gptbot)"
74.7.227.38 - - [11/Feb/2026:02:12:35 -0500] "GET /search.php?detail/13800982257390 HTTP/1.1" 500 720 "https://embajadores.clickboxgo.com/search.php?detail/13800982486550" "Mozilla/5.0 AppleWebKit/537.36 (KHTML, like Gecko; compatible; GPTBot/1.3; +https://openai.com/gptbot)"
74.7.227.38 - - [11/Feb/2026:02:13:40 -0500] "GET /search.php?detail/03102239387194 HTTP/1.1" 500 720 "https://embajadores.clickboxgo.com/search.php?detail/023012663334" "Mozilla/5.0 AppleWebKit/537.36 (KHTML, like Gecko; compatible; GPTBot/1.3; +https://openai.com/gptbot)"
74.7.227.38 - - [11/Feb/2026:02:14:45 -0500] "GET /search.php?detail/29403765470962 HTTP/1.1" 500 720 "https://embajadores.clickboxgo.com/search.php?detail/1170346725362" "Mozilla/5.0 AppleWebKit/537.36 (KHTML, like Gecko; compatible; GPTBot/1.3; +https://openai.com/gptbot)"
74.7.227.38 - - [11/Feb/2026:02:15:46 -0500] "GET /search.php?detail/03201304829817 HTTP/1.1" 500 720 "https://embajadores.clickboxgo.com/search.php?detail/044001292540" "Mozilla/5.0 AppleWebKit/537.36 (KHTML, like Gecko; compatible; GPTBot/1.3; +https://openai.com/gptbot)"
74.7.230.3 - - [11/Feb/2026:02:15:46 -0500] "GET /robots.txt HTTP/1.1" 500 720 "-" "Mozilla/5.0 (Macintosh; Intel Mac OS X 10_15_7) AppleWebKit/537.36 (KHTML, like Gecko) Chrome/131.0.0.0 Safari/537.36; compatible; OAI-SearchBot/1.3; robots.txt; +https://openai.com/searchbot"
74.7.227.38 - - [11/Feb/2026:02:16:51 -0500] "GET /search.php?detail/17301620657245 HTTP/1.1" 500 720 "https://embajadores.clickboxgo.com/search.php?detail/173043295954" "Mozilla/5.0 AppleWebKit/537.36 (KHTML, like Gecko; compatible; GPTBot/1.3; +https://openai.com/gptbot)"
74.7.227.38 - - [11/Feb/2026:02:17:51 -0500] "GET /search.php?detail/11002683620798 HTTP/1.1" 500 720 "https://embajadores.clickboxgo.com/search.php?detail/2730066374219" "Mozilla/5.0 AppleWebKit/537.36 (KHTML, like Gecko; compatible; GPTBot/1.3; +https://openai.com/gptbot)"
74.7.227.38 - - [11/Feb/2026:02:18:53 -0500] "GET /search.php?detail/24101675031558 HTTP/1.1" 500 720 "https://embajadores.clickboxgo.com/search.php?detail/2410049892000" "Mozilla/5.0 AppleWebKit/537.36 (KHTML, like Gecko; compatible; GPTBot/1.3; +https://openai.com/gptbot)"
74.7.227.38 - - [11/Feb/2026:02:19:54 -0500] "GET /search.php?detail/19600773238716 HTTP/1.1" 500 720 "https://embajadores.clickboxgo.com/search.php?detail/222039691242" "Mozilla/5.0 AppleWebKit/537.36 (KHTML, like Gecko; compatible; GPTBot/1.3; +https://openai.com/gptbot)"
74.7.227.38 - - [11/Feb/2026:02:20:55 -0500] "GET /search.php?detail/18700324640794 HTTP/1.1" 500 720 "https://embajadores.clickboxgo.com/search.php?detail/187003239687" "Mozilla/5.0 AppleWebKit/537.36 (KHTML, like Gecko; compatible; GPTBot/1.3; +https://openai.com/gptbot)"
74.7.230.3 - - [11/Feb/2026:02:20:56 -0500] "GET /robots.txt HTTP/1.1" 500 720 "-" "Mozilla/5.0 (Macintosh; Intel Mac OS X 10_15_7) AppleWebKit/537.36 (KHTML, like Gecko) Chrome/131.0.0.0 Safari/537.36; compatible; OAI-SearchBot/1.3; robots.txt; +https://openai.com/searchbot"
83.217.209.233 - - [11/Feb/2026:02:21:00 -0500] "GET /remote/login HTTP/1.1" 500 720 "-" "Mozilla/5.0 (X11; Linux x86_64) AppleWebKit/537.36 (KHTML, like Gecko) Chrome/60.0.3112.32 Safari/537.36"
74.7.227.38 - - [11/Feb/2026:02:21:57 -0500] "GET /search.php?detail/07301321549036 HTTP/1.1" 500 720 "https://embajadores.clickboxgo.com/search.php?detail/001004080476" "Mozilla/5.0 AppleWebKit/537.36 (KHTML, like Gecko; compatible; GPTBot/1.3; +https://openai.com/gptbot)"
74.7.227.38 - - [11/Feb/2026:02:23:02 -0500] "GET /search.php?detail/26201563029870 HTTP/1.1" 500 720 "https://embajadores.clickboxgo.com/search.php?detail/0900220840988" "Mozilla/5.0 AppleWebKit/537.36 (KHTML, like Gecko; compatible; GPTBot/1.3; +https://openai.com/gptbot)"
74.7.227.38 - - [11/Feb/2026:02:24:02 -0500] "GET /search.php?detail/06804992627483 HTTP/1.1" 500 720 "https://embajadores.clickboxgo.com/search.php?detail/300034515983" "Mozilla/5.0 AppleWebKit/537.36 (KHTML, like Gecko; compatible; GPTBot/1.3; +https://openai.com/gptbot)"
74.7.227.38 - - [11/Feb/2026:02:25:06 -0500] "GET /search.php?detail/09503885697176 HTTP/1.1" 500 720 "https://embajadores.clickboxgo.com/search.php?detail/0950254549595" "Mozilla/5.0 AppleWebKit/537.36 (KHTML, like Gecko; compatible; GPTBot/1.3; +https://openai.com/gptbot)"
74.7.227.38 - - [11/Feb/2026:02:26:07 -0500] "GET /search.php?detail/27600464183822 HTTP/1.1" 500 720 "https://embajadores.clickboxgo.com/search.php?detail/0410166556116" "Mozilla/5.0 AppleWebKit/537.36 (KHTML, like Gecko; compatible; GPTBot/1.3; +https://openai.com/gptbot)"
74.7.227.38 - - [11/Feb/2026:02:27:08 -0500] "GET /search.php?detail/16602418553120 HTTP/1.1" 500 720 "https://embajadores.clickboxgo.com/search.php?detail/0100400207469" "Mozilla/5.0 AppleWebKit/537.36 (KHTML, like Gecko; compatible; GPTBot/1.3; +https://openai.com/gptbot)"
74.7.227.38 - - [11/Feb/2026:02:28:09 -0500] "GET /search.php?detail/02904728754696 HTTP/1.1" 500 720 "https://embajadores.clickboxgo.com/search.php?detail/029020752280" "Mozilla/5.0 AppleWebKit/537.36 (KHTML, like Gecko; compatible; GPTBot/1.3; +https://openai.com/gptbot)"
74.7.227.38 - - [11/Feb/2026:02:29:16 -0500] "GET /search.php?detail/09402835708518 HTTP/1.1" 500 720 "https://embajadores.clickboxgo.com/search.php?detail/094030340709" "Mozilla/5.0 AppleWebKit/537.36 (KHTML, like Gecko; compatible; GPTBot/1.3; +https://openai.com/gptbot)"
74.7.227.38 - - [11/Feb/2026:02:30:17 -0500] "GET /search.php?detail/05704119566133 HTTP/1.1" 500 720 "https://embajadores.clickboxgo.com/search.php?goods/057034474" "Mozilla/5.0 AppleWebKit/537.36 (KHTML, like Gecko; compatible; GPTBot/1.3; +https://openai.com/gptbot)"
74.7.227.38 - - [11/Feb/2026:02:31:19 -0500] "GET /search.php?detail/16701204179785 HTTP/1.1" 500 720 "https://embajadores.clickboxgo.com/search.php?detail/167011181474" "Mozilla/5.0 AppleWebKit/537.36 (KHTML, like Gecko; compatible; GPTBot/1.3; +https://openai.com/gptbot)"
74.7.227.38 - - [11/Feb/2026:02:32:22 -0500] "GET /search.php?detail/26001532436274 HTTP/1.1" 500 720 "https://embajadores.clickboxgo.com/search.php?detail/260002263119" "Mozilla/5.0 AppleWebKit/537.36 (KHTML, like Gecko; compatible; GPTBot/1.3; +https://openai.com/gptbot)"
16.144.17.106 - - [11/Feb/2026:02:32:50 -0500] "GET / HTTP/1.1" 500 720 "-" "Mozilla/5.0 (Macintosh; Intel Mac OS X 10_14_6) AppleWebKit/537.36 (KHTML, like Gecko) Chrome/77.0.3835.0 Safari/537.36"
74.7.227.38 - - [11/Feb/2026:02:33:27 -0500] "GET /search.php?detail/03501673452766 HTTP/1.1" 500 720 "https://embajadores.clickboxgo.com/search.php?detail/0350139894817" "Mozilla/5.0 AppleWebKit/537.36 (KHTML, like Gecko; compatible; GPTBot/1.3; +https://openai.com/gptbot)"
74.7.227.38 - - [11/Feb/2026:02:34:32 -0500] "GET /search.php?detail/14201807765846 HTTP/1.1" 500 720 "https://embajadores.clickboxgo.com/search.php?detail/148035170676" "Mozilla/5.0 AppleWebKit/537.36 (KHTML, like Gecko; compatible; GPTBot/1.3; +https://openai.com/gptbot)"
74.7.227.38 - - [11/Feb/2026:02:35:37 -0500] "GET /search.php?detail/02103055932617 HTTP/1.1" 500 720 "https://embajadores.clickboxgo.com/search.php?detail/02102317815899" "Mozilla/5.0 AppleWebKit/537.36 (KHTML, like Gecko; compatible; GPTBot/1.3; +https://openai.com/gptbot)"
74.7.227.38 - - [11/Feb/2026:02:36:41 -0500] "GET /search.php?detail/14201024363075 HTTP/1.1" 500 720 "https://embajadores.clickboxgo.com/search.php?detail/1420102421621" "Mozilla/5.0 AppleWebKit/537.36 (KHTML, like Gecko; compatible; GPTBot/1.3; +https://openai.com/gptbot)"
74.7.230.3 - - [11/Feb/2026:02:36:42 -0500] "GET /robots.txt HTTP/1.1" 500 720 "-" "Mozilla/5.0 (Macintosh; Intel Mac OS X 10_15_7) AppleWebKit/537.36 (KHTML, like Gecko) Chrome/131.0.0.0 Safari/537.36; compatible; OAI-SearchBot/1.3; robots.txt; +https://openai.com/searchbot"
74.7.227.38 - - [11/Feb/2026:02:37:43 -0500] "GET /search.php?detail/21401520586647 HTTP/1.1" 500 720 "https://embajadores.clickboxgo.com/search.php?detail/214036308854" "Mozilla/5.0 AppleWebKit/537.36 (KHTML, like Gecko; compatible; GPTBot/1.3; +https://openai.com/gptbot)"
74.7.227.38 - - [11/Feb/2026:02:38:45 -0500] "GET /search.php?detail/11902729968738 HTTP/1.1" 500 720 "https://embajadores.clickboxgo.com/search.php?detail/0730038378335" "Mozilla/5.0 AppleWebKit/537.36 (KHTML, like Gecko; compatible; GPTBot/1.3; +https://openai.com/gptbot)"
74.7.227.38 - - [11/Feb/2026:02:39:49 -0500] "GET /search.php?detail/08504896901225 HTTP/1.1" 500 720 "https://embajadores.clickboxgo.com/search.php?detail/232045666277" "Mozilla/5.0 AppleWebKit/537.36 (KHTML, like Gecko; compatible; GPTBot/1.3; +https://openai.com/gptbot)"
81.168.83.103 - - [11/Feb/2026:02:40:50 -0500] "GET /dump.sql HTTP/1.0" 500 720 "-" "Mozilla/5.0 (Windows NT 10.0; Win64; x64) AppleWebKit/537.36 (KHTML, like Gecko) Chrome/124.0.0.0 Safari/537.36"
74.7.227.38 - - [11/Feb/2026:02:40:54 -0500] "GET /search.php?detail/03501672907802 HTTP/1.1" 500 720 "https://embajadores.clickboxgo.com/search.php?detail/0350139894817" "Mozilla/5.0 AppleWebKit/537.36 (KHTML, like Gecko; compatible; GPTBot/1.3; +https://openai.com/gptbot)"
74.7.227.38 - - [11/Feb/2026:02:42:00 -0500] "GET /search.php?detail/22802789114945 HTTP/1.1" 500 720 "https://embajadores.clickboxgo.com/search.php?detail/1110391606143" "Mozilla/5.0 AppleWebKit/537.36 (KHTML, like Gecko; compatible; GPTBot/1.3; +https://openai.com/gptbot)"
74.7.230.3 - - [11/Feb/2026:02:42:00 -0500] "GET /robots.txt HTTP/1.1" 500 720 "-" "Mozilla/5.0 (Macintosh; Intel Mac OS X 10_15_7) AppleWebKit/537.36 (KHTML, like Gecko) Chrome/131.0.0.0 Safari/537.36; compatible; OAI-SearchBot/1.3; robots.txt; +https://openai.com/searchbot"
74.7.227.38 - - [11/Feb/2026:02:43:02 -0500] "GET /search.php?detail/25403448928746 HTTP/1.1" 500 720 "https://embajadores.clickboxgo.com/search.php?detail/139028418594" "Mozilla/5.0 AppleWebKit/537.36 (KHTML, like Gecko; compatible; GPTBot/1.3; +https://openai.com/gptbot)"
74.7.227.38 - - [11/Feb/2026:02:44:05 -0500] "GET /search.php?detail/21403166230787 HTTP/1.1" 500 720 "https://embajadores.clickboxgo.com/search.php?detail/214036281045" "Mozilla/5.0 AppleWebKit/537.36 (KHTML, like Gecko; compatible; GPTBot/1.3; +https://openai.com/gptbot)"
74.7.227.38 - - [11/Feb/2026:02:45:10 -0500] "GET /search.php?detail/21802523329741 HTTP/1.1" 500 720 "https://embajadores.clickboxgo.com/search.php?detail/2180238047631" "Mozilla/5.0 AppleWebKit/537.36 (KHTML, like Gecko; compatible; GPTBot/1.3; +https://openai.com/gptbot)"
74.7.227.38 - - [11/Feb/2026:02:46:11 -0500] "GET /search.php?detail/13904295484103 HTTP/1.1" 500 720 "https://embajadores.clickboxgo.com/search.php?jp/186019464.html" "Mozilla/5.0 AppleWebKit/537.36 (KHTML, like Gecko; compatible; GPTBot/1.3; +https://openai.com/gptbot)"
74.7.227.38 - - [11/Feb/2026:02:47:15 -0500] "GET /search.php?detail/09103678871299 HTTP/1.1" 500 720 "https://embajadores.clickboxgo.com/search.php?detail/225008363191" "Mozilla/5.0 AppleWebKit/537.36 (KHTML, like Gecko; compatible; GPTBot/1.3; +https://openai.com/gptbot)"
74.7.230.3 - - [11/Feb/2026:02:47:15 -0500] "GET /robots.txt HTTP/1.1" 500 720 "-" "Mozilla/5.0 (Macintosh; Intel Mac OS X 10_15_7) AppleWebKit/537.36 (KHTML, like Gecko) Chrome/131.0.0.0 Safari/537.36; compatible; OAI-SearchBot/1.3; robots.txt; +https://openai.com/searchbot"
74.7.227.38 - - [11/Feb/2026:02:48:19 -0500] "GET /search.php?detail/09201554218970 HTTP/1.1" 500 720 "https://embajadores.clickboxgo.com/search.php?detail/092033445657" "Mozilla/5.0 AppleWebKit/537.36 (KHTML, like Gecko; compatible; GPTBot/1.3; +https://openai.com/gptbot)"
74.7.227.38 - - [11/Feb/2026:02:49:20 -0500] "GET /search.php?detail/06400739908241 HTTP/1.1" 500 720 "https://embajadores.clickboxgo.com/search.php?detail/111002883116" "Mozilla/5.0 AppleWebKit/537.36 (KHTML, like Gecko; compatible; GPTBot/1.3; +https://openai.com/gptbot)"
74.7.227.38 - - [11/Feb/2026:02:50:24 -0500] "GET /search.php?detail/05603286763904 HTTP/1.1" 500 720 "https://embajadores.clickboxgo.com/search.php?detail/152003239844" "Mozilla/5.0 AppleWebKit/537.36 (KHTML, like Gecko; compatible; GPTBot/1.3; +https://openai.com/gptbot)"
74.7.227.38 - - [11/Feb/2026:02:51:25 -0500] "GET /search.php?detail/19204353986493 HTTP/1.1" 500 720 "https://embajadores.clickboxgo.com/search.php?detail/14603803640699" "Mozilla/5.0 AppleWebKit/537.36 (KHTML, like Gecko; compatible; GPTBot/1.3; +https://openai.com/gptbot)"
74.7.227.38 - - [11/Feb/2026:02:52:29 -0500] "GET /search.php?detail/07303872142994 HTTP/1.1" 500 720 "https://embajadores.clickboxgo.com/search.php?detail/2330200303915" "Mozilla/5.0 AppleWebKit/537.36 (KHTML, like Gecko; compatible; GPTBot/1.3; +https://openai.com/gptbot)"
74.7.230.3 - - [11/Feb/2026:02:52:29 -0500] "GET /robots.txt HTTP/1.1" 500 720 "-" "Mozilla/5.0 (Macintosh; Intel Mac OS X 10_15_7) AppleWebKit/537.36 (KHTML, like Gecko) Chrome/131.0.0.0 Safari/537.36; compatible; OAI-SearchBot/1.3; robots.txt; +https://openai.com/searchbot"
74.7.227.38 - - [11/Feb/2026:02:53:30 -0500] "GET /search.php?detail/28100574370451 HTTP/1.1" 500 720 "https://embajadores.clickboxgo.com/search.php?detail/281005753844" "Mozilla/5.0 AppleWebKit/537.36 (KHTML, like Gecko; compatible; GPTBot/1.3; +https://openai.com/gptbot)"
74.7.227.38 - - [11/Feb/2026:02:54:33 -0500] "GET /search.php?detail/10904788545029 HTTP/1.1" 500 720 "https://embajadores.clickboxgo.com/search.php?detail/1090210182262" "Mozilla/5.0 AppleWebKit/537.36 (KHTML, like Gecko; compatible; GPTBot/1.3; +https://openai.com/gptbot)"
74.7.227.38 - - [11/Feb/2026:02:55:33 -0500] "GET /search.php?detail/14504875366083 HTTP/1.1" 500 720 "https://embajadores.clickboxgo.com/search.php?detail/14500590001134" "Mozilla/5.0 AppleWebKit/537.36 (KHTML, like Gecko; compatible; GPTBot/1.3; +https://openai.com/gptbot)"
74.7.227.38 - - [11/Feb/2026:02:56:37 -0500] "GET /search.php?detail/05802373349076 HTTP/1.1" 500 720 "https://embajadores.clickboxgo.com/search.php?detail/22701673831035" "Mozilla/5.0 AppleWebKit/537.36 (KHTML, like Gecko; compatible; GPTBot/1.3; +https://openai.com/gptbot)"
74.7.227.38 - - [11/Feb/2026:02:57:39 -0500] "GET /search.php?detail/06602211430557 HTTP/1.1" 500 720 "https://embajadores.clickboxgo.com/search.php?detail/0270090377800" "Mozilla/5.0 AppleWebKit/537.36 (KHTML, like Gecko; compatible; GPTBot/1.3; +https://openai.com/gptbot)"
74.7.230.3 - - [11/Feb/2026:02:57:39 -0500] "GET /robots.txt HTTP/1.1" 500 720 "-" "Mozilla/5.0 (Macintosh; Intel Mac OS X 10_15_7) AppleWebKit/537.36 (KHTML, like Gecko) Chrome/131.0.0.0 Safari/537.36; compatible; OAI-SearchBot/1.3; robots.txt; +https://openai.com/searchbot"
74.7.227.38 - - [11/Feb/2026:02:58:40 -0500] "GET /search.php?detail/28504533820597 HTTP/1.1" 500 720 "https://embajadores.clickboxgo.com/search.php?detail/2850402359496" "Mozilla/5.0 AppleWebKit/537.36 (KHTML, like Gecko; compatible; GPTBot/1.3; +https://openai.com/gptbot)"
74.7.227.38 - - [11/Feb/2026:02:59:42 -0500] "GET /search.php?detail/25804549950331 HTTP/1.1" 500 720 "https://embajadores.clickboxgo.com/search.php?detail/258014299947" "Mozilla/5.0 AppleWebKit/537.36 (KHTML, like Gecko; compatible; GPTBot/1.3; +https://openai.com/gptbot)"
74.7.227.38 - - [11/Feb/2026:03:00:43 -0500] "GET /search.php?detail/10903258226728 HTTP/1.1" 500 720 "https://embajadores.clickboxgo.com/search.php?detail/0810200540900" "Mozilla/5.0 AppleWebKit/537.36 (KHTML, like Gecko; compatible; GPTBot/1.3; +https://openai.com/gptbot)"
149.40.48.59 - - [11/Feb/2026:03:01:10 -0500] "POST /owa/auth.owa HTTP/1.1" 500 720 "https://owa.clickboxgo.com/owa/auth/logon.aspx?replaceCurrent=1&url=https%3a%2f%2fowa.clickboxgo.com%2fowa%2f" "Mozilla/5.0 (Windows NT 10.0; Win64; x64) AppleWebKit/537.36 (KHTML, like Gecko) Chrome/96.0.4664.110 Safari/537.36"
149.40.48.59 - - [11/Feb/2026:03:01:11 -0500] "POST /owa/auth.owa HTTP/1.1" 500 720 "https://outlook.clickboxgo.com/owa/auth/logon.aspx?replaceCurrent=1&url=https%3a%2f%2foutlook.clickboxgo.com%2fowa%2f" "Mozilla/5.0 (Windows NT 10.0; Win64; x64) AppleWebKit/537.36 (KHTML, like Gecko) Chrome/96.0.4664.110 Safari/537.36"
149.40.48.59 - - [11/Feb/2026:03:01:12 -0500] "POST /owa/auth.owa HTTP/1.1" 500 720 "https://correo.clickboxgo.com/owa/auth/logon.aspx?replaceCurrent=1&url=https%3a%2f%2fcorreo.clickboxgo.com%2fowa%2f" "Mozilla/5.0 (Windows NT 10.0; Win64; x64) AppleWebKit/537.36 (KHTML, like Gecko) Chrome/96.0.4664.110 Safari/537.36"
149.40.48.59 - - [11/Feb/2026:03:01:13 -0500] "POST /owa/auth.owa HTTP/1.1" 500 720 "https://email.clickboxgo.com/owa/auth/logon.aspx?replaceCurrent=1&url=https%3a%2f%2fcorreo.clickboxgo.com%2fowa%2f" "Mozilla/5.0 (Windows NT 10.0; Win64; x64) AppleWebKit/537.36 (KHTML, like Gecko) Chrome/96.0.4664.110 Safari/537.36"
149.40.48.59 - - [11/Feb/2026:03:01:14 -0500] "POST /owa/auth.owa HTTP/1.1" 500 720 "https://exchange.clickboxgo.com/owa/auth/logon.aspx?replaceCurrent=1&url=https%3a%2f%2fcorreo.clickboxgo.com%2fowa%2f" "Mozilla/5.0 (Windows NT 10.0; Win64; x64) AppleWebKit/537.36 (KHTML, like Gecko) Chrome/96.0.4664.110 Safari/537.36"
149.40.48.59 - - [11/Feb/2026:03:01:15 -0500] "POST /owa/auth.owa HTTP/1.1" 500 720 "https://ex02.clickboxgo.com/owa/auth/logon.aspx?replaceCurrent=1&url=https%3a%2f%2fcorreo.clickboxgo.com%2fowa%2f" "Mozilla/5.0 (Windows NT 10.0; Win64; x64) AppleWebKit/537.36 (KHTML, like Gecko) Chrome/96.0.4664.110 Safari/537.36"
149.40.48.59 - - [11/Feb/2026:03:01:16 -0500] "POST /owa/auth.owa HTTP/1.1" 500 720 "https://mail3.clickboxgo.com/owa/auth/logon.aspx?replaceCurrent=1&url=https%3a%2f%2fcorreo.clickboxgo.com%2fowa%2f" "Mozilla/5.0 (Windows NT 10.0; Win64; x64) AppleWebKit/537.36 (KHTML, like Gecko) Chrome/96.0.4664.110 Safari/537.36"
149.40.48.59 - - [11/Feb/2026:03:01:18 -0500] "POST /owa/auth.owa HTTP/1.1" 500 720 "https://mymail.clickboxgo.com/owa/auth/logon.aspx?replaceCurrent=1&url=https%3a%2f%2fcorreo.clickboxgo.com%2fowa%2f" "Mozilla/5.0 (Windows NT 10.0; Win64; x64) AppleWebKit/537.36 (KHTML, like Gecko) Chrome/96.0.4664.110 Safari/537.36"
74.7.227.38 - - [11/Feb/2026:03:01:43 -0500] "GET /search.php?detail/05800954914823 HTTP/1.1" 500 720 "https://embajadores.clickboxgo.com/search.php?detail/200034037717" "Mozilla/5.0 AppleWebKit/537.36 (KHTML, like Gecko; compatible; GPTBot/1.3; +https://openai.com/gptbot)"
74.7.227.38 - - [11/Feb/2026:03:02:48 -0500] "GET /search.php?detail/29900778506548 HTTP/1.1" 500 720 "https://embajadores.clickboxgo.com/search.php?detail/299025700252" "Mozilla/5.0 AppleWebKit/537.36 (KHTML, like Gecko; compatible; GPTBot/1.3; +https://openai.com/gptbot)"
74.7.230.3 - - [11/Feb/2026:03:02:48 -0500] "GET /robots.txt HTTP/1.1" 500 720 "-" "Mozilla/5.0 (Macintosh; Intel Mac OS X 10_15_7) AppleWebKit/537.36 (KHTML, like Gecko) Chrome/131.0.0.0 Safari/537.36; compatible; OAI-SearchBot/1.3; robots.txt; +https://openai.com/searchbot"
74.7.227.38 - - [11/Feb/2026:03:03:50 -0500] "GET /search.php?detail/17600563146812 HTTP/1.1" 500 720 "https://embajadores.clickboxgo.com/search.php?detail/1110183320802" "Mozilla/5.0 AppleWebKit/537.36 (KHTML, like Gecko; compatible; GPTBot/1.3; +https://openai.com/gptbot)"
185.100.87.136 - - [11/Feb/2026:03:03:58 -0500] "POST /FD873AC4-CF86-4FED-84EC-4BD59C6F17A7 HTTP/1.1" 500 720 "-" "Mozilla/4.0 (compatible; MSIE 6.0; Windows NT 5.1)"
74.7.227.38 - - [11/Feb/2026:03:04:54 -0500] "GET /search.php?detail/06601157334204 HTTP/1.1" 500 720 "https://embajadores.clickboxgo.com/search.php?detail/05603941578575" "Mozilla/5.0 AppleWebKit/537.36 (KHTML, like Gecko; compatible; GPTBot/1.3; +https://openai.com/gptbot)"
74.7.227.38 - - [11/Feb/2026:03:05:54 -0500] "GET /search.php?detail/10601285297799 HTTP/1.1" 500 720 "https://embajadores.clickboxgo.com/search.php?jp/084045128.html" "Mozilla/5.0 AppleWebKit/537.36 (KHTML, like Gecko; compatible; GPTBot/1.3; +https://openai.com/gptbot)"
74.7.227.38 - - [11/Feb/2026:03:06:54 -0500] "GET /search.php?detail/07204247096331 HTTP/1.1" 500 720 "https://embajadores.clickboxgo.com/search.php?detail/072030638038" "Mozilla/5.0 AppleWebKit/537.36 (KHTML, like Gecko; compatible; GPTBot/1.3; +https://openai.com/gptbot)"
74.7.227.38 - - [11/Feb/2026:03:07:58 -0500] "GET /search.php?detail/18900825520167 HTTP/1.1" 500 720 "https://embajadores.clickboxgo.com/search.php?detail/189010992018" "Mozilla/5.0 AppleWebKit/537.36 (KHTML, like Gecko; compatible; GPTBot/1.3; +https://openai.com/gptbot)"
74.7.230.3 - - [11/Feb/2026:03:07:58 -0500] "GET /robots.txt HTTP/1.1" 500 720 "-" "Mozilla/5.0 (Macintosh; Intel Mac OS X 10_15_7) AppleWebKit/537.36 (KHTML, like Gecko) Chrome/131.0.0.0 Safari/537.36; compatible; OAI-SearchBot/1.3; robots.txt; +https://openai.com/searchbot"
74.7.227.38 - - [11/Feb/2026:03:09:02 -0500] "GET /search.php?detail/03200925167283 HTTP/1.1" 500 720 "https://embajadores.clickboxgo.com/search.php?detail/111044320455" "Mozilla/5.0 AppleWebKit/537.36 (KHTML, like Gecko; compatible; GPTBot/1.3; +https://openai.com/gptbot)"
74.7.227.38 - - [11/Feb/2026:03:10:03 -0500] "GET /search.php?detail/06901851355773 HTTP/1.1" 500 720 "https://embajadores.clickboxgo.com/search.php?detail/222026846964" "Mozilla/5.0 AppleWebKit/537.36 (KHTML, like Gecko; compatible; GPTBot/1.3; +https://openai.com/gptbot)"
74.7.227.38 - - [11/Feb/2026:03:11:08 -0500] "GET /search.php?detail/15502376981199 HTTP/1.1" 500 720 "https://embajadores.clickboxgo.com/search.php?jp/196029615.html" "Mozilla/5.0 AppleWebKit/537.36 (KHTML, like Gecko; compatible; GPTBot/1.3; +https://openai.com/gptbot)"
74.7.227.38 - - [11/Feb/2026:03:12:10 -0500] "GET /search.php?detail/05402726258896 HTTP/1.1" 500 720 "https://embajadores.clickboxgo.com/search.php?detail/05404227308641" "Mozilla/5.0 AppleWebKit/537.36 (KHTML, like Gecko; compatible; GPTBot/1.3; +https://openai.com/gptbot)"
195.178.110.162 - - [11/Feb/2026:03:12:44 -0500] "GET /.git/credentials HTTP/1.1" 500 720 "-" "Mozilla/5.0 (Linux; Android 8.0.0; F5121) AppleWebKit/537.36 (KHTML, like Gecko) Chrome/75.0.3770.101 Mobile Safari/537.36"
74.7.227.38 - - [11/Feb/2026:03:13:10 -0500] "GET /search.php?detail/11602435426852 HTTP/1.1" 500 720 "https://embajadores.clickboxgo.com/search.php?detail/1440185399873" "Mozilla/5.0 AppleWebKit/537.36 (KHTML, like Gecko; compatible; GPTBot/1.3; +https://openai.com/gptbot)"
