74.7.243.237 - - [10/Feb/2026:20:46:32 -0500] "GET /search.php?detail/19200710653851 HTTP/1.1" 500 720 "https://embajadores.clickboxgo.com/search.php?detail/192024068717" "Mozilla/5.0 AppleWebKit/537.36 (KHTML, like Gecko; compatible; GPTBot/1.3; +https://openai.com/gptbot)"
74.7.243.237 - - [10/Feb/2026:20:47:37 -0500] "GET /search.php?detail/13203833784925 HTTP/1.1" 500 720 "https://embajadores.clickboxgo.com/search.php?detail/13200469304176" "Mozilla/5.0 AppleWebKit/537.36 (KHTML, like Gecko; compatible; GPTBot/1.3; +https://openai.com/gptbot)"
74.7.243.237 - - [10/Feb/2026:20:48:42 -0500] "GET /search.php?detail/06801571952829 HTTP/1.1" 500 720 "https://embajadores.clickboxgo.com/search.php?detail/06801116315551" "Mozilla/5.0 AppleWebKit/537.36 (KHTML, like Gecko; compatible; GPTBot/1.3; +https://openai.com/gptbot)"
74.7.243.237 - - [10/Feb/2026:20:49:44 -0500] "GET /search.php?detail/08603912732806 HTTP/1.1" 500 720 "https://embajadores.clickboxgo.com/search.php?detail/2010208142104" "Mozilla/5.0 AppleWebKit/537.36 (KHTML, like Gecko; compatible; GPTBot/1.3; +https://openai.com/gptbot)"
74.7.243.237 - - [10/Feb/2026:20:50:49 -0500] "GET /search.php?detail/24200993478750 HTTP/1.1" 500 720 "https://embajadores.clickboxgo.com/search.php?detail/017011040822" "Mozilla/5.0 AppleWebKit/537.36 (KHTML, like Gecko; compatible; GPTBot/1.3; +https://openai.com/gptbot)"
74.7.230.50 - - [10/Feb/2026:20:50:49 -0500] "GET /robots.txt HTTP/1.1" 500 720 "-" "Mozilla/5.0 (Macintosh; Intel Mac OS X 10_15_7) AppleWebKit/537.36 (KHTML, like Gecko) Chrome/131.0.0.0 Safari/537.36; compatible; OAI-SearchBot/1.3; robots.txt; +https://openai.com/searchbot"
74.7.243.237 - - [10/Feb/2026:20:51:53 -0500] "GET /search.php?detail/17204734064832 HTTP/1.1" 500 720 "https://embajadores.clickboxgo.com/search.php?detail/23402319420651" "Mozilla/5.0 AppleWebKit/537.36 (KHTML, like Gecko; compatible; GPTBot/1.3; +https://openai.com/gptbot)"
104.244.74.96 - - [10/Feb/2026:20:55:16 -0500] "GET /wp-login.php HTTP/1.1" 500 720 "-" "Mozilla/5.0 (Macintosh; Intel Mac OS X 10_9_4 AppleWebKit/537.36 (KHTML, like Gecko) Chrome/36.0.1985.125 Safari/537.36"
203.27.106.91 - - [10/Feb/2026:20:55:50 -0500] "POST /owa/auth.owa HTTP/1.1" 500 720 "https://owa.clickboxgo.com/owa/auth/logon.aspx?replaceCurrent=1&url=https%3a%2f%2fowa.clickboxgo.com%2fowa%2f" "Mozilla/5.0 (Windows NT 10.0; Win64; x64) AppleWebKit/537.36 (KHTML, like Gecko) Chrome/96.0.4664.110 Safari/537.36"
203.27.106.91 - - [10/Feb/2026:20:55:51 -0500] "POST /owa/auth.owa HTTP/1.1" 500 720 "https://outlook.clickboxgo.com/owa/auth/logon.aspx?replaceCurrent=1&url=https%3a%2f%2foutlook.clickboxgo.com%2fowa%2f" "Mozilla/5.0 (Windows NT 10.0; Win64; x64) AppleWebKit/537.36 (KHTML, like Gecko) Chrome/96.0.4664.110 Safari/537.36"
203.27.106.91 - - [10/Feb/2026:20:55:52 -0500] "POST /owa/auth.owa HTTP/1.1" 500 720 "https://correo.clickboxgo.com/owa/auth/logon.aspx?replaceCurrent=1&url=https%3a%2f%2fcorreo.clickboxgo.com%2fowa%2f" "Mozilla/5.0 (Windows NT 10.0; Win64; x64) AppleWebKit/537.36 (KHTML, like Gecko) Chrome/96.0.4664.110 Safari/537.36"
203.27.106.91 - - [10/Feb/2026:20:55:53 -0500] "POST /owa/auth.owa HTTP/1.1" 500 720 "https://email.clickboxgo.com/owa/auth/logon.aspx?replaceCurrent=1&url=https%3a%2f%2fcorreo.clickboxgo.com%2fowa%2f" "Mozilla/5.0 (Windows NT 10.0; Win64; x64) AppleWebKit/537.36 (KHTML, like Gecko) Chrome/96.0.4664.110 Safari/537.36"
203.27.106.91 - - [10/Feb/2026:20:55:54 -0500] "POST /owa/auth.owa HTTP/1.1" 500 720 "https://exchange.clickboxgo.com/owa/auth/logon.aspx?replaceCurrent=1&url=https%3a%2f%2fcorreo.clickboxgo.com%2fowa%2f" "Mozilla/5.0 (Windows NT 10.0; Win64; x64) AppleWebKit/537.36 (KHTML, like Gecko) Chrome/96.0.4664.110 Safari/537.36"
203.27.106.91 - - [10/Feb/2026:20:55:56 -0500] "POST /owa/auth.owa HTTP/1.1" 500 720 "https://ex02.clickboxgo.com/owa/auth/logon.aspx?replaceCurrent=1&url=https%3a%2f%2fcorreo.clickboxgo.com%2fowa%2f" "Mozilla/5.0 (Windows NT 10.0; Win64; x64) AppleWebKit/537.36 (KHTML, like Gecko) Chrome/96.0.4664.110 Safari/537.36"
203.27.106.91 - - [10/Feb/2026:20:55:58 -0500] "POST /owa/auth.owa HTTP/1.1" 500 720 "https://mail3.clickboxgo.com/owa/auth/logon.aspx?replaceCurrent=1&url=https%3a%2f%2fcorreo.clickboxgo.com%2fowa%2f" "Mozilla/5.0 (Windows NT 10.0; Win64; x64) AppleWebKit/537.36 (KHTML, like Gecko) Chrome/96.0.4664.110 Safari/537.36"
203.27.106.91 - - [10/Feb/2026:20:55:59 -0500] "POST /owa/auth.owa HTTP/1.1" 500 720 "https://mymail.clickboxgo.com/owa/auth/logon.aspx?replaceCurrent=1&url=https%3a%2f%2fcorreo.clickboxgo.com%2fowa%2f" "Mozilla/5.0 (Windows NT 10.0; Win64; x64) AppleWebKit/537.36 (KHTML, like Gecko) Chrome/96.0.4664.110 Safari/537.36"
37.187.28.212 - - [10/Feb/2026:20:58:59 -0500] "GET / HTTP/1.0" 500 720 "https://forum.clickboxgo.com/" "Mozilla/5.0 (Windows NT 10.0; Win64; x64) AppleWebKit/537.36 (KHTML, like Gecko) Chrome/130.0.0.0 Safari/537.36"
35.187.31.145 - - [10/Feb/2026:21:01:02 -0500] "GET / HTTP/1.1" 500 720 "-" "python-requests/2.32.5"
16.144.17.106 - - [10/Feb/2026:21:07:10 -0500] "GET / HTTP/1.1" 500 720 "-" "Mozilla/5.0 (X11; Linux i686) AppleWebKit/537.36 (KHTML, like Gecko) Ubuntu Chromium/60.0.3112.78 Chrome/60.0.3112.78 Safari/537.36"
137.74.97.133 - - [10/Feb/2026:21:07:44 -0500] "GET / HTTP/1.0" 500 720 "-" "Mozilla/5.0 (Macintosh; Intel Mac OS X 10_15_7; rv:95.0) Gecko/20100101 Firefox/95.0"
74.7.230.3 - - [10/Feb/2026:21:21:06 -0500] "GET /robots.txt HTTP/1.1" 500 720 "-" "Mozilla/5.0 (Macintosh; Intel Mac OS X 10_15_7) AppleWebKit/537.36 (KHTML, like Gecko) Chrome/131.0.0.0 Safari/537.36; compatible; OAI-SearchBot/1.3; robots.txt; +https://openai.com/searchbot"
74.7.227.38 - - [10/Feb/2026:21:21:13 -0500] "GET /search.php?detail/11802975093127 HTTP/1.1" 500 720 "https://embajadores.clickboxgo.com/search.php?detail/118002021326" "Mozilla/5.0 AppleWebKit/537.36 (KHTML, like Gecko; compatible; GPTBot/1.3; +https://openai.com/gptbot)"
74.7.227.38 - - [10/Feb/2026:21:21:17 -0500] "GET /search.php?detail/24502931128472 HTTP/1.1" 500 720 "https://embajadores.clickboxgo.com/search.php?detail/111033231649" "Mozilla/5.0 AppleWebKit/537.36 (KHTML, like Gecko; compatible; GPTBot/1.3; +https://openai.com/gptbot)"
74.7.227.38 - - [10/Feb/2026:21:21:23 -0500] "GET /search.php?detail/16203743635569 HTTP/1.1" 500 720 "https://embajadores.clickboxgo.com/search.php?jp/272040901.html" "Mozilla/5.0 AppleWebKit/537.36 (KHTML, like Gecko; compatible; GPTBot/1.3; +https://openai.com/gptbot)"
74.7.227.38 - - [10/Feb/2026:21:21:51 -0500] "GET /search.php?detail/26201775215369 HTTP/1.1" 500 720 "https://embajadores.clickboxgo.com/search.php?detail/2620065469062" "Mozilla/5.0 AppleWebKit/537.36 (KHTML, like Gecko; compatible; GPTBot/1.3; +https://openai.com/gptbot)"
74.7.227.38 - - [10/Feb/2026:21:22:51 -0500] "GET /search.php?detail/09602106734899 HTTP/1.1" 500 720 "https://embajadores.clickboxgo.com/search.php?jp/083045729.html" "Mozilla/5.0 AppleWebKit/537.36 (KHTML, like Gecko; compatible; GPTBot/1.3; +https://openai.com/gptbot)"
74.7.227.38 - - [10/Feb/2026:21:23:56 -0500] "GET /search.php?detail/12202975924083 HTTP/1.1" 500 720 "https://embajadores.clickboxgo.com/search.php?detail/1220492333412" "Mozilla/5.0 AppleWebKit/537.36 (KHTML, like Gecko; compatible; GPTBot/1.3; +https://openai.com/gptbot)"
74.7.227.38 - - [10/Feb/2026:21:24:59 -0500] "GET /search.php?detail/14504361957763 HTTP/1.1" 500 720 "https://embajadores.clickboxgo.com/search.php?detail/1450092870083" "Mozilla/5.0 AppleWebKit/537.36 (KHTML, like Gecko; compatible; GPTBot/1.3; +https://openai.com/gptbot)"
74.7.227.38 - - [10/Feb/2026:21:26:01 -0500] "GET /search.php?detail/17204962155609 HTTP/1.1" 500 720 "https://embajadores.clickboxgo.com/search.php?detail/0330375778703" "Mozilla/5.0 AppleWebKit/537.36 (KHTML, like Gecko; compatible; GPTBot/1.3; +https://openai.com/gptbot)"
74.7.227.38 - - [10/Feb/2026:21:27:08 -0500] "GET /search.php?detail/17504965610290 HTTP/1.1" 500 720 "https://embajadores.clickboxgo.com/search.php?detail/1750236074352" "Mozilla/5.0 AppleWebKit/537.36 (KHTML, like Gecko; compatible; GPTBot/1.3; +https://openai.com/gptbot)"
74.7.230.3 - - [10/Feb/2026:21:27:09 -0500] "GET /robots.txt HTTP/1.1" 500 720 "-" "Mozilla/5.0 (Macintosh; Intel Mac OS X 10_15_7) AppleWebKit/537.36 (KHTML, like Gecko) Chrome/131.0.0.0 Safari/537.36; compatible; OAI-SearchBot/1.3; robots.txt; +https://openai.com/searchbot"
74.7.227.38 - - [10/Feb/2026:21:28:12 -0500] "GET /search.php?detail/10402746254856 HTTP/1.1" 500 720 "https://embajadores.clickboxgo.com/search.php?detail/298048541795" "Mozilla/5.0 AppleWebKit/537.36 (KHTML, like Gecko; compatible; GPTBot/1.3; +https://openai.com/gptbot)"
74.7.227.38 - - [10/Feb/2026:21:29:14 -0500] "GET /search.php?detail/10902748954757 HTTP/1.1" 500 720 "https://embajadores.clickboxgo.com/search.php?detail/109042670435" "Mozilla/5.0 AppleWebKit/537.36 (KHTML, like Gecko; compatible; GPTBot/1.3; +https://openai.com/gptbot)"
74.7.227.38 - - [10/Feb/2026:21:30:18 -0500] "GET /search.php?detail/25401674417886 HTTP/1.1" 500 720 "https://embajadores.clickboxgo.com/search.php?detail/2540480299113" "Mozilla/5.0 AppleWebKit/537.36 (KHTML, like Gecko; compatible; GPTBot/1.3; +https://openai.com/gptbot)"
74.7.227.38 - - [10/Feb/2026:21:31:24 -0500] "GET /search.php?detail/13203971473505 HTTP/1.1" 500 720 "https://embajadores.clickboxgo.com/search.php?detail/1320397055166" "Mozilla/5.0 AppleWebKit/537.36 (KHTML, like Gecko; compatible; GPTBot/1.3; +https://openai.com/gptbot)"
74.7.227.38 - - [10/Feb/2026:21:32:26 -0500] "GET /search.php?detail/25302657037940 HTTP/1.1" 500 720 "https://embajadores.clickboxgo.com/search.php?detail/1670308905664" "Mozilla/5.0 AppleWebKit/537.36 (KHTML, like Gecko; compatible; GPTBot/1.3; +https://openai.com/gptbot)"
74.7.230.3 - - [10/Feb/2026:21:32:26 -0500] "GET /robots.txt HTTP/1.1" 500 720 "-" "Mozilla/5.0 (Macintosh; Intel Mac OS X 10_15_7) AppleWebKit/537.36 (KHTML, like Gecko) Chrome/131.0.0.0 Safari/537.36; compatible; OAI-SearchBot/1.3; robots.txt; +https://openai.com/searchbot"
74.7.227.38 - - [10/Feb/2026:21:33:28 -0500] "GET /search.php?detail/07803582940981 HTTP/1.1" 500 720 "https://embajadores.clickboxgo.com/search.php?detail/20003320778622" "Mozilla/5.0 AppleWebKit/537.36 (KHTML, like Gecko; compatible; GPTBot/1.3; +https://openai.com/gptbot)"
74.7.227.38 - - [10/Feb/2026:21:34:29 -0500] "GET /search.php?detail/04903976525366 HTTP/1.1" 500 720 "https://embajadores.clickboxgo.com/search.php?jp/085021983.html" "Mozilla/5.0 AppleWebKit/537.36 (KHTML, like Gecko; compatible; GPTBot/1.3; +https://openai.com/gptbot)"
74.7.227.38 - - [10/Feb/2026:21:35:34 -0500] "GET /search.php?detail/15300564362831 HTTP/1.1" 500 720 "https://embajadores.clickboxgo.com/search.php?detail/067033649492" "Mozilla/5.0 AppleWebKit/537.36 (KHTML, like Gecko; compatible; GPTBot/1.3; +https://openai.com/gptbot)"
74.7.227.38 - - [10/Feb/2026:21:36:37 -0500] "GET /search.php?detail/16002596286194 HTTP/1.1" 500 720 "https://embajadores.clickboxgo.com/search.php?detail/160030008369" "Mozilla/5.0 AppleWebKit/537.36 (KHTML, like Gecko; compatible; GPTBot/1.3; +https://openai.com/gptbot)"
74.7.227.38 - - [10/Feb/2026:21:37:37 -0500] "GET /search.php?detail/16102691157832 HTTP/1.1" 500 720 "https://embajadores.clickboxgo.com/search.php?detail/1610151341071" "Mozilla/5.0 AppleWebKit/537.36 (KHTML, like Gecko; compatible; GPTBot/1.3; +https://openai.com/gptbot)"
74.7.230.3 - - [10/Feb/2026:21:37:37 -0500] "GET /robots.txt HTTP/1.1" 500 720 "-" "Mozilla/5.0 (Macintosh; Intel Mac OS X 10_15_7) AppleWebKit/537.36 (KHTML, like Gecko) Chrome/131.0.0.0 Safari/537.36; compatible; OAI-SearchBot/1.3; robots.txt; +https://openai.com/searchbot"
74.7.227.38 - - [10/Feb/2026:21:38:42 -0500] "GET /search.php?detail/14203094926167 HTTP/1.1" 500 720 "https://embajadores.clickboxgo.com/search.php?detail/142000878884" "Mozilla/5.0 AppleWebKit/537.36 (KHTML, like Gecko; compatible; GPTBot/1.3; +https://openai.com/gptbot)"
74.7.227.38 - - [10/Feb/2026:21:39:43 -0500] "GET /search.php?detail/28802311599072 HTTP/1.1" 500 720 "https://embajadores.clickboxgo.com/search.php?detail/1680443361797" "Mozilla/5.0 AppleWebKit/537.36 (KHTML, like Gecko; compatible; GPTBot/1.3; +https://openai.com/gptbot)"
74.7.227.38 - - [10/Feb/2026:21:40:47 -0500] "GET /search.php?detail/03201457699007 HTTP/1.1" 500 720 "https://embajadores.clickboxgo.com/search.php?detail/032045432453" "Mozilla/5.0 AppleWebKit/537.36 (KHTML, like Gecko; compatible; GPTBot/1.3; +https://openai.com/gptbot)"
74.7.227.38 - - [10/Feb/2026:21:41:47 -0500] "GET /search.php?detail/16002414287257 HTTP/1.1" 500 720 "https://embajadores.clickboxgo.com/search.php?detail/16003962852242" "Mozilla/5.0 AppleWebKit/537.36 (KHTML, like Gecko; compatible; GPTBot/1.3; +https://openai.com/gptbot)"
74.7.227.38 - - [10/Feb/2026:21:42:51 -0500] "GET /search.php?detail/24703850560933 HTTP/1.1" 500 720 "https://embajadores.clickboxgo.com/search.php?detail/1300074917119" "Mozilla/5.0 AppleWebKit/537.36 (KHTML, like Gecko; compatible; GPTBot/1.3; +https://openai.com/gptbot)"
173.249.3.160 - - [10/Feb/2026:21:42:52 -0500] "GET / HTTP/1.1" 500 720 "-" "Mozilla/5.0 (Windows NT 10.0; Win64; x64) AppleWebKit/537.36"
74.7.230.3 - - [10/Feb/2026:21:42:52 -0500] "GET /robots.txt HTTP/1.1" 500 720 "-" "Mozilla/5.0 (Macintosh; Intel Mac OS X 10_15_7) AppleWebKit/537.36 (KHTML, like Gecko) Chrome/131.0.0.0 Safari/537.36; compatible; OAI-SearchBot/1.3; robots.txt; +https://openai.com/searchbot"
173.249.3.160 - - [10/Feb/2026:21:42:55 -0500] "GET / HTTP/1.1" 500 720 "-" "Mozilla/5.0 (Windows NT 10.0; Win64; x64) AppleWebKit/537.36"
173.249.3.160 - - [10/Feb/2026:21:42:58 -0500] "GET / HTTP/1.1" 500 720 "-" "Mozilla/5.0 (Windows NT 10.0; Win64; x64) AppleWebKit/537.36"
74.7.227.38 - - [10/Feb/2026:21:43:52 -0500] "GET /search.php?detail/02701458576753 HTTP/1.1" 500 720 "https://embajadores.clickboxgo.com/search.php?goods/154032256" "Mozilla/5.0 AppleWebKit/537.36 (KHTML, like Gecko; compatible; GPTBot/1.3; +https://openai.com/gptbot)"
74.7.227.38 - - [10/Feb/2026:21:44:55 -0500] "GET /search.php?detail/23600307425486 HTTP/1.1" 500 720 "https://embajadores.clickboxgo.com/search.php?detail/1110336934430" "Mozilla/5.0 AppleWebKit/537.36 (KHTML, like Gecko; compatible; GPTBot/1.3; +https://openai.com/gptbot)"
74.7.227.38 - - [10/Feb/2026:21:45:57 -0500] "GET /search.php?detail/06100943867504 HTTP/1.1" 500 720 "https://embajadores.clickboxgo.com/search.php?detail/255020919440" "Mozilla/5.0 AppleWebKit/537.36 (KHTML, like Gecko; compatible; GPTBot/1.3; +https://openai.com/gptbot)"
74.7.227.38 - - [10/Feb/2026:21:46:59 -0500] "GET /search.php?detail/06803205940891 HTTP/1.1" 500 720 "https://embajadores.clickboxgo.com/search.php?detail/30001857693967" "Mozilla/5.0 AppleWebKit/537.36 (KHTML, like Gecko; compatible; GPTBot/1.3; +https://openai.com/gptbot)"
74.7.227.38 - - [10/Feb/2026:21:47:59 -0500] "GET /search.php?detail/14501329009848 HTTP/1.1" 500 720 "https://embajadores.clickboxgo.com/search.php?detail/282025314267" "Mozilla/5.0 AppleWebKit/537.36 (KHTML, like Gecko; compatible; GPTBot/1.3; +https://openai.com/gptbot)"
74.7.230.3 - - [10/Feb/2026:21:47:59 -0500] "GET /robots.txt HTTP/1.1" 500 720 "-" "Mozilla/5.0 (Macintosh; Intel Mac OS X 10_15_7) AppleWebKit/537.36 (KHTML, like Gecko) Chrome/131.0.0.0 Safari/537.36; compatible; OAI-SearchBot/1.3; robots.txt; +https://openai.com/searchbot"
74.7.227.38 - - [10/Feb/2026:21:49:00 -0500] "GET /search.php?detail/23901412565294 HTTP/1.1" 500 720 "https://embajadores.clickboxgo.com/search.php?detail/239022264007" "Mozilla/5.0 AppleWebKit/537.36 (KHTML, like Gecko; compatible; GPTBot/1.3; +https://openai.com/gptbot)"
20.221.72.24 - - [10/Feb/2026:21:49:15 -0500] "GET / HTTP/1.0" 500 - "-" "-"
45.227.253.15 - - [10/Feb/2026:21:49:45 -0500] "GET /cpanel_official/cpanel_official/cpanel_official/cpanel_official/index.php?ARRAY=7o2230223n313737303738323039322p2231223n22687474703n5p2s5p2s7n733739347631336o6s2r7275737465732r6p6s6p5p2s3s6p633q7068705s636s64655s6n6326743q313737303737383439322q6233646235356337323035353861356139376439363535303762336164343937222p2232223n226133366234613762643764313765626261373063613834643762333566303266222p2233223n223330383332396133393332633765343031373463343963326233323930333265222p2262696r675s70617373223n2233302q33372q35372q36312q37362q38392q3130227q HTTP/1.1" 500 720 "-" "Mozilla/5.0 (Macintosh; Intel Mac OS X 10.15; rv:82.0) Gecko/20100101 Firefox/82.0"
74.7.227.38 - - [10/Feb/2026:21:50:02 -0500] "GET /search.php?detail/02903153665424 HTTP/1.1" 500 720 "https://embajadores.clickboxgo.com/search.php?detail/029030376451" "Mozilla/5.0 AppleWebKit/537.36 (KHTML, like Gecko; compatible; GPTBot/1.3; +https://openai.com/gptbot)"
74.7.227.38 - - [10/Feb/2026:21:51:03 -0500] "GET /search.php?detail/05702607383651 HTTP/1.1" 500 720 "https://embajadores.clickboxgo.com/search.php?detail/2220446524050" "Mozilla/5.0 AppleWebKit/537.36 (KHTML, like Gecko; compatible; GPTBot/1.3; +https://openai.com/gptbot)"
74.7.227.38 - - [10/Feb/2026:21:52:04 -0500] "GET /search.php?detail/22501757690946 HTTP/1.1" 500 720 "https://embajadores.clickboxgo.com/search.php?detail/287041649207" "Mozilla/5.0 AppleWebKit/537.36 (KHTML, like Gecko; compatible; GPTBot/1.3; +https://openai.com/gptbot)"
74.7.227.38 - - [10/Feb/2026:21:53:07 -0500] "GET /search.php?detail/02001740858296 HTTP/1.1" 500 720 "https://embajadores.clickboxgo.com/search.php?detail/24100364829136" "Mozilla/5.0 AppleWebKit/537.36 (KHTML, like Gecko; compatible; GPTBot/1.3; +https://openai.com/gptbot)"
74.7.230.3 - - [10/Feb/2026:21:53:08 -0500] "GET /robots.txt HTTP/1.1" 500 720 "-" "Mozilla/5.0 (Macintosh; Intel Mac OS X 10_15_7) AppleWebKit/537.36 (KHTML, like Gecko) Chrome/131.0.0.0 Safari/537.36; compatible; OAI-SearchBot/1.3; robots.txt; +https://openai.com/searchbot"
74.7.227.38 - - [10/Feb/2026:21:54:12 -0500] "GET /search.php?detail/20504314802366 HTTP/1.1" 500 720 "https://embajadores.clickboxgo.com/search.php?detail/029046092923" "Mozilla/5.0 AppleWebKit/537.36 (KHTML, like Gecko; compatible; GPTBot/1.3; +https://openai.com/gptbot)"
107.189.14.99 - - [10/Feb/2026:21:54:36 -0500] "GET /wp-login.php HTTP/1.1" 500 720 "-" "Mozilla/5.0 (Windows NT 6.1; WOW64) AppleWebKit/537.36 (KHTML, like Gecko) Chrome/36.0.1985.125 Safari/537.36"
74.7.227.38 - - [10/Feb/2026:21:55:12 -0500] "GET /search.php?detail/14504228308436 HTTP/1.1" 500 720 "https://embajadores.clickboxgo.com/search.php?detail/28803997679147" "Mozilla/5.0 AppleWebKit/537.36 (KHTML, like Gecko; compatible; GPTBot/1.3; +https://openai.com/gptbot)"
74.7.227.38 - - [10/Feb/2026:21:56:18 -0500] "GET /search.php?detail/14100423056392 HTTP/1.1" 500 720 "https://embajadores.clickboxgo.com/search.php?detail/141027689753" "Mozilla/5.0 AppleWebKit/537.36 (KHTML, like Gecko; compatible; GPTBot/1.3; +https://openai.com/gptbot)"
74.7.227.38 - - [10/Feb/2026:21:57:21 -0500] "GET /search.php?detail/25502486396409 HTTP/1.1" 500 720 "https://embajadores.clickboxgo.com/search.php?detail/255022747552" "Mozilla/5.0 AppleWebKit/537.36 (KHTML, like Gecko; compatible; GPTBot/1.3; +https://openai.com/gptbot)"
74.7.227.38 - - [10/Feb/2026:21:58:24 -0500] "GET /search.php?detail/28902372146494 HTTP/1.1" 500 720 "https://embajadores.clickboxgo.com/search.php?detail/078007572080" "Mozilla/5.0 AppleWebKit/537.36 (KHTML, like Gecko; compatible; GPTBot/1.3; +https://openai.com/gptbot)"
74.7.230.3 - - [10/Feb/2026:21:58:25 -0500] "GET /robots.txt HTTP/1.1" 500 720 "-" "Mozilla/5.0 (Macintosh; Intel Mac OS X 10_15_7) AppleWebKit/537.36 (KHTML, like Gecko) Chrome/131.0.0.0 Safari/537.36; compatible; OAI-SearchBot/1.3; robots.txt; +https://openai.com/searchbot"
74.7.227.38 - - [10/Feb/2026:21:59:25 -0500] "GET /search.php?detail/20402867958970 HTTP/1.1" 500 720 "https://embajadores.clickboxgo.com/search.php?detail/1090012281512" "Mozilla/5.0 AppleWebKit/537.36 (KHTML, like Gecko; compatible; GPTBot/1.3; +https://openai.com/gptbot)"
47.251.13.59 - - [10/Feb/2026:21:59:32 -0500] "GET /dns-query?dns=GrABAAABAAAAAAAAATEEb2RucwFtCmRuc21lYXN1cmUDdG9wAAABAAE HTTP/1.1" 500 720 "-" "Go-http-client/1.1"
74.7.227.38 - - [10/Feb/2026:22:00:29 -0500] "GET /search.php?detail/10401525479433 HTTP/1.1" 500 720 "https://embajadores.clickboxgo.com/search.php?detail/100026178828" "Mozilla/5.0 AppleWebKit/537.36 (KHTML, like Gecko; compatible; GPTBot/1.3; +https://openai.com/gptbot)"
93.123.109.131 - - [10/Feb/2026:22:01:04 -0500] "CONNECT sni-api.furry.ist:443 HTTP/1.1" 500 720 "-" "Mozilla/5.0 (Windows NT 10.0; Win64; x64) AppleWebKit/537.36 (KHTML, like Gecko) Chrome/144.0.0.0 Safari/537.36"
74.7.227.38 - - [10/Feb/2026:22:01:30 -0500] "GET /search.php?detail/29502007819676 HTTP/1.1" 500 720 "https://embajadores.clickboxgo.com/search.php?detail/057015558526" "Mozilla/5.0 AppleWebKit/537.36 (KHTML, like Gecko; compatible; GPTBot/1.3; +https://openai.com/gptbot)"
74.7.227.38 - - [10/Feb/2026:22:02:34 -0500] "GET /search.php?detail/12803710263505 HTTP/1.1" 500 720 "https://embajadores.clickboxgo.com/search.php?detail/128034649906" "Mozilla/5.0 AppleWebKit/537.36 (KHTML, like Gecko; compatible; GPTBot/1.3; +https://openai.com/gptbot)"
74.7.227.38 - - [10/Feb/2026:22:03:39 -0500] "GET /search.php?detail/08801792135116 HTTP/1.1" 500 720 "https://embajadores.clickboxgo.com/search.php?detail/088003970058" "Mozilla/5.0 AppleWebKit/537.36 (KHTML, like Gecko; compatible; GPTBot/1.3; +https://openai.com/gptbot)"
74.7.230.3 - - [10/Feb/2026:22:03:39 -0500] "GET /robots.txt HTTP/1.1" 500 720 "-" "Mozilla/5.0 (Macintosh; Intel Mac OS X 10_15_7) AppleWebKit/537.36 (KHTML, like Gecko) Chrome/131.0.0.0 Safari/537.36; compatible; OAI-SearchBot/1.3; robots.txt; +https://openai.com/searchbot"
74.7.227.38 - - [10/Feb/2026:22:04:45 -0500] "GET /search.php?detail/14103874254358 HTTP/1.1" 500 720 "https://embajadores.clickboxgo.com/search.php?detail/051012839356" "Mozilla/5.0 AppleWebKit/537.36 (KHTML, like Gecko; compatible; GPTBot/1.3; +https://openai.com/gptbot)"
74.7.227.38 - - [10/Feb/2026:22:05:48 -0500] "GET /search.php?detail/27100433803696 HTTP/1.1" 500 720 "https://embajadores.clickboxgo.com/search.php?detail/030033106415" "Mozilla/5.0 AppleWebKit/537.36 (KHTML, like Gecko; compatible; GPTBot/1.3; +https://openai.com/gptbot)"
74.7.227.38 - - [10/Feb/2026:22:06:47 -0500] "GET /search.php?detail/12604595575347 HTTP/1.1" 500 720 "https://embajadores.clickboxgo.com/search.php?detail/1260479579832" "Mozilla/5.0 AppleWebKit/537.36 (KHTML, like Gecko; compatible; GPTBot/1.3; +https://openai.com/gptbot)"
74.7.227.38 - - [10/Feb/2026:22:07:51 -0500] "GET /search.php?detail/27101563380725 HTTP/1.1" 500 720 "https://embajadores.clickboxgo.com/search.php?detail/1830113322338" "Mozilla/5.0 AppleWebKit/537.36 (KHTML, like Gecko; compatible; GPTBot/1.3; +https://openai.com/gptbot)"
74.7.227.38 - - [10/Feb/2026:22:08:57 -0500] "GET /search.php?detail/15602254638441 HTTP/1.1" 500 720 "https://embajadores.clickboxgo.com/search.php?detail/2940204420253" "Mozilla/5.0 AppleWebKit/537.36 (KHTML, like Gecko; compatible; GPTBot/1.3; +https://openai.com/gptbot)"
74.7.230.3 - - [10/Feb/2026:22:08:57 -0500] "GET /robots.txt HTTP/1.1" 500 720 "-" "Mozilla/5.0 (Macintosh; Intel Mac OS X 10_15_7) AppleWebKit/537.36 (KHTML, like Gecko) Chrome/131.0.0.0 Safari/537.36; compatible; OAI-SearchBot/1.3; robots.txt; +https://openai.com/searchbot"
74.7.227.38 - - [10/Feb/2026:22:09:57 -0500] "GET /search.php?detail/05703435896673 HTTP/1.1" 500 720 "https://embajadores.clickboxgo.com/search.php?detail/0570100068906" "Mozilla/5.0 AppleWebKit/537.36 (KHTML, like Gecko; compatible; GPTBot/1.3; +https://openai.com/gptbot)"
74.7.227.38 - - [10/Feb/2026:22:10:59 -0500] "GET /search.php?detail/15103204139671 HTTP/1.1" 500 720 "https://embajadores.clickboxgo.com/search.php?detail/0910249099770" "Mozilla/5.0 AppleWebKit/537.36 (KHTML, like Gecko; compatible; GPTBot/1.3; +https://openai.com/gptbot)"
74.7.227.38 - - [10/Feb/2026:22:12:01 -0500] "GET /search.php?detail/18401259391755 HTTP/1.1" 500 720 "https://embajadores.clickboxgo.com/search.php?detail/184020003294" "Mozilla/5.0 AppleWebKit/537.36 (KHTML, like Gecko; compatible; GPTBot/1.3; +https://openai.com/gptbot)"
74.7.227.38 - - [10/Feb/2026:22:13:03 -0500] "GET /search.php?detail/24903863199695 HTTP/1.1" 500 720 "https://embajadores.clickboxgo.com/search.php?detail/273014704829" "Mozilla/5.0 AppleWebKit/537.36 (KHTML, like Gecko; compatible; GPTBot/1.3; +https://openai.com/gptbot)"
74.7.227.38 - - [10/Feb/2026:22:14:06 -0500] "GET /search.php?detail/18001975284092 HTTP/1.1" 500 720 "https://embajadores.clickboxgo.com/search.php?jp/220020900.html" "Mozilla/5.0 AppleWebKit/537.36 (KHTML, like Gecko; compatible; GPTBot/1.3; +https://openai.com/gptbot)"
74.7.227.38 - - [10/Feb/2026:22:15:11 -0500] "GET /search.php?detail/17004234996741 HTTP/1.1" 500 720 "https://embajadores.clickboxgo.com/search.php?detail/11101600655271" "Mozilla/5.0 AppleWebKit/537.36 (KHTML, like Gecko; compatible; GPTBot/1.3; +https://openai.com/gptbot)"
74.7.227.38 - - [10/Feb/2026:22:16:16 -0500] "GET /search.php?detail/15804470733722 HTTP/1.1" 500 720 "https://embajadores.clickboxgo.com/search.php?detail/156041670539" "Mozilla/5.0 AppleWebKit/537.36 (KHTML, like Gecko; compatible; GPTBot/1.3; +https://openai.com/gptbot)"
74.7.227.38 - - [10/Feb/2026:22:17:19 -0500] "GET /search.php?detail/01004818776236 HTTP/1.1" 500 720 "https://embajadores.clickboxgo.com/search.php?detail/010004867520" "Mozilla/5.0 AppleWebKit/537.36 (KHTML, like Gecko; compatible; GPTBot/1.3; +https://openai.com/gptbot)"
74.7.227.38 - - [10/Feb/2026:22:18:24 -0500] "GET /search.php?detail/19901363287960 HTTP/1.1" 500 720 "https://embajadores.clickboxgo.com/search.php?detail/170019958526" "Mozilla/5.0 AppleWebKit/537.36 (KHTML, like Gecko; compatible; GPTBot/1.3; +https://openai.com/gptbot)"
74.7.227.38 - - [10/Feb/2026:22:19:26 -0500] "GET /search.php?detail/01003904578466 HTTP/1.1" 500 720 "https://embajadores.clickboxgo.com/search.php?jp/229035342.html" "Mozilla/5.0 AppleWebKit/537.36 (KHTML, like Gecko; compatible; GPTBot/1.3; +https://openai.com/gptbot)"
160.187.210.192 - - [10/Feb/2026:22:19:39 -0500] "POST / HTTP/1.1" 500 720 "-" "python-requests/2.32.5"
16.144.17.106 - - [10/Feb/2026:22:19:39 -0500] "GET / HTTP/1.1" 500 720 "-" "Mozilla/5.0 (Macintosh; Intel Mac OS X 10_13_6) AppleWebKit/537.36 (KHTML, like Gecko) Chrome/75.0.3770.142 Safari/537.36"
74.7.227.38 - - [10/Feb/2026:22:20:27 -0500] "GET /search.php?detail/14903295447230 HTTP/1.1" 500 720 "https://embajadores.clickboxgo.com/search.php?goods/149032954" "Mozilla/5.0 AppleWebKit/537.36 (KHTML, like Gecko; compatible; GPTBot/1.3; +https://openai.com/gptbot)"
74.7.227.38 - - [10/Feb/2026:22:21:33 -0500] "GET /search.php?detail/16703229855005 HTTP/1.1" 500 720 "https://embajadores.clickboxgo.com/search.php?detail/167000340093" "Mozilla/5.0 AppleWebKit/537.36 (KHTML, like Gecko; compatible; GPTBot/1.3; +https://openai.com/gptbot)"
185.241.208.170 - - [10/Feb/2026:22:22:06 -0500] "GET /.git/HEAD HTTP/1.1" 500 720 "-" "SearchExpress"
74.7.227.38 - - [10/Feb/2026:22:22:37 -0500] "GET /search.php?detail/26301765113404 HTTP/1.1" 500 720 "https://embajadores.clickboxgo.com/search.php?goods/263043756" "Mozilla/5.0 AppleWebKit/537.36 (KHTML, like Gecko; compatible; GPTBot/1.3; +https://openai.com/gptbot)"
74.7.227.38 - - [10/Feb/2026:22:23:40 -0500] "GET /search.php?detail/17101872925689 HTTP/1.1" 500 720 "https://embajadores.clickboxgo.com/search.php?detail/166028164188" "Mozilla/5.0 AppleWebKit/537.36 (KHTML, like Gecko; compatible; GPTBot/1.3; +https://openai.com/gptbot)"
74.7.227.38 - - [10/Feb/2026:22:24:44 -0500] "GET /search.php?detail/15201140828993 HTTP/1.1" 500 720 "https://embajadores.clickboxgo.com/search.php?detail/120002403119" "Mozilla/5.0 AppleWebKit/537.36 (KHTML, like Gecko; compatible; GPTBot/1.3; +https://openai.com/gptbot)"
74.7.230.3 - - [10/Feb/2026:22:24:44 -0500] "GET /robots.txt HTTP/1.1" 500 720 "-" "Mozilla/5.0 (Macintosh; Intel Mac OS X 10_15_7) AppleWebKit/537.36 (KHTML, like Gecko) Chrome/131.0.0.0 Safari/537.36; compatible; OAI-SearchBot/1.3; robots.txt; +https://openai.com/searchbot"
74.7.227.38 - - [10/Feb/2026:22:25:49 -0500] "GET /search.php?detail/05604420278129 HTTP/1.1" 500 720 "https://embajadores.clickboxgo.com/search.php?goods/056044202" "Mozilla/5.0 AppleWebKit/537.36 (KHTML, like Gecko; compatible; GPTBot/1.3; +https://openai.com/gptbot)"
74.7.227.38 - - [10/Feb/2026:22:26:51 -0500] "GET /search.php?detail/18503013625768 HTTP/1.1" 500 720 "https://embajadores.clickboxgo.com/search.php?detail/185016395943" "Mozilla/5.0 AppleWebKit/537.36 (KHTML, like Gecko; compatible; GPTBot/1.3; +https://openai.com/gptbot)"
74.7.227.38 - - [10/Feb/2026:22:27:55 -0500] "GET /search.php?detail/09602804867324 HTTP/1.1" 500 720 "https://embajadores.clickboxgo.com/search.php?goods/198017765" "Mozilla/5.0 AppleWebKit/537.36 (KHTML, like Gecko; compatible; GPTBot/1.3; +https://openai.com/gptbot)"
74.7.227.38 - - [10/Feb/2026:22:28:59 -0500] "GET /search.php?detail/06201770411953 HTTP/1.1" 500 720 "https://embajadores.clickboxgo.com/search.php?detail/300041800580" "Mozilla/5.0 AppleWebKit/537.36 (KHTML, like Gecko; compatible; GPTBot/1.3; +https://openai.com/gptbot)"
74.7.227.38 - - [10/Feb/2026:22:30:00 -0500] "GET /search.php?detail/29700638142088 HTTP/1.1" 500 720 "https://embajadores.clickboxgo.com/search.php?detail/1030356165335" "Mozilla/5.0 AppleWebKit/537.36 (KHTML, like Gecko; compatible; GPTBot/1.3; +https://openai.com/gptbot)"
74.7.230.3 - - [10/Feb/2026:22:30:00 -0500] "GET /robots.txt HTTP/1.1" 500 720 "-" "Mozilla/5.0 (Macintosh; Intel Mac OS X 10_15_7) AppleWebKit/537.36 (KHTML, like Gecko) Chrome/131.0.0.0 Safari/537.36; compatible; OAI-SearchBot/1.3; robots.txt; +https://openai.com/searchbot"
74.7.227.38 - - [10/Feb/2026:22:31:03 -0500] "GET /search.php?detail/15103179870416 HTTP/1.1" 500 720 "https://embajadores.clickboxgo.com/search.php?detail/072001231241" "Mozilla/5.0 AppleWebKit/537.36 (KHTML, like Gecko; compatible; GPTBot/1.3; +https://openai.com/gptbot)"
74.7.227.38 - - [10/Feb/2026:22:32:08 -0500] "GET /search.php?detail/14702835106120 HTTP/1.1" 500 720 "https://embajadores.clickboxgo.com/search.php?detail/073028630954" "Mozilla/5.0 AppleWebKit/537.36 (KHTML, like Gecko; compatible; GPTBot/1.3; +https://openai.com/gptbot)"
74.7.227.38 - - [10/Feb/2026:22:33:10 -0500] "GET /search.php?detail/09500657298836 HTTP/1.1" 500 720 "https://embajadores.clickboxgo.com/search.php?detail/08402547949668" "Mozilla/5.0 AppleWebKit/537.36 (KHTML, like Gecko; compatible; GPTBot/1.3; +https://openai.com/gptbot)"
74.7.227.38 - - [10/Feb/2026:22:34:11 -0500] "GET /search.php?detail/11003094664882 HTTP/1.1" 500 720 "https://embajadores.clickboxgo.com/search.php?detail/1100064154135" "Mozilla/5.0 AppleWebKit/537.36 (KHTML, like Gecko; compatible; GPTBot/1.3; +https://openai.com/gptbot)"
74.7.227.38 - - [10/Feb/2026:22:35:12 -0500] "GET /search.php?detail/23603566168472 HTTP/1.1" 500 720 "https://embajadores.clickboxgo.com/search.php?detail/282026201612" "Mozilla/5.0 AppleWebKit/537.36 (KHTML, like Gecko; compatible; GPTBot/1.3; +https://openai.com/gptbot)"
74.7.230.3 - - [10/Feb/2026:22:35:13 -0500] "GET /robots.txt HTTP/1.1" 500 720 "-" "Mozilla/5.0 (Macintosh; Intel Mac OS X 10_15_7) AppleWebKit/537.36 (KHTML, like Gecko) Chrome/131.0.0.0 Safari/537.36; compatible; OAI-SearchBot/1.3; robots.txt; +https://openai.com/searchbot"
74.7.227.38 - - [10/Feb/2026:22:36:17 -0500] "GET /search.php?detail/06003185527465 HTTP/1.1" 500 720 "https://embajadores.clickboxgo.com/search.php?detail/0600015401316" "Mozilla/5.0 AppleWebKit/537.36 (KHTML, like Gecko; compatible; GPTBot/1.3; +https://openai.com/gptbot)"
74.7.227.38 - - [10/Feb/2026:22:37:20 -0500] "GET /search.php?detail/19502171103683 HTTP/1.1" 500 720 "https://embajadores.clickboxgo.com/search.php?detail/195047934708" "Mozilla/5.0 AppleWebKit/537.36 (KHTML, like Gecko; compatible; GPTBot/1.3; +https://openai.com/gptbot)"
74.7.227.38 - - [10/Feb/2026:22:38:23 -0500] "GET /search.php?detail/05001488756491 HTTP/1.1" 500 720 "https://embajadores.clickboxgo.com/search.php?detail/036006356370" "Mozilla/5.0 AppleWebKit/537.36 (KHTML, like Gecko; compatible; GPTBot/1.3; +https://openai.com/gptbot)"
74.7.227.38 - - [10/Feb/2026:22:39:23 -0500] "GET /search.php?detail/25603482896380 HTTP/1.1" 500 720 "https://embajadores.clickboxgo.com/search.php?detail/2560136084158" "Mozilla/5.0 AppleWebKit/537.36 (KHTML, like Gecko; compatible; GPTBot/1.3; +https://openai.com/gptbot)"
74.7.227.38 - - [10/Feb/2026:22:40:26 -0500] "GET /search.php?detail/09600298232571 HTTP/1.1" 500 720 "https://embajadores.clickboxgo.com/search.php?detail/033020242744" "Mozilla/5.0 AppleWebKit/537.36 (KHTML, like Gecko; compatible; GPTBot/1.3; +https://openai.com/gptbot)"
74.7.230.3 - - [10/Feb/2026:22:40:26 -0500] "GET /robots.txt HTTP/1.1" 500 720 "-" "Mozilla/5.0 (Macintosh; Intel Mac OS X 10_15_7) AppleWebKit/537.36 (KHTML, like Gecko) Chrome/131.0.0.0 Safari/537.36; compatible; OAI-SearchBot/1.3; robots.txt; +https://openai.com/searchbot"
74.7.227.38 - - [10/Feb/2026:22:41:29 -0500] "GET /search.php?detail/16302861915359 HTTP/1.1" 500 720 "https://embajadores.clickboxgo.com/search.php?detail/227032491826" "Mozilla/5.0 AppleWebKit/537.36 (KHTML, like Gecko; compatible; GPTBot/1.3; +https://openai.com/gptbot)"
74.7.227.38 - - [10/Feb/2026:22:42:29 -0500] "GET /search.php?detail/18401163497454 HTTP/1.1" 500 720 "https://embajadores.clickboxgo.com/search.php?detail/1840253966627" "Mozilla/5.0 AppleWebKit/537.36 (KHTML, like Gecko; compatible; GPTBot/1.3; +https://openai.com/gptbot)"
74.7.227.38 - - [10/Feb/2026:22:43:32 -0500] "GET /search.php?detail/17704628234312 HTTP/1.1" 500 720 "https://embajadores.clickboxgo.com/search.php?detail/01800333174318" "Mozilla/5.0 AppleWebKit/537.36 (KHTML, like Gecko; compatible; GPTBot/1.3; +https://openai.com/gptbot)"
74.7.227.38 - - [10/Feb/2026:22:44:36 -0500] "GET /search.php?detail/29103826452432 HTTP/1.1" 500 720 "https://embajadores.clickboxgo.com/search.php?detail/0020039522527" "Mozilla/5.0 AppleWebKit/537.36 (KHTML, like Gecko; compatible; GPTBot/1.3; +https://openai.com/gptbot)"
74.7.227.38 - - [10/Feb/2026:22:45:39 -0500] "GET /search.php?detail/00403867660251 HTTP/1.1" 500 720 "https://embajadores.clickboxgo.com/search.php?detail/00402067362274" "Mozilla/5.0 AppleWebKit/537.36 (KHTML, like Gecko; compatible; GPTBot/1.3; +https://openai.com/gptbot)"
74.7.230.3 - - [10/Feb/2026:22:45:39 -0500] "GET /robots.txt HTTP/1.1" 500 720 "-" "Mozilla/5.0 (Macintosh; Intel Mac OS X 10_15_7) AppleWebKit/537.36 (KHTML, like Gecko) Chrome/131.0.0.0 Safari/537.36; compatible; OAI-SearchBot/1.3; robots.txt; +https://openai.com/searchbot"
74.7.227.38 - - [10/Feb/2026:22:46:46 -0500] "GET /search.php?detail/17003861632508 HTTP/1.1" 500 720 "https://embajadores.clickboxgo.com/search.php?detail/173004002744" "Mozilla/5.0 AppleWebKit/537.36 (KHTML, like Gecko; compatible; GPTBot/1.3; +https://openai.com/gptbot)"
74.7.227.38 - - [10/Feb/2026:22:47:48 -0500] "GET /search.php?detail/16402438520068 HTTP/1.1" 500 720 "https://embajadores.clickboxgo.com/search.php?jp/164024397.html" "Mozilla/5.0 AppleWebKit/537.36 (KHTML, like Gecko; compatible; GPTBot/1.3; +https://openai.com/gptbot)"
74.7.227.38 - - [10/Feb/2026:22:48:51 -0500] "GET /search.php?detail/09300681929759 HTTP/1.1" 500 720 "https://embajadores.clickboxgo.com/search.php?detail/093005057340" "Mozilla/5.0 AppleWebKit/537.36 (KHTML, like Gecko; compatible; GPTBot/1.3; +https://openai.com/gptbot)"
74.7.227.38 - - [10/Feb/2026:22:49:53 -0500] "GET /search.php?detail/22403861132984 HTTP/1.1" 500 720 "https://embajadores.clickboxgo.com/search.php?detail/022007474214" "Mozilla/5.0 AppleWebKit/537.36 (KHTML, like Gecko; compatible; GPTBot/1.3; +https://openai.com/gptbot)"
74.7.227.38 - - [10/Feb/2026:22:50:58 -0500] "GET /search.php?detail/19202707412553 HTTP/1.1" 500 720 "https://embajadores.clickboxgo.com/search.php?detail/192027076443" "Mozilla/5.0 AppleWebKit/537.36 (KHTML, like Gecko; compatible; GPTBot/1.3; +https://openai.com/gptbot)"
74.7.230.3 - - [10/Feb/2026:22:50:59 -0500] "GET /robots.txt HTTP/1.1" 500 720 "-" "Mozilla/5.0 (Macintosh; Intel Mac OS X 10_15_7) AppleWebKit/537.36 (KHTML, like Gecko) Chrome/131.0.0.0 Safari/537.36; compatible; OAI-SearchBot/1.3; robots.txt; +https://openai.com/searchbot"
74.7.227.38 - - [10/Feb/2026:22:51:59 -0500] "GET /search.php?detail/15901448921772 HTTP/1.1" 500 720 "https://embajadores.clickboxgo.com/search.php?detail/129019780325" "Mozilla/5.0 AppleWebKit/537.36 (KHTML, like Gecko; compatible; GPTBot/1.3; +https://openai.com/gptbot)"
45.146.54.104 - - [10/Feb/2026:22:52:41 -0500] "GET / HTTP/1.1" 500 720 "-" "Mozilla/5.0 (Windows NT 10.0; Win64; x64) AppleWebKit/537.36 (KHTML, like Gecko) Chrome/115.0.0.0 Safari/537.36 Edg/115.0.1901.203"
74.7.227.38 - - [10/Feb/2026:22:53:04 -0500] "GET /search.php?detail/21503161967108 HTTP/1.1" 500 720 "https://embajadores.clickboxgo.com/search.php?detail/177000180949" "Mozilla/5.0 AppleWebKit/537.36 (KHTML, like Gecko; compatible; GPTBot/1.3; +https://openai.com/gptbot)"
74.7.227.38 - - [10/Feb/2026:22:54:05 -0500] "GET /search.php?detail/01700308823954 HTTP/1.1" 500 720 "https://embajadores.clickboxgo.com/search.php?detail/037000900468" "Mozilla/5.0 AppleWebKit/537.36 (KHTML, like Gecko; compatible; GPTBot/1.3; +https://openai.com/gptbot)"
167.94.138.116 - - [10/Feb/2026:22:54:47 -0500] "GET / HTTP/1.1" 500 720 "-" "Mozilla/5.0 (compatible; CensysInspect/1.1; +https://about.censys.io/)"
74.7.227.38 - - [10/Feb/2026:22:55:11 -0500] "GET /search.php?detail/01704439725076 HTTP/1.1" 500 720 "https://embajadores.clickboxgo.com/search.php?detail/2830174923704" "Mozilla/5.0 AppleWebKit/537.36 (KHTML, like Gecko; compatible; GPTBot/1.3; +https://openai.com/gptbot)"
74.7.227.38 - - [10/Feb/2026:22:56:16 -0500] "GET /search.php?detail/07402875821948 HTTP/1.1" 500 720 "https://embajadores.clickboxgo.com/search.php?detail/0080406007799" "Mozilla/5.0 AppleWebKit/537.36 (KHTML, like Gecko; compatible; GPTBot/1.3; +https://openai.com/gptbot)"
74.7.230.3 - - [10/Feb/2026:22:56:17 -0500] "GET /robots.txt HTTP/1.1" 500 720 "-" "Mozilla/5.0 (Macintosh; Intel Mac OS X 10_15_7) AppleWebKit/537.36 (KHTML, like Gecko) Chrome/131.0.0.0 Safari/537.36; compatible; OAI-SearchBot/1.3; robots.txt; +https://openai.com/searchbot"
167.94.138.116 - - [10/Feb/2026:22:57:01 -0500] "GET /login HTTP/1.1" 500 720 "-" "Mozilla/5.0 (compatible; CensysInspect/1.1; +https://about.censys.io/)"
74.7.227.38 - - [10/Feb/2026:22:57:22 -0500] "GET /search.php?detail/13202573990610 HTTP/1.1" 500 720 "https://embajadores.clickboxgo.com/search.php?detail/040012271622" "Mozilla/5.0 AppleWebKit/537.36 (KHTML, like Gecko; compatible; GPTBot/1.3; +https://openai.com/gptbot)"
74.7.227.38 - - [10/Feb/2026:22:58:25 -0500] "GET /search.php?detail/26804212537172 HTTP/1.1" 500 720 "https://embajadores.clickboxgo.com/search.php?detail/26802644730969" "Mozilla/5.0 AppleWebKit/537.36 (KHTML, like Gecko; compatible; GPTBot/1.3; +https://openai.com/gptbot)"
74.7.227.38 - - [10/Feb/2026:22:59:26 -0500] "GET /search.php?detail/17901186225144 HTTP/1.1" 500 720 "https://embajadores.clickboxgo.com/search.php?detail/222034796004" "Mozilla/5.0 AppleWebKit/537.36 (KHTML, like Gecko; compatible; GPTBot/1.3; +https://openai.com/gptbot)"
74.7.227.38 - - [10/Feb/2026:23:00:26 -0500] "GET /search.php?detail/03301425974955 HTTP/1.1" 500 720 "https://embajadores.clickboxgo.com/search.php?detail/033014200302" "Mozilla/5.0 AppleWebKit/537.36 (KHTML, like Gecko; compatible; GPTBot/1.3; +https://openai.com/gptbot)"
74.7.227.38 - - [10/Feb/2026:23:01:29 -0500] "GET /search.php?detail/17802551073843 HTTP/1.1" 500 720 "https://embajadores.clickboxgo.com/search.php?detail/178013278534" "Mozilla/5.0 AppleWebKit/537.36 (KHTML, like Gecko; compatible; GPTBot/1.3; +https://openai.com/gptbot)"
74.7.230.3 - - [10/Feb/2026:23:01:29 -0500] "GET /robots.txt HTTP/1.1" 500 720 "-" "Mozilla/5.0 (Macintosh; Intel Mac OS X 10_15_7) AppleWebKit/537.36 (KHTML, like Gecko) Chrome/131.0.0.0 Safari/537.36; compatible; OAI-SearchBot/1.3; robots.txt; +https://openai.com/searchbot"
74.7.227.38 - - [10/Feb/2026:23:02:30 -0500] "GET /search.php?detail/27702955147286 HTTP/1.1" 500 720 "https://embajadores.clickboxgo.com/search.php?detail/289031486765" "Mozilla/5.0 AppleWebKit/537.36 (KHTML, like Gecko; compatible; GPTBot/1.3; +https://openai.com/gptbot)"
74.7.227.38 - - [10/Feb/2026:23:03:35 -0500] "GET /search.php?detail/19100672946628 HTTP/1.1" 500 720 "https://embajadores.clickboxgo.com/search.php?detail/1910244260001" "Mozilla/5.0 AppleWebKit/537.36 (KHTML, like Gecko; compatible; GPTBot/1.3; +https://openai.com/gptbot)"
74.7.227.38 - - [10/Feb/2026:23:04:36 -0500] "GET /search.php?detail/11203506426772 HTTP/1.1" 500 720 "https://embajadores.clickboxgo.com/search.php?detail/175007165151" "Mozilla/5.0 AppleWebKit/537.36 (KHTML, like Gecko; compatible; GPTBot/1.3; +https://openai.com/gptbot)"
74.7.227.38 - - [10/Feb/2026:23:05:40 -0500] "GET /search.php?detail/26301548028227 HTTP/1.1" 500 720 "https://embajadores.clickboxgo.com/search.php?detail/22201599936348" "Mozilla/5.0 AppleWebKit/537.36 (KHTML, like Gecko; compatible; GPTBot/1.3; +https://openai.com/gptbot)"
74.7.227.38 - - [10/Feb/2026:23:06:44 -0500] "GET /search.php?detail/13002923896446 HTTP/1.1" 500 720 "https://embajadores.clickboxgo.com/search.php?jp/195019847.html" "Mozilla/5.0 AppleWebKit/537.36 (KHTML, like Gecko; compatible; GPTBot/1.3; +https://openai.com/gptbot)"
74.7.230.3 - - [10/Feb/2026:23:06:44 -0500] "GET /robots.txt HTTP/1.1" 500 720 "-" "Mozilla/5.0 (Macintosh; Intel Mac OS X 10_15_7) AppleWebKit/537.36 (KHTML, like Gecko) Chrome/131.0.0.0 Safari/537.36; compatible; OAI-SearchBot/1.3; robots.txt; +https://openai.com/searchbot"
74.7.227.38 - - [10/Feb/2026:23:07:48 -0500] "GET /search.php?detail/12801398750059 HTTP/1.1" 500 720 "https://embajadores.clickboxgo.com/search.php?detail/1280258474109" "Mozilla/5.0 AppleWebKit/537.36 (KHTML, like Gecko; compatible; GPTBot/1.3; +https://openai.com/gptbot)"
209.141.47.166 - - [10/Feb/2026:23:07:53 -0500] "GET /wp-login.php HTTP/1.1" 500 720 "-" "Mozilla/5.0 (Windows NT 5.1; rv:30.0) Gecko/20100101 Firefox/30.0"
74.7.227.38 - - [10/Feb/2026:23:08:48 -0500] "GET /search.php?detail/15100747936354 HTTP/1.1" 500 720 "https://embajadores.clickboxgo.com/search.php?jp/151037986.html" "Mozilla/5.0 AppleWebKit/537.36 (KHTML, like Gecko; compatible; GPTBot/1.3; +https://openai.com/gptbot)"
74.7.227.38 - - [10/Feb/2026:23:09:52 -0500] "GET /search.php?detail/04602872691194 HTTP/1.1" 500 720 "https://embajadores.clickboxgo.com/search.php?detail/046013297617" "Mozilla/5.0 AppleWebKit/537.36 (KHTML, like Gecko; compatible; GPTBot/1.3; +https://openai.com/gptbot)"
44.201.212.55 - - [10/Feb/2026:23:10:38 -0500] "GET / HTTP/1.1" 500 720 "-" "Mozilla/5.0 (Windows NT 10.0; Win64; x64) AppleWebKit/537.36 (KHTML, like Gecko) Chrome/136.0.0.0 Safari/537.36"
3.90.58.105 - - [10/Feb/2026:23:10:41 -0500] "GET /robots.txt HTTP/1.1" 500 720 "-" "Mozilla/5.0 (Windows NT 10.0; Win64; x64) AppleWebKit/537.36 (KHTML, like Gecko) Chrome/136.0.0.0 Safari/537.36"
74.7.227.38 - - [10/Feb/2026:23:10:52 -0500] "GET /search.php?detail/01403593692116 HTTP/1.1" 500 720 "https://embajadores.clickboxgo.com/search.php?detail/2300219958873" "Mozilla/5.0 AppleWebKit/537.36 (KHTML, like Gecko; compatible; GPTBot/1.3; +https://openai.com/gptbot)"
74.7.227.38 - - [10/Feb/2026:23:11:53 -0500] "GET /search.php?detail/21503324698266 HTTP/1.1" 500 720 "https://embajadores.clickboxgo.com/search.php?detail/2540304912183" "Mozilla/5.0 AppleWebKit/537.36 (KHTML, like Gecko; compatible; GPTBot/1.3; +https://openai.com/gptbot)"
74.7.230.3 - - [10/Feb/2026:23:11:54 -0500] "GET /robots.txt HTTP/1.1" 500 720 "-" "Mozilla/5.0 (Macintosh; Intel Mac OS X 10_15_7) AppleWebKit/537.36 (KHTML, like Gecko) Chrome/131.0.0.0 Safari/537.36; compatible; OAI-SearchBot/1.3; robots.txt; +https://openai.com/searchbot"
74.7.227.38 - - [10/Feb/2026:23:12:54 -0500] "GET /search.php?detail/06900942839781 HTTP/1.1" 500 720 "https://embajadores.clickboxgo.com/search.php?goods/283031577" "Mozilla/5.0 AppleWebKit/537.36 (KHTML, like Gecko; compatible; GPTBot/1.3; +https://openai.com/gptbot)"
74.7.227.38 - - [10/Feb/2026:23:13:55 -0500] "GET /search.php?detail/29803975608337 HTTP/1.1" 500 720 "https://embajadores.clickboxgo.com/search.php?detail/110001966680" "Mozilla/5.0 AppleWebKit/537.36 (KHTML, like Gecko; compatible; GPTBot/1.3; +https://openai.com/gptbot)"
199.45.155.101 - - [10/Feb/2026:23:14:03 -0500] "GET / HTTP/1.1" 500 720 "-" "Mozilla/5.0 (compatible; CensysInspect/1.1; +https://about.censys.io/)"
199.45.155.101 - - [10/Feb/2026:23:14:19 -0500] "GET /login HTTP/1.1" 500 720 "-" "Mozilla/5.0 (compatible; CensysInspect/1.1; +https://about.censys.io/)"
74.7.227.38 - - [10/Feb/2026:23:14:59 -0500] "GET /search.php?detail/07601152462773 HTTP/1.1" 500 720 "https://embajadores.clickboxgo.com/search.php?detail/076011526668" "Mozilla/5.0 AppleWebKit/537.36 (KHTML, like Gecko; compatible; GPTBot/1.3; +https://openai.com/gptbot)"
74.7.227.38 - - [10/Feb/2026:23:16:03 -0500] "GET /search.php?detail/22104250364573 HTTP/1.1" 500 720 "https://embajadores.clickboxgo.com/search.php?detail/20000992295930" "Mozilla/5.0 AppleWebKit/537.36 (KHTML, like Gecko; compatible; GPTBot/1.3; +https://openai.com/gptbot)"
74.7.227.38 - - [10/Feb/2026:23:17:03 -0500] "GET /search.php?detail/12801607304643 HTTP/1.1" 500 720 "https://embajadores.clickboxgo.com/search.php?detail/12802531954449" "Mozilla/5.0 AppleWebKit/537.36 (KHTML, like Gecko; compatible; GPTBot/1.3; +https://openai.com/gptbot)"
74.7.227.38 - - [10/Feb/2026:23:18:13 -0500] "GET /search.php?detail/29503724991713 HTTP/1.1" 500 720 "https://embajadores.clickboxgo.com/search.php?goods/205023200" "Mozilla/5.0 AppleWebKit/537.36 (KHTML, like Gecko; compatible; GPTBot/1.3; +https://openai.com/gptbot)"
74.7.227.38 - - [10/Feb/2026:23:19:11 -0500] "GET /search.php?detail/16704294020965 HTTP/1.1" 500 720 "https://embajadores.clickboxgo.com/search.php?detail/1670429351511" "Mozilla/5.0 AppleWebKit/537.36 (KHTML, like Gecko; compatible; GPTBot/1.3; +https://openai.com/gptbot)"
74.7.227.38 - - [10/Feb/2026:23:20:13 -0500] "GET /search.php?detail/06001309747872 HTTP/1.1" 500 720 "https://embajadores.clickboxgo.com/search.php?goods/060034874" "Mozilla/5.0 AppleWebKit/537.36 (KHTML, like Gecko; compatible; GPTBot/1.3; +https://openai.com/gptbot)"
3.85.160.111 - - [10/Feb/2026:23:20:23 -0500] "GET /favicon.ico HTTP/1.1" 500 720 "-" "Mozilla/5.0 (Windows NT 10.0; Win64; x64) AppleWebKit/537.36 (KHTML, like Gecko) Chrome/136.0.0.0 Safari/537.36"
74.7.227.38 - - [10/Feb/2026:23:21:18 -0500] "GET /search.php?detail/16303986053579 HTTP/1.1" 500 720 "https://embajadores.clickboxgo.com/search.php?detail/224008086728" "Mozilla/5.0 AppleWebKit/537.36 (KHTML, like Gecko; compatible; GPTBot/1.3; +https://openai.com/gptbot)"
74.7.227.38 - - [10/Feb/2026:23:22:21 -0500] "GET /search.php?detail/16600365299581 HTTP/1.1" 500 720 "https://embajadores.clickboxgo.com/search.php?detail/06504679930168" "Mozilla/5.0 AppleWebKit/537.36 (KHTML, like Gecko; compatible; GPTBot/1.3; +https://openai.com/gptbot)"
74.7.227.38 - - [10/Feb/2026:23:23:22 -0500] "GET /search.php?detail/18204924683231 HTTP/1.1" 500 720 "https://embajadores.clickboxgo.com/search.php?detail/01601987144957" "Mozilla/5.0 AppleWebKit/537.36 (KHTML, like Gecko; compatible; GPTBot/1.3; +https://openai.com/gptbot)"
74.7.227.38 - - [10/Feb/2026:23:24:24 -0500] "GET /search.php?detail/22601915779780 HTTP/1.1" 500 720 "https://embajadores.clickboxgo.com/search.php?detail/22303817935017" "Mozilla/5.0 AppleWebKit/537.36 (KHTML, like Gecko; compatible; GPTBot/1.3; +https://openai.com/gptbot)"
74.7.227.38 - - [10/Feb/2026:23:25:26 -0500] "GET /search.php?detail/15304516109242 HTTP/1.1" 500 720 "https://embajadores.clickboxgo.com/search.php?detail/1530374287801" "Mozilla/5.0 AppleWebKit/537.36 (KHTML, like Gecko; compatible; GPTBot/1.3; +https://openai.com/gptbot)"
74.7.227.38 - - [10/Feb/2026:23:26:30 -0500] "GET /search.php?detail/08503909576326 HTTP/1.1" 500 720 "https://embajadores.clickboxgo.com/search.php?detail/085026710009" "Mozilla/5.0 AppleWebKit/537.36 (KHTML, like Gecko; compatible; GPTBot/1.3; +https://openai.com/gptbot)"
74.7.227.38 - - [10/Feb/2026:23:27:35 -0500] "GET /search.php?detail/16303568772078 HTTP/1.1" 500 720 "https://embajadores.clickboxgo.com/search.php?detail/163003884625" "Mozilla/5.0 AppleWebKit/537.36 (KHTML, like Gecko; compatible; GPTBot/1.3; +https://openai.com/gptbot)"
74.7.230.3 - - [10/Feb/2026:23:27:35 -0500] "GET /robots.txt HTTP/1.1" 500 720 "-" "Mozilla/5.0 (Macintosh; Intel Mac OS X 10_15_7) AppleWebKit/537.36 (KHTML, like Gecko) Chrome/131.0.0.0 Safari/537.36; compatible; OAI-SearchBot/1.3; robots.txt; +https://openai.com/searchbot"
74.7.227.38 - - [10/Feb/2026:23:28:39 -0500] "GET /search.php?detail/25203849889754 HTTP/1.1" 500 720 "https://embajadores.clickboxgo.com/search.php?detail/252049361156" "Mozilla/5.0 AppleWebKit/537.36 (KHTML, like Gecko; compatible; GPTBot/1.3; +https://openai.com/gptbot)"
74.7.227.38 - - [10/Feb/2026:23:29:40 -0500] "GET /search.php?detail/08200470953269 HTTP/1.1" 500 720 "https://embajadores.clickboxgo.com/search.php?detail/040001845823" "Mozilla/5.0 AppleWebKit/537.36 (KHTML, like Gecko; compatible; GPTBot/1.3; +https://openai.com/gptbot)"
74.7.227.38 - - [10/Feb/2026:23:30:40 -0500] "GET /search.php?detail/02804794451230 HTTP/1.1" 500 720 "https://embajadores.clickboxgo.com/search.php?detail/0430413648414" "Mozilla/5.0 AppleWebKit/537.36 (KHTML, like Gecko; compatible; GPTBot/1.3; +https://openai.com/gptbot)"
