74.7.227.2 - - [10/Feb/2026:18:04:54 -0500] "GET /search.php?detail/04501923318995 HTTP/1.1" 404 - "https://embajadores.clickboxgo.com/search.php?detail/045004204616" "Mozilla/5.0 AppleWebKit/537.36 (KHTML, like Gecko; compatible; GPTBot/1.3; +https://openai.com/gptbot)"
74.7.227.2 - - [10/Feb/2026:18:05:56 -0500] "GET /search.php?detail/25602745078164 HTTP/1.1" 404 - "https://embajadores.clickboxgo.com/search.php?detail/10804428319533" "Mozilla/5.0 AppleWebKit/537.36 (KHTML, like Gecko; compatible; GPTBot/1.3; +https://openai.com/gptbot)"
74.7.227.2 - - [10/Feb/2026:18:06:59 -0500] "GET /search.php?detail/26001369117783 HTTP/1.1" 404 - "https://embajadores.clickboxgo.com/search.php?detail/216039278603" "Mozilla/5.0 AppleWebKit/537.36 (KHTML, like Gecko; compatible; GPTBot/1.3; +https://openai.com/gptbot)"
74.7.227.2 - - [10/Feb/2026:18:08:01 -0500] "GET /search.php?detail/17204262368780 HTTP/1.1" 404 - "https://embajadores.clickboxgo.com/search.php?detail/172042627641" "Mozilla/5.0 AppleWebKit/537.36 (KHTML, like Gecko; compatible; GPTBot/1.3; +https://openai.com/gptbot)"
74.7.230.50 - - [10/Feb/2026:18:08:02 -0500] "GET /robots.txt HTTP/1.1" 404 - "-" "Mozilla/5.0 (Macintosh; Intel Mac OS X 10_15_7) AppleWebKit/537.36 (KHTML, like Gecko) Chrome/131.0.0.0 Safari/537.36; compatible; OAI-SearchBot/1.3; robots.txt; +https://openai.com/searchbot"
74.7.227.2 - - [10/Feb/2026:18:09:07 -0500] "GET /search.php?detail/29703166502719 HTTP/1.1" 404 - "https://embajadores.clickboxgo.com/search.php?detail/2970300061758" "Mozilla/5.0 AppleWebKit/537.36 (KHTML, like Gecko; compatible; GPTBot/1.3; +https://openai.com/gptbot)"
74.7.227.2 - - [10/Feb/2026:18:10:09 -0500] "GET /search.php?detail/03600217973565 HTTP/1.1" 404 - "https://embajadores.clickboxgo.com/search.php?detail/0360063535150" "Mozilla/5.0 AppleWebKit/537.36 (KHTML, like Gecko; compatible; GPTBot/1.3; +https://openai.com/gptbot)"
74.7.227.2 - - [10/Feb/2026:18:11:12 -0500] "GET /search.php?detail/04101378553482 HTTP/1.1" 404 - "https://embajadores.clickboxgo.com/search.php?detail/110006903806" "Mozilla/5.0 AppleWebKit/537.36 (KHTML, like Gecko; compatible; GPTBot/1.3; +https://openai.com/gptbot)"
74.7.241.160 - - [10/Feb/2026:18:11:34 -0500] "GET /robots.txt HTTP/1.1" 404 - "-" "Mozilla/5.0 (Macintosh; Intel Mac OS X 10_15_7) AppleWebKit/537.36 (KHTML, like Gecko) Chrome/131.0.0.0 Safari/537.36; compatible; OAI-SearchBot/1.3; robots.txt; +https://openai.com/searchbot"
74.7.227.2 - - [10/Feb/2026:18:12:14 -0500] "GET /search.php?detail/03402871054794 HTTP/1.1" 404 - "https://embajadores.clickboxgo.com/search.php?detail/059027566580" "Mozilla/5.0 AppleWebKit/537.36 (KHTML, like Gecko; compatible; GPTBot/1.3; +https://openai.com/gptbot)"
74.7.227.2 - - [10/Feb/2026:18:13:19 -0500] "GET /search.php?detail/03901384515474 HTTP/1.1" 404 - "https://embajadores.clickboxgo.com/search.php?detail/111019812739" "Mozilla/5.0 AppleWebKit/537.36 (KHTML, like Gecko; compatible; GPTBot/1.3; +https://openai.com/gptbot)"
74.7.230.50 - - [10/Feb/2026:18:13:20 -0500] "GET /robots.txt HTTP/1.1" 404 - "-" "Mozilla/5.0 (Macintosh; Intel Mac OS X 10_15_7) AppleWebKit/537.36 (KHTML, like Gecko) Chrome/131.0.0.0 Safari/537.36; compatible; OAI-SearchBot/1.3; robots.txt; +https://openai.com/searchbot"
74.7.227.2 - - [10/Feb/2026:18:14:25 -0500] "GET /search.php?detail/11200479582975 HTTP/1.1" 404 - "https://embajadores.clickboxgo.com/search.php?detail/112023284120" "Mozilla/5.0 AppleWebKit/537.36 (KHTML, like Gecko; compatible; GPTBot/1.3; +https://openai.com/gptbot)"
74.7.227.2 - - [10/Feb/2026:18:15:26 -0500] "GET /search.php?detail/15804748869837 HTTP/1.1" 404 - "https://embajadores.clickboxgo.com/search.php?detail/1580346082612" "Mozilla/5.0 AppleWebKit/537.36 (KHTML, like Gecko; compatible; GPTBot/1.3; +https://openai.com/gptbot)"
74.7.227.2 - - [10/Feb/2026:18:16:27 -0500] "GET /search.php?detail/25504417216648 HTTP/1.1" 404 - "https://embajadores.clickboxgo.com/search.php?detail/2550215280150" "Mozilla/5.0 AppleWebKit/537.36 (KHTML, like Gecko; compatible; GPTBot/1.3; +https://openai.com/gptbot)"
74.7.227.2 - - [10/Feb/2026:18:17:29 -0500] "GET /search.php?detail/26203676914068 HTTP/1.1" 404 - "https://embajadores.clickboxgo.com/search.php?detail/274007128368" "Mozilla/5.0 AppleWebKit/537.36 (KHTML, like Gecko; compatible; GPTBot/1.3; +https://openai.com/gptbot)"
74.7.227.2 - - [10/Feb/2026:18:18:31 -0500] "GET /search.php?detail/17603367539514 HTTP/1.1" 404 - "https://embajadores.clickboxgo.com/search.php?detail/176040769553" "Mozilla/5.0 AppleWebKit/537.36 (KHTML, like Gecko; compatible; GPTBot/1.3; +https://openai.com/gptbot)"
74.7.227.2 - - [10/Feb/2026:18:19:34 -0500] "GET /search.php?detail/26703354863457 HTTP/1.1" 404 - "https://embajadores.clickboxgo.com/search.php?detail/2880255328550" "Mozilla/5.0 AppleWebKit/537.36 (KHTML, like Gecko; compatible; GPTBot/1.3; +https://openai.com/gptbot)"
74.7.227.2 - - [10/Feb/2026:18:20:35 -0500] "GET /search.php?detail/03601683458731 HTTP/1.1" 404 - "https://embajadores.clickboxgo.com/search.php?detail/036014662606" "Mozilla/5.0 AppleWebKit/537.36 (KHTML, like Gecko; compatible; GPTBot/1.3; +https://openai.com/gptbot)"
74.7.227.2 - - [10/Feb/2026:18:21:39 -0500] "GET /search.php?detail/10300256271965 HTTP/1.1" 404 - "https://embajadores.clickboxgo.com/search.php?detail/14801988965350" "Mozilla/5.0 AppleWebKit/537.36 (KHTML, like Gecko; compatible; GPTBot/1.3; +https://openai.com/gptbot)"
74.7.227.2 - - [10/Feb/2026:18:22:43 -0500] "GET /search.php?detail/28404514785337 HTTP/1.1" 404 - "https://embajadores.clickboxgo.com/search.php?detail/134022279545" "Mozilla/5.0 AppleWebKit/537.36 (KHTML, like Gecko; compatible; GPTBot/1.3; +https://openai.com/gptbot)"
74.7.227.2 - - [10/Feb/2026:18:23:46 -0500] "GET /search.php?detail/25904115224398 HTTP/1.1" 404 - "https://embajadores.clickboxgo.com/search.php?detail/25904119752323" "Mozilla/5.0 AppleWebKit/537.36 (KHTML, like Gecko; compatible; GPTBot/1.3; +https://openai.com/gptbot)"
74.7.227.2 - - [10/Feb/2026:18:24:49 -0500] "GET /search.php?detail/15700829391927 HTTP/1.1" 404 - "https://embajadores.clickboxgo.com/search.php?detail/111046447090" "Mozilla/5.0 AppleWebKit/537.36 (KHTML, like Gecko; compatible; GPTBot/1.3; +https://openai.com/gptbot)"
74.7.227.2 - - [10/Feb/2026:18:25:50 -0500] "GET /search.php?detail/15702419453120 HTTP/1.1" 404 - "https://embajadores.clickboxgo.com/search.php?detail/2920209071971" "Mozilla/5.0 AppleWebKit/537.36 (KHTML, like Gecko; compatible; GPTBot/1.3; +https://openai.com/gptbot)"
74.7.227.2 - - [10/Feb/2026:18:26:54 -0500] "GET /search.php?detail/01602934385350 HTTP/1.1" 404 - "https://embajadores.clickboxgo.com/search.php?detail/01602934451595" "Mozilla/5.0 AppleWebKit/537.36 (KHTML, like Gecko; compatible; GPTBot/1.3; +https://openai.com/gptbot)"
74.7.227.2 - - [10/Feb/2026:18:27:56 -0500] "GET /search.php?detail/05901788304025 HTTP/1.1" 404 - "https://embajadores.clickboxgo.com/search.php?detail/246024440977" "Mozilla/5.0 AppleWebKit/537.36 (KHTML, like Gecko; compatible; GPTBot/1.3; +https://openai.com/gptbot)"
74.7.227.2 - - [10/Feb/2026:18:28:59 -0500] "GET /search.php?detail/11702939034547 HTTP/1.1" 404 - "https://embajadores.clickboxgo.com/search.php?detail/117046796348" "Mozilla/5.0 AppleWebKit/537.36 (KHTML, like Gecko; compatible; GPTBot/1.3; +https://openai.com/gptbot)"
74.7.230.50 - - [10/Feb/2026:18:28:59 -0500] "GET /robots.txt HTTP/1.1" 404 - "-" "Mozilla/5.0 (Macintosh; Intel Mac OS X 10_15_7) AppleWebKit/537.36 (KHTML, like Gecko) Chrome/131.0.0.0 Safari/537.36; compatible; OAI-SearchBot/1.3; robots.txt; +https://openai.com/searchbot"
74.7.227.2 - - [10/Feb/2026:18:30:02 -0500] "GET /search.php?detail/04703253815713 HTTP/1.1" 404 - "https://embajadores.clickboxgo.com/search.php?detail/04701216179785" "Mozilla/5.0 AppleWebKit/537.36 (KHTML, like Gecko; compatible; GPTBot/1.3; +https://openai.com/gptbot)"
74.7.227.2 - - [10/Feb/2026:18:31:08 -0500] "GET /search.php?detail/28700457662368 HTTP/1.1" 404 - "https://embajadores.clickboxgo.com/search.php?detail/019022564457" "Mozilla/5.0 AppleWebKit/537.36 (KHTML, like Gecko; compatible; GPTBot/1.3; +https://openai.com/gptbot)"
74.7.227.2 - - [10/Feb/2026:18:32:08 -0500] "GET /search.php?detail/08301613679535 HTTP/1.1" 404 - "https://embajadores.clickboxgo.com/search.php?detail/0830108220048" "Mozilla/5.0 AppleWebKit/537.36 (KHTML, like Gecko; compatible; GPTBot/1.3; +https://openai.com/gptbot)"
74.7.227.2 - - [10/Feb/2026:18:33:10 -0500] "GET /search.php?detail/24002281972368 HTTP/1.1" 404 - "https://embajadores.clickboxgo.com/search.php?goods/265036491" "Mozilla/5.0 AppleWebKit/537.36 (KHTML, like Gecko; compatible; GPTBot/1.3; +https://openai.com/gptbot)"
74.7.227.2 - - [10/Feb/2026:18:34:18 -0500] "GET /search.php?detail/18903277101935 HTTP/1.1" 404 - "https://embajadores.clickboxgo.com/search.php?detail/189029574184" "Mozilla/5.0 AppleWebKit/537.36 (KHTML, like Gecko; compatible; GPTBot/1.3; +https://openai.com/gptbot)"
74.7.227.2 - - [10/Feb/2026:18:35:16 -0500] "GET /search.php?detail/21503883987136 HTTP/1.1" 404 - "https://embajadores.clickboxgo.com/search.php?detail/2150090472862" "Mozilla/5.0 AppleWebKit/537.36 (KHTML, like Gecko; compatible; GPTBot/1.3; +https://openai.com/gptbot)"
74.7.227.2 - - [10/Feb/2026:18:37:19 -0500] "GET /search.php?detail/06904232437172 HTTP/1.1" 404 - "https://embajadores.clickboxgo.com/search.php?detail/255022747552" "Mozilla/5.0 AppleWebKit/537.36 (KHTML, like Gecko; compatible; GPTBot/1.3; +https://openai.com/gptbot)"
74.7.227.2 - - [10/Feb/2026:18:38:23 -0500] "GET /search.php?detail/08802844627651 HTTP/1.1" 404 - "https://embajadores.clickboxgo.com/search.php?detail/0880362087915" "Mozilla/5.0 AppleWebKit/537.36 (KHTML, like Gecko; compatible; GPTBot/1.3; +https://openai.com/gptbot)"
74.7.227.2 - - [10/Feb/2026:18:39:26 -0500] "GET /search.php?detail/20901967785527 HTTP/1.1" 404 - "https://embajadores.clickboxgo.com/search.php?detail/158007575703" "Mozilla/5.0 AppleWebKit/537.36 (KHTML, like Gecko; compatible; GPTBot/1.3; +https://openai.com/gptbot)"
74.7.230.50 - - [10/Feb/2026:18:39:26 -0500] "GET /robots.txt HTTP/1.1" 404 - "-" "Mozilla/5.0 (Macintosh; Intel Mac OS X 10_15_7) AppleWebKit/537.36 (KHTML, like Gecko) Chrome/131.0.0.0 Safari/537.36; compatible; OAI-SearchBot/1.3; robots.txt; +https://openai.com/searchbot"
74.7.227.2 - - [10/Feb/2026:18:40:27 -0500] "GET /search.php?detail/03804811793146 HTTP/1.1" 404 - "https://embajadores.clickboxgo.com/search.php?detail/03801719896570" "Mozilla/5.0 AppleWebKit/537.36 (KHTML, like Gecko; compatible; GPTBot/1.3; +https://openai.com/gptbot)"
74.7.227.2 - - [10/Feb/2026:18:41:31 -0500] "GET /search.php?detail/16704583005386 HTTP/1.1" 404 - "https://embajadores.clickboxgo.com/search.php?detail/2300170503035" "Mozilla/5.0 AppleWebKit/537.36 (KHTML, like Gecko; compatible; GPTBot/1.3; +https://openai.com/gptbot)"
74.7.227.2 - - [10/Feb/2026:18:42:37 -0500] "GET /search.php?detail/12004845031623 HTTP/1.1" 404 - "https://embajadores.clickboxgo.com/search.php?detail/0420198763542" "Mozilla/5.0 AppleWebKit/537.36 (KHTML, like Gecko; compatible; GPTBot/1.3; +https://openai.com/gptbot)"
74.7.227.2 - - [10/Feb/2026:18:44:46 -0500] "GET /search.php?detail/18003172922443 HTTP/1.1" 404 - "https://embajadores.clickboxgo.com/search.php?detail/180007893832" "Mozilla/5.0 AppleWebKit/537.36 (KHTML, like Gecko; compatible; GPTBot/1.3; +https://openai.com/gptbot)"
74.7.230.50 - - [10/Feb/2026:18:44:46 -0500] "GET /robots.txt HTTP/1.1" 404 - "-" "Mozilla/5.0 (Macintosh; Intel Mac OS X 10_15_7) AppleWebKit/537.36 (KHTML, like Gecko) Chrome/131.0.0.0 Safari/537.36; compatible; OAI-SearchBot/1.3; robots.txt; +https://openai.com/searchbot"
74.7.227.2 - - [10/Feb/2026:18:45:49 -0500] "GET /search.php?detail/15301225580374 HTTP/1.1" 404 - "https://embajadores.clickboxgo.com/search.php?detail/246020263261" "Mozilla/5.0 AppleWebKit/537.36 (KHTML, like Gecko; compatible; GPTBot/1.3; +https://openai.com/gptbot)"
45.61.185.106 - - [10/Feb/2026:18:46:07 -0500] "GET / HTTP/1.1" 404 - "https://216.158.234.248/wp-login.php" "Mozilla/5.0 (Windows NT 10.0; Win64; x64) AppleWebKit/537.36 (KHTML, like Gecko) Chrome/119.0.0.0 Safari/537.36"
74.7.227.2 - - [10/Feb/2026:18:46:50 -0500] "GET /search.php?detail/19401637803643 HTTP/1.1" 404 - "https://embajadores.clickboxgo.com/search.php?detail/194023503479" "Mozilla/5.0 AppleWebKit/537.36 (KHTML, like Gecko; compatible; GPTBot/1.3; +https://openai.com/gptbot)"
74.7.227.2 - - [10/Feb/2026:18:47:54 -0500] "GET /search.php?detail/26401031958551 HTTP/1.1" 404 - "https://embajadores.clickboxgo.com/search.php?detail/222025934060" "Mozilla/5.0 AppleWebKit/537.36 (KHTML, like Gecko; compatible; GPTBot/1.3; +https://openai.com/gptbot)"
74.7.244.43 - - [10/Feb/2026:18:48:57 -0500] "-" 408 - "-" "-"
74.7.227.2 - - [10/Feb/2026:18:48:59 -0500] "GET /search.php?detail/02903650846169 HTTP/1.1" 404 - "https://embajadores.clickboxgo.com/search.php?detail/057044159369" "Mozilla/5.0 AppleWebKit/537.36 (KHTML, like Gecko; compatible; GPTBot/1.3; +https://openai.com/gptbot)"
45.61.185.106 - - [10/Feb/2026:18:49:36 -0500] "GET /wp-login.php HTTP/1.1" 404 - "https://216.158.234.248/wp-login.php" "Mozilla/5.0 (Windows NT 10.0; Win64; x64) AppleWebKit/537.36 (KHTML, like Gecko) Chrome/119.0.0.0 Safari/537.36"
74.7.227.2 - - [10/Feb/2026:18:50:01 -0500] "GET /search.php?detail/07201282696847 HTTP/1.1" 404 - "https://embajadores.clickboxgo.com/search.php?detail/214018040090" "Mozilla/5.0 AppleWebKit/537.36 (KHTML, like Gecko; compatible; GPTBot/1.3; +https://openai.com/gptbot)"
74.7.230.50 - - [10/Feb/2026:18:50:01 -0500] "GET /robots.txt HTTP/1.1" 404 - "-" "Mozilla/5.0 (Macintosh; Intel Mac OS X 10_15_7) AppleWebKit/537.36 (KHTML, like Gecko) Chrome/131.0.0.0 Safari/537.36; compatible; OAI-SearchBot/1.3; robots.txt; +https://openai.com/searchbot"
74.7.227.2 - - [10/Feb/2026:18:51:06 -0500] "GET /search.php?detail/25401094860706 HTTP/1.1" 404 - "https://embajadores.clickboxgo.com/search.php?detail/146029851269" "Mozilla/5.0 AppleWebKit/537.36 (KHTML, like Gecko; compatible; GPTBot/1.3; +https://openai.com/gptbot)"
74.7.227.2 - - [10/Feb/2026:18:52:10 -0500] "GET /search.php?detail/01504439564677 HTTP/1.1" 404 - "https://embajadores.clickboxgo.com/search.php?jp/015044235.html" "Mozilla/5.0 AppleWebKit/537.36 (KHTML, like Gecko; compatible; GPTBot/1.3; +https://openai.com/gptbot)"
74.7.227.2 - - [10/Feb/2026:18:53:13 -0500] "GET /search.php?detail/29101598507826 HTTP/1.1" 404 - "https://embajadores.clickboxgo.com/search.php?detail/093046496512" "Mozilla/5.0 AppleWebKit/537.36 (KHTML, like Gecko; compatible; GPTBot/1.3; +https://openai.com/gptbot)"
74.7.227.2 - - [10/Feb/2026:18:54:15 -0500] "GET /search.php?detail/17600426238050 HTTP/1.1" 404 - "https://embajadores.clickboxgo.com/search.php?detail/1760208659366" "Mozilla/5.0 AppleWebKit/537.36 (KHTML, like Gecko; compatible; GPTBot/1.3; +https://openai.com/gptbot)"
74.7.227.2 - - [10/Feb/2026:18:55:17 -0500] "GET /search.php?detail/06301087713949 HTTP/1.1" 404 - "https://embajadores.clickboxgo.com/search.php?detail/0630228643717" "Mozilla/5.0 AppleWebKit/537.36 (KHTML, like Gecko; compatible; GPTBot/1.3; +https://openai.com/gptbot)"
74.7.230.50 - - [10/Feb/2026:18:55:18 -0500] "GET /robots.txt HTTP/1.1" 404 - "-" "Mozilla/5.0 (Macintosh; Intel Mac OS X 10_15_7) AppleWebKit/537.36 (KHTML, like Gecko) Chrome/131.0.0.0 Safari/537.36; compatible; OAI-SearchBot/1.3; robots.txt; +https://openai.com/searchbot"
74.7.227.2 - - [10/Feb/2026:18:56:19 -0500] "GET /search.php?detail/27903283436812 HTTP/1.1" 404 - "https://embajadores.clickboxgo.com/search.php?detail/2560010160552" "Mozilla/5.0 AppleWebKit/537.36 (KHTML, like Gecko; compatible; GPTBot/1.3; +https://openai.com/gptbot)"
74.7.227.2 - - [10/Feb/2026:18:57:22 -0500] "GET /search.php?detail/04501482262765 HTTP/1.1" 404 - "https://embajadores.clickboxgo.com/search.php?detail/222018245739" "Mozilla/5.0 AppleWebKit/537.36 (KHTML, like Gecko; compatible; GPTBot/1.3; +https://openai.com/gptbot)"
195.178.110.246 - - [10/Feb/2026:18:58:17 -0500] "GET /.git/credentials HTTP/1.1" 404 - "-" "Opera/9.80 (Android; Opera Mini/43.3.2254/150.36; U; en) Presto/2.12.423 Version/12.16"
74.7.227.2 - - [10/Feb/2026:18:58:25 -0500] "GET /search.php?detail/25604519288496 HTTP/1.1" 404 - "https://embajadores.clickboxgo.com/search.php?detail/092019743251" "Mozilla/5.0 AppleWebKit/537.36 (KHTML, like Gecko; compatible; GPTBot/1.3; +https://openai.com/gptbot)"
74.7.227.2 - - [10/Feb/2026:18:59:28 -0500] "GET /search.php?detail/17600552347306 HTTP/1.1" 404 - "https://embajadores.clickboxgo.com/search.php?detail/176014620498" "Mozilla/5.0 AppleWebKit/537.36 (KHTML, like Gecko; compatible; GPTBot/1.3; +https://openai.com/gptbot)"
74.7.227.2 - - [10/Feb/2026:19:00:31 -0500] "GET /search.php?detail/01703053729249 HTTP/1.1" 404 - "https://embajadores.clickboxgo.com/search.php?detail/0170314984575" "Mozilla/5.0 AppleWebKit/537.36 (KHTML, like Gecko; compatible; GPTBot/1.3; +https://openai.com/gptbot)"
74.7.230.50 - - [10/Feb/2026:19:00:31 -0500] "GET /robots.txt HTTP/1.1" 404 - "-" "Mozilla/5.0 (Macintosh; Intel Mac OS X 10_15_7) AppleWebKit/537.36 (KHTML, like Gecko) Chrome/131.0.0.0 Safari/537.36; compatible; OAI-SearchBot/1.3; robots.txt; +https://openai.com/searchbot"
74.7.227.2 - - [10/Feb/2026:19:01:35 -0500] "GET /search.php?detail/28304058441621 HTTP/1.1" 404 - "https://embajadores.clickboxgo.com/search.php?detail/28304059408521" "Mozilla/5.0 AppleWebKit/537.36 (KHTML, like Gecko; compatible; GPTBot/1.3; +https://openai.com/gptbot)"
74.7.227.2 - - [10/Feb/2026:19:02:36 -0500] "GET /search.php?detail/29704124537751 HTTP/1.1" 404 - "https://embajadores.clickboxgo.com/search.php?detail/0190017002650" "Mozilla/5.0 AppleWebKit/537.36 (KHTML, like Gecko; compatible; GPTBot/1.3; +https://openai.com/gptbot)"
184.105.139.68 - - [10/Feb/2026:19:03:02 -0500] "GET / HTTP/1.1" 404 - "-" "Mozilla/5.0 (Windows NT 10.0; Win64; x64) AppleWebKit/537.36 (KHTML, like Gecko) Chrome/123.0.0.0 Safari/537.36"
74.7.227.2 - - [10/Feb/2026:19:03:38 -0500] "GET /search.php?detail/20103429509158 HTTP/1.1" 404 - "https://embajadores.clickboxgo.com/search.php?detail/17603086541038" "Mozilla/5.0 AppleWebKit/537.36 (KHTML, like Gecko; compatible; GPTBot/1.3; +https://openai.com/gptbot)"
74.7.227.2 - - [10/Feb/2026:19:04:43 -0500] "GET /search.php?detail/21300766509351 HTTP/1.1" 404 - "https://embajadores.clickboxgo.com/search.php?detail/213004843176" "Mozilla/5.0 AppleWebKit/537.36 (KHTML, like Gecko; compatible; GPTBot/1.3; +https://openai.com/gptbot)"
74.7.227.2 - - [10/Feb/2026:19:05:44 -0500] "GET /search.php?detail/18102158234470 HTTP/1.1" 404 - "https://embajadores.clickboxgo.com/search.php?detail/004045298163" "Mozilla/5.0 AppleWebKit/537.36 (KHTML, like Gecko; compatible; GPTBot/1.3; +https://openai.com/gptbot)"
74.7.230.50 - - [10/Feb/2026:19:05:44 -0500] "GET /robots.txt HTTP/1.1" 404 - "-" "Mozilla/5.0 (Macintosh; Intel Mac OS X 10_15_7) AppleWebKit/537.36 (KHTML, like Gecko) Chrome/131.0.0.0 Safari/537.36; compatible; OAI-SearchBot/1.3; robots.txt; +https://openai.com/searchbot"
74.7.227.2 - - [10/Feb/2026:19:06:47 -0500] "GET /search.php?detail/27001659077489 HTTP/1.1" 404 - "https://embajadores.clickboxgo.com/search.php?detail/158027204665" "Mozilla/5.0 AppleWebKit/537.36 (KHTML, like Gecko; compatible; GPTBot/1.3; +https://openai.com/gptbot)"
74.7.227.2 - - [10/Feb/2026:19:07:51 -0500] "GET /search.php?detail/21800312637699 HTTP/1.1" 404 - "https://embajadores.clickboxgo.com/search.php?detail/00903577816104" "Mozilla/5.0 AppleWebKit/537.36 (KHTML, like Gecko; compatible; GPTBot/1.3; +https://openai.com/gptbot)"
74.7.227.2 - - [10/Feb/2026:19:08:52 -0500] "GET /search.php?detail/10304597875347 HTTP/1.1" 404 - "https://embajadores.clickboxgo.com/search.php?detail/103021644557" "Mozilla/5.0 AppleWebKit/537.36 (KHTML, like Gecko; compatible; GPTBot/1.3; +https://openai.com/gptbot)"
74.7.175.152 - - [10/Feb/2026:19:09:50 -0500] "GET /robots.txt HTTP/1.1" 404 - "-" "Mozilla/5.0 (Macintosh; Intel Mac OS X 10_15_7) AppleWebKit/537.36 (KHTML, like Gecko) Chrome/131.0.0.0 Safari/537.36; compatible; OAI-SearchBot/1.3; robots.txt; +https://openai.com/searchbot"
74.7.243.221 - - [10/Feb/2026:19:09:50 -0500] "GET / HTTP/1.1" 404 - "-" "Mozilla/5.0 AppleWebKit/537.36 (KHTML, like Gecko; compatible; GPTBot/1.3; +https://openai.com/gptbot)"
74.7.227.2 - - [10/Feb/2026:19:09:57 -0500] "GET /search.php?detail/00904136520771 HTTP/1.1" 404 - "https://embajadores.clickboxgo.com/search.php?detail/0090260434158" "Mozilla/5.0 AppleWebKit/537.36 (KHTML, like Gecko; compatible; GPTBot/1.3; +https://openai.com/gptbot)"
74.7.227.2 - - [10/Feb/2026:19:11:01 -0500] "GET /search.php?detail/20302943638257 HTTP/1.1" 404 - "https://embajadores.clickboxgo.com/search.php?detail/203029433034" "Mozilla/5.0 AppleWebKit/537.36 (KHTML, like Gecko; compatible; GPTBot/1.3; +https://openai.com/gptbot)"
74.7.230.50 - - [10/Feb/2026:19:11:01 -0500] "GET /robots.txt HTTP/1.1" 404 - "-" "Mozilla/5.0 (Macintosh; Intel Mac OS X 10_15_7) AppleWebKit/537.36 (KHTML, like Gecko) Chrome/131.0.0.0 Safari/537.36; compatible; OAI-SearchBot/1.3; robots.txt; +https://openai.com/searchbot"
184.105.139.68 - - [10/Feb/2026:19:11:58 -0500] "GET /favicon.ico HTTP/1.1" 404 - "-" "Mozilla/5.0 (X11; Linux x86_64) AppleWebKit/537.36 (KHTML, like Gecko) HeadlessChrome/101.0.4951.41 Safari/537.36"
74.7.227.2 - - [10/Feb/2026:19:12:04 -0500] "GET /search.php?detail/03504022483918 HTTP/1.1" 404 - "https://embajadores.clickboxgo.com/search.php?detail/087018722721" "Mozilla/5.0 AppleWebKit/537.36 (KHTML, like Gecko; compatible; GPTBot/1.3; +https://openai.com/gptbot)"
74.7.227.2 - - [10/Feb/2026:19:13:08 -0500] "GET /search.php?detail/21602994380341 HTTP/1.1" 404 - "https://embajadores.clickboxgo.com/search.php?detail/111013475355" "Mozilla/5.0 AppleWebKit/537.36 (KHTML, like Gecko; compatible; GPTBot/1.3; +https://openai.com/gptbot)"
74.7.227.2 - - [10/Feb/2026:19:14:07 -0500] "GET /search.php?detail/28800765796246 HTTP/1.1" 404 - "https://embajadores.clickboxgo.com/search.php?detail/075046200931" "Mozilla/5.0 AppleWebKit/537.36 (KHTML, like Gecko; compatible; GPTBot/1.3; +https://openai.com/gptbot)"
184.105.139.68 - - [10/Feb/2026:19:14:33 -0500] "GET / HTTP/1.1" 404 - "-" "Mozilla/5.0 (Windows NT 10.0; Win64; x64) AppleWebKit/537.36 (KHTML, like Gecko) Chrome/123.0.0.0 Safari/537.36"
74.7.227.2 - - [10/Feb/2026:19:15:13 -0500] "GET /search.php?detail/26401458206187 HTTP/1.1" 404 - "https://embajadores.clickboxgo.com/search.php?detail/10701029442837" "Mozilla/5.0 AppleWebKit/537.36 (KHTML, like Gecko; compatible; GPTBot/1.3; +https://openai.com/gptbot)"
74.7.227.2 - - [10/Feb/2026:19:16:16 -0500] "GET /search.php?detail/04901693817870 HTTP/1.1" 404 - "https://embajadores.clickboxgo.com/search.php?detail/175031455548" "Mozilla/5.0 AppleWebKit/537.36 (KHTML, like Gecko; compatible; GPTBot/1.3; +https://openai.com/gptbot)"
74.7.230.50 - - [10/Feb/2026:19:16:16 -0500] "GET /robots.txt HTTP/1.1" 404 - "-" "Mozilla/5.0 (Macintosh; Intel Mac OS X 10_15_7) AppleWebKit/537.36 (KHTML, like Gecko) Chrome/131.0.0.0 Safari/537.36; compatible; OAI-SearchBot/1.3; robots.txt; +https://openai.com/searchbot"
74.7.227.2 - - [10/Feb/2026:19:17:21 -0500] "GET /search.php?detail/17603474265632 HTTP/1.1" 404 - "https://embajadores.clickboxgo.com/search.php?detail/1760437000344" "Mozilla/5.0 AppleWebKit/537.36 (KHTML, like Gecko; compatible; GPTBot/1.3; +https://openai.com/gptbot)"
74.7.227.2 - - [10/Feb/2026:19:18:27 -0500] "GET /search.php?detail/10503709180762 HTTP/1.1" 404 - "https://embajadores.clickboxgo.com/search.php?detail/2220224097767" "Mozilla/5.0 AppleWebKit/537.36 (KHTML, like Gecko; compatible; GPTBot/1.3; +https://openai.com/gptbot)"
74.7.227.2 - - [10/Feb/2026:19:19:31 -0500] "GET /search.php?detail/22504967074534 HTTP/1.1" 404 - "https://embajadores.clickboxgo.com/search.php?detail/026048891591" "Mozilla/5.0 AppleWebKit/537.36 (KHTML, like Gecko; compatible; GPTBot/1.3; +https://openai.com/gptbot)"
74.7.175.136 - - [10/Feb/2026:19:20:32 -0500] "GET /robots.txt HTTP/1.1" 404 - "-" "Mozilla/5.0 (Macintosh; Intel Mac OS X 10_15_7) AppleWebKit/537.36 (KHTML, like Gecko) Chrome/131.0.0.0 Safari/537.36; compatible; OAI-SearchBot/1.3; robots.txt; +https://openai.com/searchbot"
74.7.227.2 - - [10/Feb/2026:19:20:37 -0500] "GET /search.php?detail/16002599830779 HTTP/1.1" 404 - "https://embajadores.clickboxgo.com/search.php?detail/258004564555" "Mozilla/5.0 AppleWebKit/537.36 (KHTML, like Gecko; compatible; GPTBot/1.3; +https://openai.com/gptbot)"
74.7.227.2 - - [10/Feb/2026:19:21:39 -0500] "GET /search.php?detail/14002381861763 HTTP/1.1" 404 - "https://embajadores.clickboxgo.com/search.php?detail/14002640111721" "Mozilla/5.0 AppleWebKit/537.36 (KHTML, like Gecko; compatible; GPTBot/1.3; +https://openai.com/gptbot)"
74.7.227.2 - - [10/Feb/2026:19:22:43 -0500] "GET /search.php?detail/12503782967020 HTTP/1.1" 404 - "https://embajadores.clickboxgo.com/search.php?detail/12504507891842" "Mozilla/5.0 AppleWebKit/537.36 (KHTML, like Gecko; compatible; GPTBot/1.3; +https://openai.com/gptbot)"
74.7.227.2 - - [10/Feb/2026:19:23:49 -0500] "GET /search.php?detail/19302945354810 HTTP/1.1" 404 - "https://embajadores.clickboxgo.com/search.php?goods/193029454" "Mozilla/5.0 AppleWebKit/537.36 (KHTML, like Gecko; compatible; GPTBot/1.3; +https://openai.com/gptbot)"
66.240.223.240 - - [10/Feb/2026:19:23:54 -0500] "GET / HTTP/1.1" 404 - "-" "Mozilla/5.0 zgrab/0.x"
74.7.227.30 - - [10/Feb/2026:19:27:56 -0500] "GET /search.php?detail/23201884509722 HTTP/1.1" 404 - "https://embajadores.clickboxgo.com/search.php?detail/230002881968" "Mozilla/5.0 AppleWebKit/537.36 (KHTML, like Gecko; compatible; GPTBot/1.3; +https://openai.com/gptbot)"
184.105.139.68 - - [10/Feb/2026:19:28:11 -0500] "GET /geoserver/web/ HTTP/1.1" 404 - "-" "Mozilla/5.0 (Macintosh; Intel Mac OS X 10.15; rv:126.0) Gecko/20100101 Firefox/126.0"
74.7.227.30 - - [10/Feb/2026:19:28:59 -0500] "GET /search.php?detail/13700764678854 HTTP/1.1" 404 - "https://embajadores.clickboxgo.com/search.php?detail/28004045713767" "Mozilla/5.0 AppleWebKit/537.36 (KHTML, like Gecko; compatible; GPTBot/1.3; +https://openai.com/gptbot)"
74.7.227.30 - - [10/Feb/2026:19:30:01 -0500] "GET /search.php?detail/09303668415607 HTTP/1.1" 404 - "https://embajadores.clickboxgo.com/search.php?detail/02000630984930" "Mozilla/5.0 AppleWebKit/537.36 (KHTML, like Gecko; compatible; GPTBot/1.3; +https://openai.com/gptbot)"
74.7.227.30 - - [10/Feb/2026:19:31:06 -0500] "GET /search.php?detail/29602313972825 HTTP/1.1" 404 - "https://embajadores.clickboxgo.com/search.php?detail/040026140094" "Mozilla/5.0 AppleWebKit/537.36 (KHTML, like Gecko; compatible; GPTBot/1.3; +https://openai.com/gptbot)"
184.105.139.68 - - [10/Feb/2026:19:31:58 -0500] "GET /.git/config HTTP/1.1" 404 - "-" "Mozilla/5.0 (X11; Linux x86_64; rv:139.0) Gecko/20100101 Firefox/139.0"
74.7.227.30 - - [10/Feb/2026:19:32:08 -0500] "GET /search.php?detail/27504698077174 HTTP/1.1" 404 - "https://embajadores.clickboxgo.com/search.php?detail/111046858277" "Mozilla/5.0 AppleWebKit/537.36 (KHTML, like Gecko; compatible; GPTBot/1.3; +https://openai.com/gptbot)"
74.7.230.50 - - [10/Feb/2026:19:32:08 -0500] "GET /robots.txt HTTP/1.1" 404 - "-" "Mozilla/5.0 (Macintosh; Intel Mac OS X 10_15_7) AppleWebKit/537.36 (KHTML, like Gecko) Chrome/131.0.0.0 Safari/537.36; compatible; OAI-SearchBot/1.3; robots.txt; +https://openai.com/searchbot"
74.7.227.30 - - [10/Feb/2026:19:33:09 -0500] "GET /search.php?detail/21104323540966 HTTP/1.1" 404 - "https://embajadores.clickboxgo.com/search.php?detail/211000674307" "Mozilla/5.0 AppleWebKit/537.36 (KHTML, like Gecko; compatible; GPTBot/1.3; +https://openai.com/gptbot)"
74.7.227.30 - - [10/Feb/2026:19:34:13 -0500] "GET /search.php?detail/14900571846797 HTTP/1.1" 404 - "https://embajadores.clickboxgo.com/search.php?detail/14900570241135" "Mozilla/5.0 AppleWebKit/537.36 (KHTML, like Gecko; compatible; GPTBot/1.3; +https://openai.com/gptbot)"
205.210.31.219 - - [10/Feb/2026:19:34:57 -0500] "GET / HTTP/1.1" 404 - "-" "Hello from Palo Alto Networks, find out more about our scans in https://docs-cortex.paloaltonetworks.com/r/1/Cortex-Xpanse/Scanning-activity"
74.7.227.30 - - [10/Feb/2026:19:35:16 -0500] "GET /search.php?detail/00904361695884 HTTP/1.1" 404 - "https://embajadores.clickboxgo.com/search.php?detail/066000162334" "Mozilla/5.0 AppleWebKit/537.36 (KHTML, like Gecko; compatible; GPTBot/1.3; +https://openai.com/gptbot)"
74.7.227.30 - - [10/Feb/2026:19:36:18 -0500] "GET /search.php?detail/12304958721442 HTTP/1.1" 404 - "https://embajadores.clickboxgo.com/search.php?detail/157023473614" "Mozilla/5.0 AppleWebKit/537.36 (KHTML, like Gecko; compatible; GPTBot/1.3; +https://openai.com/gptbot)"
74.7.227.30 - - [10/Feb/2026:19:37:23 -0500] "GET /search.php?detail/09303475711291 HTTP/1.1" 404 - "https://embajadores.clickboxgo.com/search.php?detail/0800121138060" "Mozilla/5.0 AppleWebKit/537.36 (KHTML, like Gecko; compatible; GPTBot/1.3; +https://openai.com/gptbot)"
74.7.230.50 - - [10/Feb/2026:19:37:23 -0500] "GET /robots.txt HTTP/1.1" 404 - "-" "Mozilla/5.0 (Macintosh; Intel Mac OS X 10_15_7) AppleWebKit/537.36 (KHTML, like Gecko) Chrome/131.0.0.0 Safari/537.36; compatible; OAI-SearchBot/1.3; robots.txt; +https://openai.com/searchbot"
74.7.227.30 - - [10/Feb/2026:19:38:24 -0500] "GET /search.php?detail/13004950677680 HTTP/1.1" 404 - "https://embajadores.clickboxgo.com/search.php?detail/21601134428993" "Mozilla/5.0 AppleWebKit/537.36 (KHTML, like Gecko; compatible; GPTBot/1.3; +https://openai.com/gptbot)"
74.7.227.30 - - [10/Feb/2026:19:39:25 -0500] "GET /search.php?detail/18804972399140 HTTP/1.1" 404 - "https://embajadores.clickboxgo.com/search.php?detail/18804972056222" "Mozilla/5.0 AppleWebKit/537.36 (KHTML, like Gecko; compatible; GPTBot/1.3; +https://openai.com/gptbot)"
74.7.227.30 - - [10/Feb/2026:19:40:27 -0500] "GET /search.php?detail/16502149470590 HTTP/1.1" 404 - "https://embajadores.clickboxgo.com/search.php?detail/165021487793" "Mozilla/5.0 AppleWebKit/537.36 (KHTML, like Gecko; compatible; GPTBot/1.3; +https://openai.com/gptbot)"
74.7.227.30 - - [10/Feb/2026:19:41:32 -0500] "GET /search.php?detail/12302680733644 HTTP/1.1" 404 - "https://embajadores.clickboxgo.com/search.php?detail/15201750862069" "Mozilla/5.0 AppleWebKit/537.36 (KHTML, like Gecko; compatible; GPTBot/1.3; +https://openai.com/gptbot)"
74.7.227.30 - - [10/Feb/2026:19:42:34 -0500] "GET /search.php?detail/26702401338084 HTTP/1.1" 404 - "https://embajadores.clickboxgo.com/search.php?detail/2670239817108" "Mozilla/5.0 AppleWebKit/537.36 (KHTML, like Gecko; compatible; GPTBot/1.3; +https://openai.com/gptbot)"
74.7.230.50 - - [10/Feb/2026:19:42:34 -0500] "GET /robots.txt HTTP/1.1" 404 - "-" "Mozilla/5.0 (Macintosh; Intel Mac OS X 10_15_7) AppleWebKit/537.36 (KHTML, like Gecko) Chrome/131.0.0.0 Safari/537.36; compatible; OAI-SearchBot/1.3; robots.txt; +https://openai.com/searchbot"
74.7.227.30 - - [10/Feb/2026:19:43:39 -0500] "GET /search.php?detail/19300967372241 HTTP/1.1" 404 - "https://embajadores.clickboxgo.com/search.php?goods/193009669" "Mozilla/5.0 AppleWebKit/537.36 (KHTML, like Gecko; compatible; GPTBot/1.3; +https://openai.com/gptbot)"
74.7.227.30 - - [10/Feb/2026:19:44:39 -0500] "GET /search.php?detail/05603749194133 HTTP/1.1" 404 - "https://embajadores.clickboxgo.com/search.php?detail/056042393486" "Mozilla/5.0 AppleWebKit/537.36 (KHTML, like Gecko; compatible; GPTBot/1.3; +https://openai.com/gptbot)"
74.7.227.30 - - [10/Feb/2026:19:45:44 -0500] "GET /search.php?detail/28604614892519 HTTP/1.1" 404 - "https://embajadores.clickboxgo.com/search.php?detail/111030703329" "Mozilla/5.0 AppleWebKit/537.36 (KHTML, like Gecko; compatible; GPTBot/1.3; +https://openai.com/gptbot)"
74.7.227.30 - - [10/Feb/2026:19:46:47 -0500] "GET /search.php?detail/25004099477356 HTTP/1.1" 404 - "https://embajadores.clickboxgo.com/search.php?detail/25002084198471" "Mozilla/5.0 AppleWebKit/537.36 (KHTML, like Gecko; compatible; GPTBot/1.3; +https://openai.com/gptbot)"
74.7.227.30 - - [10/Feb/2026:19:47:52 -0500] "GET /search.php?detail/21602459775056 HTTP/1.1" 404 - "https://embajadores.clickboxgo.com/search.php?detail/28203300087009" "Mozilla/5.0 AppleWebKit/537.36 (KHTML, like Gecko; compatible; GPTBot/1.3; +https://openai.com/gptbot)"
74.7.230.50 - - [10/Feb/2026:19:47:52 -0500] "GET /robots.txt HTTP/1.1" 404 - "-" "Mozilla/5.0 (Macintosh; Intel Mac OS X 10_15_7) AppleWebKit/537.36 (KHTML, like Gecko) Chrome/131.0.0.0 Safari/537.36; compatible; OAI-SearchBot/1.3; robots.txt; +https://openai.com/searchbot"
74.7.227.30 - - [10/Feb/2026:19:48:53 -0500] "GET /search.php?detail/05703364261135 HTTP/1.1" 404 - "https://embajadores.clickboxgo.com/search.php?detail/2360343968765" "Mozilla/5.0 AppleWebKit/537.36 (KHTML, like Gecko; compatible; GPTBot/1.3; +https://openai.com/gptbot)"
74.7.227.30 - - [10/Feb/2026:19:49:53 -0500] "GET /search.php?detail/05703363245519 HTTP/1.1" 404 - "https://embajadores.clickboxgo.com/search.php?detail/057028666530" "Mozilla/5.0 AppleWebKit/537.36 (KHTML, like Gecko; compatible; GPTBot/1.3; +https://openai.com/gptbot)"
74.7.227.30 - - [10/Feb/2026:19:50:59 -0500] "GET /search.php?detail/06904661852303 HTTP/1.1" 404 - "https://embajadores.clickboxgo.com/search.php?jp/268028030.html" "Mozilla/5.0 AppleWebKit/537.36 (KHTML, like Gecko; compatible; GPTBot/1.3; +https://openai.com/gptbot)"
74.7.227.30 - - [10/Feb/2026:19:52:03 -0500] "GET /search.php?detail/19204689497541 HTTP/1.1" 404 - "https://embajadores.clickboxgo.com/search.php?jp/192046900.html" "Mozilla/5.0 AppleWebKit/537.36 (KHTML, like Gecko; compatible; GPTBot/1.3; +https://openai.com/gptbot)"
74.7.227.30 - - [10/Feb/2026:19:53:03 -0500] "GET /search.php?detail/12704740180865 HTTP/1.1" 404 - "https://embajadores.clickboxgo.com/search.php?detail/2140229726185" "Mozilla/5.0 AppleWebKit/537.36 (KHTML, like Gecko; compatible; GPTBot/1.3; +https://openai.com/gptbot)"
74.7.230.50 - - [10/Feb/2026:19:53:03 -0500] "GET /robots.txt HTTP/1.1" 404 - "-" "Mozilla/5.0 (Macintosh; Intel Mac OS X 10_15_7) AppleWebKit/537.36 (KHTML, like Gecko) Chrome/131.0.0.0 Safari/537.36; compatible; OAI-SearchBot/1.3; robots.txt; +https://openai.com/searchbot"
74.7.227.30 - - [10/Feb/2026:19:54:06 -0500] "GET /search.php?detail/15101914823969 HTTP/1.1" 404 - "https://embajadores.clickboxgo.com/search.php?detail/133029958041" "Mozilla/5.0 AppleWebKit/537.36 (KHTML, like Gecko; compatible; GPTBot/1.3; +https://openai.com/gptbot)"
74.7.227.30 - - [10/Feb/2026:19:55:08 -0500] "GET /search.php?detail/09803786571536 HTTP/1.1" 404 - "https://embajadores.clickboxgo.com/search.php?detail/2110381526914" "Mozilla/5.0 AppleWebKit/537.36 (KHTML, like Gecko; compatible; GPTBot/1.3; +https://openai.com/gptbot)"
74.7.230.50 - - [10/Feb/2026:19:58:16 -0500] "GET /robots.txt HTTP/1.1" 404 - "-" "Mozilla/5.0 (Macintosh; Intel Mac OS X 10_15_7) AppleWebKit/537.36 (KHTML, like Gecko) Chrome/131.0.0.0 Safari/537.36; compatible; OAI-SearchBot/1.3; robots.txt; +https://openai.com/searchbot"
74.7.242.50 - - [10/Feb/2026:19:59:15 -0500] "GET /search.php?detail/21904849106027 HTTP/1.1" 404 - "https://embajadores.clickboxgo.com/search.php?detail/10601386819424" "Mozilla/5.0 AppleWebKit/537.36 (KHTML, like Gecko; compatible; GPTBot/1.3; +https://openai.com/gptbot)"
74.7.242.50 - - [10/Feb/2026:20:00:15 -0500] "GET /search.php?detail/20304738245481 HTTP/1.1" 404 - "https://embajadores.clickboxgo.com/search.php?detail/0440414641963" "Mozilla/5.0 AppleWebKit/537.36 (KHTML, like Gecko; compatible; GPTBot/1.3; +https://openai.com/gptbot)"
74.7.242.50 - - [10/Feb/2026:20:01:17 -0500] "GET /search.php?detail/06801984325990 HTTP/1.1" 404 - "https://embajadores.clickboxgo.com/search.php?detail/18003657955718" "Mozilla/5.0 AppleWebKit/537.36 (KHTML, like Gecko; compatible; GPTBot/1.3; +https://openai.com/gptbot)"
74.7.242.50 - - [10/Feb/2026:20:02:17 -0500] "GET /search.php?detail/21003461207843 HTTP/1.1" 404 - "https://embajadores.clickboxgo.com/search.php?detail/2820386510713" "Mozilla/5.0 AppleWebKit/537.36 (KHTML, like Gecko; compatible; GPTBot/1.3; +https://openai.com/gptbot)"
74.7.242.50 - - [10/Feb/2026:20:03:17 -0500] "GET /search.php?detail/08204762958486 HTTP/1.1" 404 - "https://embajadores.clickboxgo.com/search.php?detail/040013735777" "Mozilla/5.0 AppleWebKit/537.36 (KHTML, like Gecko; compatible; GPTBot/1.3; +https://openai.com/gptbot)"
74.7.230.50 - - [10/Feb/2026:20:03:18 -0500] "GET /robots.txt HTTP/1.1" 404 - "-" "Mozilla/5.0 (Macintosh; Intel Mac OS X 10_15_7) AppleWebKit/537.36 (KHTML, like Gecko) Chrome/131.0.0.0 Safari/537.36; compatible; OAI-SearchBot/1.3; robots.txt; +https://openai.com/searchbot"
185.193.89.16 - - [10/Feb/2026:20:03:26 -0500] "GET /.env HTTP/1.1" 404 - "-" "Mozilla/5.0 (X11; Ubuntu; Linux x86_64; rv:147.0) Gecko/20100101 Firefox/147.0"
194.187.179.72 - - [10/Feb/2026:20:03:36 -0500] "GET / HTTP/1.1" 404 - "-" "Mozilla/5.0 (Windows NT 10.0; Win64; x64; rv:65.0) Gecko/20100101 Firefox/65.0"
194.187.179.81 - - [10/Feb/2026:20:03:40 -0500] "GET /favicon.ico HTTP/1.1" 404 - "-" "Mozilla/5.0 (Windows NT 10.0; Win64; x64; rv:65.0) Gecko/20100101 Firefox/65.0"
74.7.242.50 - - [10/Feb/2026:20:04:23 -0500] "GET /search.php?detail/03602401979267 HTTP/1.1" 500 720 "https://embajadores.clickboxgo.com/search.php?detail/102014857466" "Mozilla/5.0 AppleWebKit/537.36 (KHTML, like Gecko; compatible; GPTBot/1.3; +https://openai.com/gptbot)"
74.7.242.50 - - [10/Feb/2026:20:05:23 -0500] "GET /search.php?detail/11802875320767 HTTP/1.1" 500 720 "https://embajadores.clickboxgo.com/search.php?detail/118000382835" "Mozilla/5.0 AppleWebKit/537.36 (KHTML, like Gecko; compatible; GPTBot/1.3; +https://openai.com/gptbot)"
74.7.242.50 - - [10/Feb/2026:20:06:26 -0500] "GET /search.php?detail/12401065180736 HTTP/1.1" 500 720 "https://embajadores.clickboxgo.com/search.php?detail/12403003775938" "Mozilla/5.0 AppleWebKit/537.36 (KHTML, like Gecko; compatible; GPTBot/1.3; +https://openai.com/gptbot)"
74.7.242.50 - - [10/Feb/2026:20:07:29 -0500] "GET /search.php?detail/25402186605985 HTTP/1.1" 500 720 "https://embajadores.clickboxgo.com/search.php?detail/229019974429" "Mozilla/5.0 AppleWebKit/537.36 (KHTML, like Gecko; compatible; GPTBot/1.3; +https://openai.com/gptbot)"
74.7.242.50 - - [10/Feb/2026:20:08:33 -0500] "GET /search.php?detail/08601023504292 HTTP/1.1" 500 720 "https://embajadores.clickboxgo.com/search.php?detail/086003588602" "Mozilla/5.0 AppleWebKit/537.36 (KHTML, like Gecko; compatible; GPTBot/1.3; +https://openai.com/gptbot)"
74.7.230.50 - - [10/Feb/2026:20:08:33 -0500] "GET /robots.txt HTTP/1.1" 500 720 "-" "Mozilla/5.0 (Macintosh; Intel Mac OS X 10_15_7) AppleWebKit/537.36 (KHTML, like Gecko) Chrome/131.0.0.0 Safari/537.36; compatible; OAI-SearchBot/1.3; robots.txt; +https://openai.com/searchbot"
74.7.242.50 - - [10/Feb/2026:20:09:32 -0500] "GET /search.php?detail/08602474130489 HTTP/1.1" 500 720 "https://embajadores.clickboxgo.com/search.php?detail/08602113906259" "Mozilla/5.0 AppleWebKit/537.36 (KHTML, like Gecko; compatible; GPTBot/1.3; +https://openai.com/gptbot)"
47.90.209.221 - - [10/Feb/2026:20:10:01 -0500] "POST /cgi-bin/.%2e/.%2e/.%2e/.%2e/.%2e/.%2e/.%2e/.%2e/.%2e/.%2e/bin/sh HTTP/1.1" 500 - "-" "libredtail-http"
74.7.242.50 - - [10/Feb/2026:20:10:38 -0500] "GET /search.php?detail/23504691814451 HTTP/1.1" 500 720 "https://embajadores.clickboxgo.com/search.php?detail/222005350734" "Mozilla/5.0 AppleWebKit/537.36 (KHTML, like Gecko; compatible; GPTBot/1.3; +https://openai.com/gptbot)"
74.7.242.50 - - [10/Feb/2026:20:11:39 -0500] "GET /search.php?detail/17903293899145 HTTP/1.1" 500 720 "https://embajadores.clickboxgo.com/search.php?detail/258020444083" "Mozilla/5.0 AppleWebKit/537.36 (KHTML, like Gecko; compatible; GPTBot/1.3; +https://openai.com/gptbot)"
74.7.242.50 - - [10/Feb/2026:20:12:43 -0500] "GET /search.php?detail/01104138937469 HTTP/1.1" 500 720 "https://embajadores.clickboxgo.com/search.php?detail/028039295646" "Mozilla/5.0 AppleWebKit/537.36 (KHTML, like Gecko; compatible; GPTBot/1.3; +https://openai.com/gptbot)"
74.7.242.50 - - [10/Feb/2026:20:13:49 -0500] "GET /search.php?detail/18903964208194 HTTP/1.1" 500 720 "https://embajadores.clickboxgo.com/search.php?detail/15201125138333" "Mozilla/5.0 AppleWebKit/537.36 (KHTML, like Gecko; compatible; GPTBot/1.3; +https://openai.com/gptbot)"
74.7.230.50 - - [10/Feb/2026:20:13:49 -0500] "GET /robots.txt HTTP/1.1" 500 720 "-" "Mozilla/5.0 (Macintosh; Intel Mac OS X 10_15_7) AppleWebKit/537.36 (KHTML, like Gecko) Chrome/131.0.0.0 Safari/537.36; compatible; OAI-SearchBot/1.3; robots.txt; +https://openai.com/searchbot"
74.7.242.50 - - [10/Feb/2026:20:14:54 -0500] "GET /search.php?detail/09403316123750 HTTP/1.1" 500 720 "https://embajadores.clickboxgo.com/search.php?detail/281025397859" "Mozilla/5.0 AppleWebKit/537.36 (KHTML, like Gecko; compatible; GPTBot/1.3; +https://openai.com/gptbot)"
141.98.80.111 - - [10/Feb/2026:20:15:29 -0500] "GET / HTTP/1.1" 500 720 "-" "what-vpn/0.7"
141.98.80.111 - - [10/Feb/2026:20:15:32 -0500] "GET /dana-na HTTP/1.1" 500 720 "-" "ncsrv"
141.98.80.111 - - [10/Feb/2026:20:15:36 -0500] "POST /remoteaccess/login HTTP/1.1" 500 720 "-" "what-vpn/0.7"
74.7.242.50 - - [10/Feb/2026:20:15:56 -0500] "GET /search.php?detail/03902753292167 HTTP/1.1" 500 720 "https://embajadores.clickboxgo.com/search.php?detail/0390033662263" "Mozilla/5.0 AppleWebKit/537.36 (KHTML, like Gecko; compatible; GPTBot/1.3; +https://openai.com/gptbot)"
74.7.242.50 - - [10/Feb/2026:20:17:00 -0500] "GET /search.php?detail/07903786357240 HTTP/1.1" 500 720 "https://embajadores.clickboxgo.com/search.php?detail/07904560127403" "Mozilla/5.0 AppleWebKit/537.36 (KHTML, like Gecko; compatible; GPTBot/1.3; +https://openai.com/gptbot)"
74.7.242.50 - - [10/Feb/2026:20:18:06 -0500] "GET /search.php?detail/04702156466894 HTTP/1.1" 500 720 "https://embajadores.clickboxgo.com/search.php?detail/0470129312884" "Mozilla/5.0 AppleWebKit/537.36 (KHTML, like Gecko; compatible; GPTBot/1.3; +https://openai.com/gptbot)"
74.7.242.50 - - [10/Feb/2026:20:19:06 -0500] "GET /search.php?detail/21700286092463 HTTP/1.1" 500 720 "https://embajadores.clickboxgo.com/search.php?detail/0060009454071" "Mozilla/5.0 AppleWebKit/537.36 (KHTML, like Gecko; compatible; GPTBot/1.3; +https://openai.com/gptbot)"
74.7.230.50 - - [10/Feb/2026:20:19:07 -0500] "GET /robots.txt HTTP/1.1" 500 720 "-" "Mozilla/5.0 (Macintosh; Intel Mac OS X 10_15_7) AppleWebKit/537.36 (KHTML, like Gecko) Chrome/131.0.0.0 Safari/537.36; compatible; OAI-SearchBot/1.3; robots.txt; +https://openai.com/searchbot"
74.7.242.50 - - [10/Feb/2026:20:20:08 -0500] "GET /search.php?detail/24200613934551 HTTP/1.1" 500 720 "https://embajadores.clickboxgo.com/search.php?detail/058008881230" "Mozilla/5.0 AppleWebKit/537.36 (KHTML, like Gecko; compatible; GPTBot/1.3; +https://openai.com/gptbot)"
74.7.242.50 - - [10/Feb/2026:20:21:10 -0500] "GET /search.php?detail/22600942596715 HTTP/1.1" 500 720 "https://embajadores.clickboxgo.com/search.php?detail/09800584420763" "Mozilla/5.0 AppleWebKit/537.36 (KHTML, like Gecko; compatible; GPTBot/1.3; +https://openai.com/gptbot)"
74.7.242.50 - - [10/Feb/2026:20:22:12 -0500] "GET /search.php?detail/14104967403357 HTTP/1.1" 500 720 "https://embajadores.clickboxgo.com/search.php?detail/0230322557570" "Mozilla/5.0 AppleWebKit/537.36 (KHTML, like Gecko; compatible; GPTBot/1.3; +https://openai.com/gptbot)"
74.7.242.50 - - [10/Feb/2026:20:23:18 -0500] "GET /search.php?detail/15103592783871 HTTP/1.1" 500 720 "https://embajadores.clickboxgo.com/search.php?detail/10002531430532" "Mozilla/5.0 AppleWebKit/537.36 (KHTML, like Gecko; compatible; GPTBot/1.3; +https://openai.com/gptbot)"
74.7.242.50 - - [10/Feb/2026:20:24:23 -0500] "GET /search.php?detail/17202550798610 HTTP/1.1" 500 720 "https://embajadores.clickboxgo.com/search.php?detail/172027920171" "Mozilla/5.0 AppleWebKit/537.36 (KHTML, like Gecko; compatible; GPTBot/1.3; +https://openai.com/gptbot)"
74.7.243.237 - - [10/Feb/2026:20:29:34 -0500] "GET /search.php?detail/25300297266179 HTTP/1.1" 500 720 "https://embajadores.clickboxgo.com/search.php?detail/24701028961996" "Mozilla/5.0 AppleWebKit/537.36 (KHTML, like Gecko; compatible; GPTBot/1.3; +https://openai.com/gptbot)"
74.7.243.237 - - [10/Feb/2026:20:30:36 -0500] "GET /search.php?detail/03704669711638 HTTP/1.1" 500 720 "https://embajadores.clickboxgo.com/search.php?detail/03700069289452" "Mozilla/5.0 AppleWebKit/537.36 (KHTML, like Gecko; compatible; GPTBot/1.3; +https://openai.com/gptbot)"
74.7.243.237 - - [10/Feb/2026:20:31:40 -0500] "GET /search.php?detail/27400413628471 HTTP/1.1" 500 720 "https://embajadores.clickboxgo.com/search.php?detail/274032444826" "Mozilla/5.0 AppleWebKit/537.36 (KHTML, like Gecko; compatible; GPTBot/1.3; +https://openai.com/gptbot)"
74.7.243.237 - - [10/Feb/2026:20:32:43 -0500] "GET /search.php?detail/25101682073566 HTTP/1.1" 500 720 "https://embajadores.clickboxgo.com/search.php?detail/2510489196193" "Mozilla/5.0 AppleWebKit/537.36 (KHTML, like Gecko; compatible; GPTBot/1.3; +https://openai.com/gptbot)"
74.7.243.237 - - [10/Feb/2026:20:33:49 -0500] "GET /search.php?detail/14500117626809 HTTP/1.1" 500 720 "https://embajadores.clickboxgo.com/search.php?detail/145001151615" "Mozilla/5.0 AppleWebKit/537.36 (KHTML, like Gecko; compatible; GPTBot/1.3; +https://openai.com/gptbot)"
74.7.243.237 - - [10/Feb/2026:20:34:54 -0500] "GET /search.php?detail/12901034538073 HTTP/1.1" 500 720 "https://embajadores.clickboxgo.com/search.php?detail/05801886623967" "Mozilla/5.0 AppleWebKit/537.36 (KHTML, like Gecko; compatible; GPTBot/1.3; +https://openai.com/gptbot)"
74.7.230.50 - - [10/Feb/2026:20:34:54 -0500] "GET /robots.txt HTTP/1.1" 500 720 "-" "Mozilla/5.0 (Macintosh; Intel Mac OS X 10_15_7) AppleWebKit/537.36 (KHTML, like Gecko) Chrome/131.0.0.0 Safari/537.36; compatible; OAI-SearchBot/1.3; robots.txt; +https://openai.com/searchbot"
74.7.243.237 - - [10/Feb/2026:20:35:59 -0500] "GET /search.php?detail/16700612924544 HTTP/1.1" 500 720 "https://embajadores.clickboxgo.com/search.php?detail/2320495564863" "Mozilla/5.0 AppleWebKit/537.36 (KHTML, like Gecko; compatible; GPTBot/1.3; +https://openai.com/gptbot)"
185.242.226.16 - - [10/Feb/2026:20:37:00 -0500] "GET / HTTP/1.0" 500 - "-" "-"
74.7.243.237 - - [10/Feb/2026:20:37:01 -0500] "GET /search.php?detail/01802783066971 HTTP/1.1" 500 720 "https://embajadores.clickboxgo.com/search.php?detail/111037496031" "Mozilla/5.0 AppleWebKit/537.36 (KHTML, like Gecko; compatible; GPTBot/1.3; +https://openai.com/gptbot)"
74.7.243.237 - - [10/Feb/2026:20:38:04 -0500] "GET /search.php?detail/27501703672931 HTTP/1.1" 500 720 "https://embajadores.clickboxgo.com/search.php?detail/0980413111848" "Mozilla/5.0 AppleWebKit/537.36 (KHTML, like Gecko; compatible; GPTBot/1.3; +https://openai.com/gptbot)"
74.7.243.237 - - [10/Feb/2026:20:39:07 -0500] "GET /search.php?detail/11701832146205 HTTP/1.1" 500 720 "https://embajadores.clickboxgo.com/search.php?jp/117038283.html" "Mozilla/5.0 AppleWebKit/537.36 (KHTML, like Gecko; compatible; GPTBot/1.3; +https://openai.com/gptbot)"
74.7.243.237 - - [10/Feb/2026:20:40:11 -0500] "GET /search.php?detail/23902157283598 HTTP/1.1" 500 720 "https://embajadores.clickboxgo.com/search.php?detail/1400435173796" "Mozilla/5.0 AppleWebKit/537.36 (KHTML, like Gecko; compatible; GPTBot/1.3; +https://openai.com/gptbot)"
74.7.230.50 - - [10/Feb/2026:20:40:11 -0500] "GET /robots.txt HTTP/1.1" 500 720 "-" "Mozilla/5.0 (Macintosh; Intel Mac OS X 10_15_7) AppleWebKit/537.36 (KHTML, like Gecko) Chrome/131.0.0.0 Safari/537.36; compatible; OAI-SearchBot/1.3; robots.txt; +https://openai.com/searchbot"
62.164.177.243 - - [10/Feb/2026:20:41:06 -0500] "GET /phpMyAdmin HTTP/1.1" 500 720 "-" "Mozilla/5.0 (Windows NT 10.0; Win64; x64) AppleWebKit/537.36 (KHTML, like Gecko) Chrome/140.0.0.0 Safari/537.36 Edg/140.0.3105.0"
62.164.177.243 - - [10/Feb/2026:20:41:06 -0500] "GET /phpmyadmin HTTP/1.1" 500 720 "-" "Mozilla/5.0 (Macintosh; Intel Mac OS X 14_6) AppleWebKit/605.1.15 (KHTML, like Gecko) Version/18.0 Safari/605.1.15"
74.7.243.237 - - [10/Feb/2026:20:41:13 -0500] "GET /search.php?detail/03201884961630 HTTP/1.1" 500 720 "https://embajadores.clickboxgo.com/search.php?detail/0470018974404" "Mozilla/5.0 AppleWebKit/537.36 (KHTML, like Gecko; compatible; GPTBot/1.3; +https://openai.com/gptbot)"
74.7.243.237 - - [10/Feb/2026:20:42:16 -0500] "GET /search.php?detail/06501466721528 HTTP/1.1" 500 720 "https://embajadores.clickboxgo.com/search.php?detail/06501466938768" "Mozilla/5.0 AppleWebKit/537.36 (KHTML, like Gecko; compatible; GPTBot/1.3; +https://openai.com/gptbot)"
74.7.243.237 - - [10/Feb/2026:20:43:19 -0500] "GET /search.php?detail/14704927488515 HTTP/1.1" 500 720 "https://embajadores.clickboxgo.com/search.php?detail/18602428398439" "Mozilla/5.0 AppleWebKit/537.36 (KHTML, like Gecko; compatible; GPTBot/1.3; +https://openai.com/gptbot)"
74.7.243.237 - - [10/Feb/2026:20:44:22 -0500] "GET /search.php?detail/01402764517850 HTTP/1.1" 500 720 "https://embajadores.clickboxgo.com/search.php?detail/0140219102414" "Mozilla/5.0 AppleWebKit/537.36 (KHTML, like Gecko; compatible; GPTBot/1.3; +https://openai.com/gptbot)"
74.7.243.237 - - [10/Feb/2026:20:45:26 -0500] "GET /search.php?detail/11002336540649 HTTP/1.1" 500 720 "https://embajadores.clickboxgo.com/search.php?detail/135041893012" "Mozilla/5.0 AppleWebKit/537.36 (KHTML, like Gecko; compatible; GPTBot/1.3; +https://openai.com/gptbot)"
74.7.230.50 - - [10/Feb/2026:20:45:27 -0500] "GET /robots.txt HTTP/1.1" 500 720 "-" "Mozilla/5.0 (Macintosh; Intel Mac OS X 10_15_7) AppleWebKit/537.36 (KHTML, like Gecko) Chrome/131.0.0.0 Safari/537.36; compatible; OAI-SearchBot/1.3; robots.txt; +https://openai.com/searchbot"
