LittleDemon WebShell


Linux server.clickboxgo.com 3.10.0 #1 SMP Mon Sep 30 15:36:27 MSK 2024 x86_64
Path : /home/clickboxgo/access-logs/
File Upload :
Command :
Current File : /home/clickboxgo/access-logs/fuera.clickboxgo.com

45.227.253.15 - - [10/Feb/2026:07:15:04 -0500] "GET /?of=1 HTTP/1.1" 500 714 "-" "Mozilla/5.0 (iPad; U; CPU OS 4_2_1 like Mac OS X; ja) AppleWebKit/533.17.9 (KHTML, like Gecko) Version/5.0.2 Mobile/8C148 Safari/6533.18.5"
45.227.253.15 - - [10/Feb/2026:07:15:06 -0500] "GET /559328-juejiang/?ARRAY=7o2230223n313737303732393631332p2231223n22687474703n5p2s5p2s68776234357630362r7374796p696r652r686169725p2s3s6p633q7368616s5s62696r675s72757n687526743q313737303732363031332q6538386537613163326239343936626461653936353033323734393535346235222p2232223n226138396461653834356330303433353232653737306138636639663931383838222p2233223n223032623832383666613964616438643064623861303630393930663139393437222p2262696r675s70617373223n2232382q33392q35312q36352q37322q38342q3838227q HTTP/1.1" 500 714 "-" "Mozilla/5.0 (compatible; Googlebot/2.1; +http://www.google.com/bot.html)"
192.159.99.169 - - [10/Feb/2026:07:16:22 -0500] "GET / HTTP/1.1" 500 714 "-" "-"
45.227.253.15 - - [10/Feb/2026:07:32:22 -0500] "GET /index.php/jk HTTP/1.1" 500 714 "-" "Mozilla/5.0 (iPhone; CPU iPhone OS 12_4 like Mac OS X) AppleWebKit/605.1.15 (KHTML, like Gecko) Version/12.4.2 Mobile/15E148 Safari/604.1"
74.7.241.187 - - [10/Feb/2026:07:37:10 -0500] "GET /robots.txt HTTP/1.1" 500 714 "-" "Mozilla/5.0 (Macintosh; Intel Mac OS X 10_15_7) AppleWebKit/537.36 (KHTML, like Gecko) Chrome/131.0.0.0 Safari/537.36; compatible; OAI-SearchBot/1.3; robots.txt; +https://openai.com/searchbot"
74.7.243.233 - - [10/Feb/2026:07:47:40 -0500] "GET /search.php?detail/10302821129802 HTTP/1.1" 500 714 "http://fuera.clickboxgo.com/search.php?detail/103043153230" "Mozilla/5.0 AppleWebKit/537.36 (KHTML, like Gecko; compatible; GPTBot/1.3; +https://openai.com/gptbot)"
167.94.138.126 - - [10/Feb/2026:08:37:45 -0500] "GET / HTTP/1.1" 500 714 "-" "Mozilla/5.0 (compatible; CensysInspect/1.1; +https://about.censys.io/)"
74.7.241.187 - - [10/Feb/2026:08:56:23 -0500] "GET /robots.txt HTTP/1.1" 500 714 "-" "Mozilla/5.0 (Macintosh; Intel Mac OS X 10_15_7) AppleWebKit/537.36 (KHTML, like Gecko) Chrome/131.0.0.0 Safari/537.36; compatible; OAI-SearchBot/1.3; robots.txt; +https://openai.com/searchbot"
74.7.243.233 - - [10/Feb/2026:09:06:54 -0500] "GET /search.php?detail/10403771557010 HTTP/1.1" 500 714 "http://fuera.clickboxgo.com/search.php?detail/104037719358" "Mozilla/5.0 AppleWebKit/537.36 (KHTML, like Gecko; compatible; GPTBot/1.3; +https://openai.com/gptbot)"
101.99.88.90 - - [10/Feb/2026:09:45:21 -0500] "GET / HTTP/1.1" 500 714 "-" "Mozilla/5.0 (compatible; Googlebot/2.1; +http://www.google.com/bot.html)"
101.99.88.90 - - [10/Feb/2026:09:45:22 -0500] "GET /wp-content/js04d8d9/index.php HTTP/1.1" 500 714 "-" "-"
35.225.138.222 - - [10/Feb/2026:10:23:38 -0500] "GET / HTTP/1.1" 500 714 "-" "Mozilla/5.0 (compatible; CMS-Checker/1.0; +https://example.com)"
101.99.88.90 - - [10/Feb/2026:11:19:32 -0500] "GET / HTTP/1.1" 500 714 "-" "Mozilla/5.0 (compatible; Googlebot/2.1; +http://www.google.com/bot.html)"
101.99.88.90 - - [10/Feb/2026:11:19:33 -0500] "GET /wp-content/js04d8d9/index.php HTTP/1.1" 500 714 "-" "-"
74.7.243.233 - - [10/Feb/2026:12:17:59 -0500] "GET /search.php?detail/15901570088905 HTTP/1.1" 500 714 "http://fuera.clickboxgo.com/search.php?detail/15901866287107" "Mozilla/5.0 AppleWebKit/537.36 (KHTML, like Gecko; compatible; GPTBot/1.3; +https://openai.com/gptbot)"
74.7.243.233 - - [10/Feb/2026:12:22:16 -0500] "GET /search.php?detail/03900750731153 HTTP/1.1" 500 714 "http://fuera.clickboxgo.com/search.php?detail/03900111880228" "Mozilla/5.0 AppleWebKit/537.36 (KHTML, like Gecko; compatible; GPTBot/1.3; +https://openai.com/gptbot)"
74.7.227.33 - - [10/Feb/2026:14:28:46 -0500] "GET /search.php?goods/278013381] HTTP/1.1" 500 714 "http://fuera.clickboxgo.com/search.php?detail/244003719663" "Mozilla/5.0 AppleWebKit/537.36 (KHTML, like Gecko; compatible; GPTBot/1.3; +https://openai.com/gptbot)"
74.7.227.134 - - [10/Feb/2026:14:36:02 -0500] "GET /search.php?goods/190039622] HTTP/1.1" 500 714 "http://fuera.clickboxgo.com/search.php?detail/244020957768" "Mozilla/5.0 AppleWebKit/537.36 (KHTML, like Gecko; compatible; GPTBot/1.3; +https://openai.com/gptbot)"
74.7.227.160 - - [10/Feb/2026:15:17:00 -0500] "GET /search.php?goods/283039394] HTTP/1.1" 500 714 "http://fuera.clickboxgo.com/search.php?detail/04704898468135" "Mozilla/5.0 AppleWebKit/537.36 (KHTML, like Gecko; compatible; GPTBot/1.3; +https://openai.com/gptbot)"
74.7.227.160 - - [10/Feb/2026:15:18:03 -0500] "GET /search.php?goods/225044857] HTTP/1.1" 500 714 "http://fuera.clickboxgo.com/search.php?detail/17403302410975" "Mozilla/5.0 AppleWebKit/537.36 (KHTML, like Gecko; compatible; GPTBot/1.3; +https://openai.com/gptbot)"
74.7.242.34 - - [10/Feb/2026:17:15:45 -0500] "GET /search.php?goods/063035089] HTTP/1.1" 500 714 "http://fuera.clickboxgo.com/search.php?detail/258034353475" "Mozilla/5.0 AppleWebKit/537.36 (KHTML, like Gecko; compatible; GPTBot/1.3; +https://openai.com/gptbot)"
74.7.242.34 - - [10/Feb/2026:17:23:08 -0500] "GET /search.php?goods/014026156] HTTP/1.1" 500 714 "http://fuera.clickboxgo.com/search.php?detail/101049295834" "Mozilla/5.0 AppleWebKit/537.36 (KHTML, like Gecko; compatible; GPTBot/1.3; +https://openai.com/gptbot)"
74.7.244.43 - - [10/Feb/2026:17:51:58 -0500] "GET /robots.txt HTTP/1.1" 404 - "-" "Mozilla/5.0 (Macintosh; Intel Mac OS X 10_15_7) AppleWebKit/537.36 (KHTML, like Gecko) Chrome/131.0.0.0 Safari/537.36; compatible; OAI-SearchBot/1.3; robots.txt; +https://openai.com/searchbot"
74.7.244.43 - - [10/Feb/2026:17:59:25 -0500] "GET /robots.txt HTTP/1.1" 404 - "-" "Mozilla/5.0 (Macintosh; Intel Mac OS X 10_15_7) AppleWebKit/537.36 (KHTML, like Gecko) Chrome/131.0.0.0 Safari/537.36; compatible; OAI-SearchBot/1.3; robots.txt; +https://openai.com/searchbot"
74.7.242.34 - - [10/Feb/2026:18:02:33 -0500] "GET /search.php?jp/295030176.html HTTP/1.1" 404 - "http://fuera.clickboxgo.com/search.php?detail/2950301768174" "Mozilla/5.0 AppleWebKit/537.36 (KHTML, like Gecko; compatible; GPTBot/1.3; +https://openai.com/gptbot)"
74.7.242.34 - - [10/Feb/2026:18:09:59 -0500] "GET /search.php?jp/120036574.html HTTP/1.1" 404 - "http://fuera.clickboxgo.com/search.php?detail/1200026915909" "Mozilla/5.0 AppleWebKit/537.36 (KHTML, like Gecko; compatible; GPTBot/1.3; +https://openai.com/gptbot)"
74.7.244.43 - - [10/Feb/2026:18:19:32 -0500] "GET /robots.txt HTTP/1.1" 404 - "-" "Mozilla/5.0 (Macintosh; Intel Mac OS X 10_15_7) AppleWebKit/537.36 (KHTML, like Gecko) Chrome/131.0.0.0 Safari/537.36; compatible; OAI-SearchBot/1.3; robots.txt; +https://openai.com/searchbot"
74.7.242.34 - - [10/Feb/2026:18:30:13 -0500] "GET /search.php?jp/182045176.html HTTP/1.1" 404 - "http://fuera.clickboxgo.com/search.php?detail/28000527316442" "Mozilla/5.0 AppleWebKit/537.36 (KHTML, like Gecko; compatible; GPTBot/1.3; +https://openai.com/gptbot)"
101.99.88.90 - - [10/Feb/2026:18:33:21 -0500] "GET / HTTP/1.1" 404 - "-" "Mozilla/5.0 (compatible; Googlebot/2.1; +http://www.google.com/bot.html)"
101.99.88.90 - - [10/Feb/2026:18:33:24 -0500] "GET /wp-content/js04d8d9/index.php HTTP/1.1" 404 - "-" "-"
74.7.244.43 - - [10/Feb/2026:19:44:33 -0500] "GET /robots.txt HTTP/1.1" 404 - "-" "Mozilla/5.0 (Macintosh; Intel Mac OS X 10_15_7) AppleWebKit/537.36 (KHTML, like Gecko) Chrome/131.0.0.0 Safari/537.36; compatible; OAI-SearchBot/1.3; robots.txt; +https://openai.com/searchbot"
74.7.243.251 - - [10/Feb/2026:19:55:04 -0500] "GET /search.php?detail/025027169042 HTTP/1.1" 404 - "http://fuera.clickboxgo.com/search.php?detail/02501935879780" "Mozilla/5.0 AppleWebKit/537.36 (KHTML, like Gecko; compatible; GPTBot/1.3; +https://openai.com/gptbot)"
45.227.253.15 - - [10/Feb/2026:20:23:55 -0500] "GET /index.php/jk HTTP/1.1" 500 714 "-" "Mozilla/5.0 (Linux; Android 10; Z832 Build/MMB29M) AppleWebKit/537.36 (KHTML, like Gecko) Chrome/85.0.4183.83 Mobile Safari/537.36"
101.99.88.90 - - [10/Feb/2026:21:18:22 -0500] "GET / HTTP/1.1" 500 714 "-" "Mozilla/5.0 (compatible; Googlebot/2.1; +http://www.google.com/bot.html)"
101.99.88.90 - - [10/Feb/2026:21:18:22 -0500] "GET /wp-content/js04d8d9/index.php HTTP/1.1" 500 714 "-" "-"
74.7.241.161 - - [10/Feb/2026:21:43:00 -0500] "GET /robots.txt HTTP/1.1" 500 714 "-" "Mozilla/5.0 (Macintosh; Intel Mac OS X 10_15_7) AppleWebKit/537.36 (KHTML, like Gecko) Chrome/131.0.0.0 Safari/537.36; compatible; OAI-SearchBot/1.3; robots.txt; +https://openai.com/searchbot"
74.7.227.134 - - [10/Feb/2026:21:53:33 -0500] "GET /search.php?detail/237037953746 HTTP/1.1" 500 714 "http://fuera.clickboxgo.com/search.php?goods/008034037]" "Mozilla/5.0 AppleWebKit/537.36 (KHTML, like Gecko; compatible; GPTBot/1.3; +https://openai.com/gptbot)"
101.99.88.90 - - [10/Feb/2026:22:24:28 -0500] "GET / HTTP/1.1" 500 714 "-" "Mozilla/5.0 (compatible; Googlebot/2.1; +http://www.google.com/bot.html)"
101.99.88.90 - - [10/Feb/2026:22:24:28 -0500] "GET /wp-content/js04d8d9/index.php HTTP/1.1" 500 714 "-" "-"
74.7.241.161 - - [10/Feb/2026:22:42:00 -0500] "GET /robots.txt HTTP/1.1" 500 714 "-" "Mozilla/5.0 (Macintosh; Intel Mac OS X 10_15_7) AppleWebKit/537.36 (KHTML, like Gecko) Chrome/131.0.0.0 Safari/537.36; compatible; OAI-SearchBot/1.3; robots.txt; +https://openai.com/searchbot"
74.7.227.134 - - [10/Feb/2026:22:52:33 -0500] "GET /search.php?detail/2750315883694 HTTP/1.1" 500 714 "http://fuera.clickboxgo.com/search.php?detail/24903943621027" "Mozilla/5.0 AppleWebKit/537.36 (KHTML, like Gecko; compatible; GPTBot/1.3; +https://openai.com/gptbot)"
101.99.88.90 - - [10/Feb/2026:23:05:40 -0500] "GET / HTTP/1.1" 500 714 "-" "Mozilla/5.0 (compatible; Googlebot/2.1; +http://www.google.com/bot.html)"
101.99.88.90 - - [10/Feb/2026:23:05:40 -0500] "GET /wp-content/js04d8d9/index.php HTTP/1.1" 500 714 "-" "-"
74.7.241.161 - - [10/Feb/2026:23:53:34 -0500] "GET /robots.txt HTTP/1.1" 500 714 "-" "Mozilla/5.0 (Macintosh; Intel Mac OS X 10_15_7) AppleWebKit/537.36 (KHTML, like Gecko) Chrome/131.0.0.0 Safari/537.36; compatible; OAI-SearchBot/1.3; robots.txt; +https://openai.com/searchbot"
74.7.227.134 - - [11/Feb/2026:00:04:08 -0500] "GET /search.php?detail/0130495256587 HTTP/1.1" 500 714 "http://fuera.clickboxgo.com/search.php?detail/013042146413" "Mozilla/5.0 AppleWebKit/537.36 (KHTML, like Gecko; compatible; GPTBot/1.3; +https://openai.com/gptbot)"
45.227.253.15 - - [11/Feb/2026:00:18:38 -0500] "GET /index.php/jk HTTP/1.1" 500 714 "-" "Mozilla/5.0 (Windows NT 10.0; Win64; x64; rv:80.0) Gecko/20100101 Firefox/80.0"
45.227.253.15 - - [11/Feb/2026:01:35:23 -0500] "GET /?of=1 HTTP/1.1" 500 714 "-" "Mozilla/5.0 (Windows NT 10.0; Win64; x64) AppleWebKit/537.36 (KHTML, like Gecko) Chrome/76.0.3800 Safari/537.36 Edg/76.0.140.6"
45.227.253.15 - - [11/Feb/2026:01:35:25 -0500] "GET /559328-juejiang/?ARRAY=7o2230223n313737303739353633322p2231223n22687474703n5p2s5p2s68776234357630362r7374796p696r652r686169725p2s3s6p633q7368616s5s62696r675s72757n687526743q313737303739323033322q6130313866346238366136643065396332356135326362336138323665613430222p2232223n226138396461653834356330303433353232653737306138636639663931383838222p2233223n223032623832383666613964616438643064623861303630393930663139393437222p2262696r675s70617373223n2232382q33392q35312q36352q37322q38342q3838227q HTTP/1.1" 500 714 "-" "Mozilla/5.0 (compatible; Googlebot/2.1; +http://www.google.com/bot.html)"
74.7.241.161 - - [11/Feb/2026:01:40:40 -0500] "GET /robots.txt HTTP/1.1" 500 714 "-" "Mozilla/5.0 (Macintosh; Intel Mac OS X 10_15_7) AppleWebKit/537.36 (KHTML, like Gecko) Chrome/131.0.0.0 Safari/537.36; compatible; OAI-SearchBot/1.3; robots.txt; +https://openai.com/searchbot"
74.7.227.134 - - [11/Feb/2026:01:51:15 -0500] "GET /search.php?detail/0470358019263 HTTP/1.1" 500 714 "http://fuera.clickboxgo.com/search.php?detail/03403426375890" "Mozilla/5.0 AppleWebKit/537.36 (KHTML, like Gecko; compatible; GPTBot/1.3; +https://openai.com/gptbot)"
74.7.227.134 - - [11/Feb/2026:01:54:28 -0500] "GET /search.php?detail/1380192315674 HTTP/1.1" 500 714 "http://fuera.clickboxgo.com/search.php?detail/24504075362699" "Mozilla/5.0 AppleWebKit/537.36 (KHTML, like Gecko; compatible; GPTBot/1.3; +https://openai.com/gptbot)"
204.12.208.18 - - [11/Feb/2026:02:20:31 -0500] "GET /wp-content/js04d8d9/index.php HTTP/1.1" 500 714 "http://fuera.clickboxgo.com/wp-content/js04d8d9/index.php" "Mozilla/5.0 (Windows NT 6.1; WOW64) AppleWebKit/535.1 (KHTML, like Gecko) Chrome/14.0.835.202 Safari/535.1"
204.12.208.18 - - [11/Feb/2026:02:20:32 -0500] "GET /wp-content/js04d8d9/index.php HTTP/1.1" 500 714 "http://fuera.clickboxgo.com/wp-content/js04d8d9/index.php" "Mozilla/5.0 (Windows NT 5.1) AppleWebKit/535.2 (KHTML, like Gecko) Chrome/15.0.874.120 Safari/535.2"
204.12.208.18 - - [11/Feb/2026:02:20:32 -0500] "GET /wp-content/js04d8d9/index.php HTTP/1.1" 500 714 "http://fuera.clickboxgo.com/wp-content/js04d8d9/index.php" "Mozilla/5.0 (X11; Linux i686) AppleWebKit/535.2 (KHTML, like Gecko) Ubuntu/10.04 Chromium/15.0.874.106 Chrome/15.0.874.106 Safari/535.2"
74.7.241.161 - - [11/Feb/2026:02:53:48 -0500] "GET /robots.txt HTTP/1.1" 500 714 "-" "Mozilla/5.0 (Macintosh; Intel Mac OS X 10_15_7) AppleWebKit/537.36 (KHTML, like Gecko) Chrome/131.0.0.0 Safari/537.36; compatible; OAI-SearchBot/1.3; robots.txt; +https://openai.com/searchbot"
101.99.88.90 - - [11/Feb/2026:03:00:48 -0500] "GET / HTTP/1.1" 500 714 "-" "Mozilla/5.0 (compatible; Googlebot/2.1; +http://www.google.com/bot.html)"
101.99.88.90 - - [11/Feb/2026:03:00:49 -0500] "GET /wp-content/js04d8d9/index.php HTTP/1.1" 500 714 "-" "-"
74.7.227.134 - - [11/Feb/2026:03:04:11 -0500] "GET /search.php?detail/0570468081293 HTTP/1.1" 500 714 "http://fuera.clickboxgo.com/search.php?detail/05703134823064" "Mozilla/5.0 AppleWebKit/537.36 (KHTML, like Gecko; compatible; GPTBot/1.3; +https://openai.com/gptbot)"
74.7.241.161 - - [11/Feb/2026:03:13:44 -0500] "GET /robots.txt HTTP/1.1" 500 714 "-" "Mozilla/5.0 (Macintosh; Intel Mac OS X 10_15_7) AppleWebKit/537.36 (KHTML, like Gecko) Chrome/131.0.0.0 Safari/537.36; compatible; OAI-SearchBot/1.3; robots.txt; +https://openai.com/searchbot"
74.7.227.134 - - [11/Feb/2026:03:24:11 -0500] "GET /search.php?detail/2600375841983 HTTP/1.1" 500 714 "http://fuera.clickboxgo.com/search.php?detail/0380073334360" "Mozilla/5.0 AppleWebKit/537.36 (KHTML, like Gecko; compatible; GPTBot/1.3; +https://openai.com/gptbot)"
101.99.88.90 - - [11/Feb/2026:03:32:59 -0500] "GET / HTTP/1.1" 500 714 "-" "Mozilla/5.0 (compatible; Googlebot/2.1; +http://www.google.com/bot.html)"
101.99.88.90 - - [11/Feb/2026:03:33:00 -0500] "GET /wp-content/js04d8d9/index.php HTTP/1.1" 500 714 "-" "-"
45.227.253.15 - - [11/Feb/2026:04:37:44 -0500] "GET /index.php/jk HTTP/1.1" 500 714 "-" "Mozilla/5.0 (iPad; U; CPU OS 4_2_1 like Mac OS X; ja) AppleWebKit/533.17.9 (KHTML, like Gecko) Version/5.0.2 Mobile/8C148 Safari/6533.18.5"
74.7.241.161 - - [11/Feb/2026:04:46:01 -0500] "GET /robots.txt HTTP/1.1" 500 714 "-" "Mozilla/5.0 (Macintosh; Intel Mac OS X 10_15_7) AppleWebKit/537.36 (KHTML, like Gecko) Chrome/131.0.0.0 Safari/537.36; compatible; OAI-SearchBot/1.3; robots.txt; +https://openai.com/searchbot"
74.7.227.134 - - [11/Feb/2026:04:56:31 -0500] "GET /search.php?detail/15102277715153 HTTP/1.1" 500 714 "http://fuera.clickboxgo.com/search.php?detail/13302169370841" "Mozilla/5.0 AppleWebKit/537.36 (KHTML, like Gecko; compatible; GPTBot/1.3; +https://openai.com/gptbot)"
101.99.88.90 - - [11/Feb/2026:05:07:21 -0500] "GET / HTTP/1.1" 500 714 "-" "Mozilla/5.0 (compatible; Googlebot/2.1; +http://www.google.com/bot.html)"
101.99.88.90 - - [11/Feb/2026:05:07:22 -0500] "GET /wp-content/js04d8d9/index.php HTTP/1.1" 500 714 "-" "-"

LittleDemon - FACEBOOK
[ KELUAR ]